68.67.112.30 - - [15/Sep/2026:13:17:16 +0000] "GET /wp-includes/js/comment-reply.min.js?ver=6.9.6 HTTP/2" 200 1247 "https://transitmeftah.com/2026/08/27/cekici-frsatlar-sunan-casibom-ile-kazanma/" "Mozilla/5.0 AppleWebKit/537.36 (KHTML, like Gecko; compatible; YouBot/1.0; +https://docs.you.com/youbot; env:prod) Chrome/142.0.0.0 Safari/537.36"
68.67.112.30 - - [15/Sep/2026:13:17:16 +0000] "GET /2026/08/27/cekici-frsatlar-sunan-casibom-ile-kazanma/ HTTP/2" 200 10895 "-" "Mozilla/5.0 AppleWebKit/537.36 (KHTML, like Gecko; compatible; YouBot/1.0; +https://docs.you.com/youbot; env:prod) Chrome/142.0.0.0 Safari/537.36"
209.50.175.24 - - [15/Sep/2026:13:17:16 +0000] "GET /xmlrpc.php HTTP/2" 200 471 "-" "Mozilla/5.0 (Windows NT 10.0; Win64; x64; rv:133.0) Gecko/20100101 Firefox/133.0"
68.67.112.30 - - [15/Sep/2026:13:17:17 +0000] "GET /wp-includes/js/wp-emoji-release.min.js?ver=6.9.6 HTTP/3" 200 4949 "https://transitmeftah.com/2026/08/27/cekici-frsatlar-sunan-casibom-ile-kazanma/" "Mozilla/5.0 AppleWebKit/537.36 (KHTML, like Gecko; compatible; YouBot/1.0; +https://docs.you.com/youbot; env:prod) Chrome/142.0.0.0 Safari/537.36"
209.50.180.198 - - [15/Sep/2026:13:17:17 +0000] "GET /wp-login.php?wp_lang=en_US HTTP/2" 200 2535 "-" "Mozilla/5.0 (Windows NT 10.0; Win64; x64; rv:133.0) Gecko/20100101 Firefox/133.0"
209.50.179.142 - - [15/Sep/2026:13:17:19 +0000] "GET /wp-login.php?wp_lang=en_US HTTP/2" 200 2535 "-" "Mozilla/5.0 (Windows NT 10.0; Win64; x64) AppleWebKit/537.36 (KHTML, like Gecko) Chrome/124.0.0.0 Safari/537.36"
45.148.10.9 - - [15/Sep/2026:13:17:22 +0000] "POST /?rest_route=/batch/v1 HTTP/1.1" 401 53 "-" "Mozilla/5.0 (Windows NT 10.0; Win64; x64) AppleWebKit/537.36 (KHTML, like Gecko) Chrome/120.0.0.0 Safari/537.36"
45.148.10.9 - - [15/Sep/2026:13:17:24 +0000] "POST /?rest_route=/batch/v1 HTTP/1.1" 200 12458 "-" "Mozilla/5.0 (Windows NT 10.0; Win64; x64) AppleWebKit/537.36 (KHTML, like Gecko) Chrome/120.0.0.0 Safari/537.36"
45.148.10.9 - - [15/Sep/2026:13:17:26 +0000] "POST /index.php?rest_route=/batch/v1 HTTP/1.1" 200 12461 "-" "Mozilla/5.0 (Windows NT 10.0; Win64; x64) AppleWebKit/537.36 (KHTML, like Gecko) Chrome/120.0.0.0 Safari/537.36"
45.148.10.9 - - [15/Sep/2026:13:17:26 +0000] "POST /index.php?rest_route=%2Fbatch%2Fv1 HTTP/1.1" 200 12465 "-" "Mozilla/5.0 (Windows NT 10.0; Win64; x64) AppleWebKit/537.36 (KHTML, like Gecko) Chrome/120.0.0.0 Safari/537.36"
45.148.10.9 - - [15/Sep/2026:13:17:28 +0000] "GET /wp-json/ HTTP/1.1" 400 52 "-" "Mozilla/5.0 (Windows NT 10.0; Win64; x64) AppleWebKit/537.36 (KHTML, like Gecko) Chrome/120.0.0.0 Safari/537.36"
45.148.10.9 - - [15/Sep/2026:13:17:29 +0000] "POST /index.php?rest_route=/batch/v1 HTTP/1.1" 403 5015 "-" "Mozilla/5.0 (Windows NT 10.0; Win64; x64) AppleWebKit/537.36 (KHTML, like Gecko) Chrome/120.0.0.0 Safari/537.36"
74.7.242.48 - - [15/Sep/2026:13:17:30 +0000] "GET /2026/09/03/mastering-the-art-of-casino-wins-in-dragon-quest-viii-and-xi/?file=/etc/cpupdate.conf.cp52965.bak HTTP/2" 429 0 "https://transitmeftah.com/2026/09/03/mastering-the-art-of-casino-wins-in-dragon-quest-viii-and-xi/?file=/etc" "Mozilla/5.0 AppleWebKit/537.36 (KHTML, like Gecko; compatible; GPTBot/1.4; +https://openai.com/gptbot)"
45.148.10.9 - - [15/Sep/2026:13:17:30 +0000] "POST /?rest_route=%2Fbatch%2Fv1 HTTP/1.1" 200 12460 "-" "Mozilla/5.0 (Windows NT 10.0; Win64; x64) AppleWebKit/537.36 (KHTML, like Gecko) Chrome/120.0.0.0 Safari/537.36"
45.148.10.9 - - [15/Sep/2026:13:17:32 +0000] "POST /index.php?rest_route=%2Fbatch%2Fv1 HTTP/1.1" 403 5015 "-" "Mozilla/5.0 (Windows NT 10.0; Win64; x64) AppleWebKit/537.36 (KHTML, like Gecko) Chrome/120.0.0.0 Safari/537.36"
45.148.10.9 - - [15/Sep/2026:13:17:28 +0000] "GET /wp-json/ HTTP/1.1" 200 23982 "-" "Mozilla/5.0 (Windows NT 10.0; Win64; x64) AppleWebKit/537.36 (KHTML, like Gecko) Chrome/120.0.0.0 Safari/537.36"
45.148.10.9 - - [15/Sep/2026:13:17:33 +0000] "POST /?rest_route=%2Fbatch%2Fv1 HTTP/1.1" 403 5015 "-" "Mozilla/5.0 (Windows NT 10.0; Win64; x64) AppleWebKit/537.36 (KHTML, like Gecko) Chrome/120.0.0.0 Safari/537.36"
74.7.241.11 - - [15/Sep/2026:13:17:16 +0000] "GET /?file=/tmp/revisium_csvfile_17752232222327064.csv.tmp HTTP/2" 200 13100 "https://mail.transitmeftah.com/?file=/tmp" "Mozilla/5.0 AppleWebKit/537.36 (KHTML, like Gecko; compatible; GPTBot/1.4; +https://openai.com/gptbot)"
195.26.251.28 - - [15/Sep/2026:13:17:16 +0000] "POST /wp-cron.php?doing_wp_cron=1789478236.8798971176147460937500 HTTP/1.1" 200 0 "-" "WordPress/6.9.6; https://transitmeftah.com"
17.166.22.12 - - [15/Sep/2026:13:17:19 +0000] "GET /wp-includes/js/wp-emoji-release.min.js?ver=6.9.6 HTTP/2" 200 4949 "https://transitmeftah.com/2026/08/23/detachment-moments-are-very-punctual-while-using-the-cryptocurrencies-with-deals-processed-very-quickly/?file=/home/transitmeftah/public_html/wp-content/themes/twentytwentyfive/patterns/testimonials-2-col.php" "Mozilla/5.0 (Macintosh; Intel Mac OS X 10_15_7) AppleWebKit/605.1.15 (KHTML, like Gecko) Version/17.4 Safari/605.1.15 (Applebot/0.1; +http://www.apple.com/go/applebot)"
45.148.10.9 - - [15/Sep/2026:13:17:22 +0000] "POST /?rest_route=/batch/v1 HTTP/1.1" 200 12459 "-" "Mozilla/5.0 (Windows NT 10.0; Win64; x64) AppleWebKit/537.36 (KHTML, like Gecko) Chrome/120.0.0.0 Safari/537.36"
45.148.10.9 - - [15/Sep/2026:13:17:22 +0000] "POST /?rest_route=/batch/v1 HTTP/1.1" 401 53 "-" "Mozilla/5.0 (Windows NT 10.0; Win64; x64) AppleWebKit/537.36 (KHTML, like Gecko) Chrome/120.0.0.0 Safari/537.36"
45.148.10.9 - - [15/Sep/2026:13:17:27 +0000] "GET /wp-json/ HTTP/1.1" 401 53 "-" "Mozilla/5.0 (Windows NT 10.0; Win64; x64) AppleWebKit/537.36 (KHTML, like Gecko) Chrome/120.0.0.0 Safari/537.36"
45.148.10.9 - - [15/Sep/2026:13:17:28 +0000] "POST /index.php?rest_route=/batch/v1 HTTP/1.1" 401 53 "-" "Mozilla/5.0 (Windows NT 10.0; Win64; x64) AppleWebKit/537.36 (KHTML, like Gecko) Chrome/120.0.0.0 Safari/537.36"
45.148.10.9 - - [15/Sep/2026:13:17:30 +0000] "POST /index.php?rest_route=%2Fbatch%2Fv1 HTTP/1.1" 401 53 "-" "Mozilla/5.0 (Windows NT 10.0; Win64; x64) AppleWebKit/537.36 (KHTML, like Gecko) Chrome/120.0.0.0 Safari/537.36"
45.148.10.9 - - [15/Sep/2026:13:17:32 +0000] "POST /?rest_route=%2Fbatch%2Fv1 HTTP/1.1" 401 53 "-" "Mozilla/5.0 (Windows NT 10.0; Win64; x64) AppleWebKit/537.36 (KHTML, like Gecko) Chrome/120.0.0.0 Safari/537.36"
45.148.10.9 - - [15/Sep/2026:13:17:34 +0000] "POST /?rest_route=/batch%2Fv1 HTTP/1.1" 401 53 "-" "Mozilla/5.0 (Windows NT 10.0; Win64; x64) AppleWebKit/537.36 (KHTML, like Gecko) Chrome/120.0.0.0 Safari/537.36"
74.7.241.11 - - [15/Sep/2026:13:17:32 +0000] "GET /?file=/tmp/revisium_csvfile_17752999040761190.csv.tmp HTTP/2" 200 13100 "https://mail.transitmeftah.com/?file=/tmp" "Mozilla/5.0 AppleWebKit/537.36 (KHTML, like Gecko; compatible; GPTBot/1.4; +https://openai.com/gptbot)"
172.58.52.195 - - [15/Sep/2026:13:17:33 +0000] "GET /2026/08/22/or-even-make-use-of-your-sweeps-coins-within-two-months-they-end-immediately/?file=%2Fhome%2Ftransitmeftah%2Fpublic_html%2Fwp-content%2Fmu-plugins%2Fwp-compat-layer.php HTTP/1.1" 200 8402 "-" "Mozilla/5.0 (Macintosh; Intel Mac OS X 10_15_7) AppleWebKit/537.36 (KHTML, like Gecko) Chrome/131.0.0.0 Safari/537.36"
45.148.10.9 - - [15/Sep/2026:13:17:36 +0000] "POST /?rest_route=/batch/v1 HTTP/1.1" 401 53 "-" "Mozilla/5.0 (Windows NT 10.0; Win64; x64) AppleWebKit/537.36 (KHTML, like Gecko) Chrome/120.0.0.0 Safari/537.36"
209.50.184.204 - - [15/Sep/2026:13:17:19 +0000] "POST /xmlrpc.php HTTP/2" 200 0 "-" "Mozilla/5.0 (Windows NT 10.0; Win64; x64) AppleWebKit/537.36 (KHTML, like Gecko) Chrome/124.0.0.0 Safari/537.36"
45.148.10.9 - - [15/Sep/2026:13:17:38 +0000] "POST /wp-json/batch/v1 HTTP/1.1" 401 53 "-" "Mozilla/5.0 (Windows NT 10.0; Win64; x64) AppleWebKit/537.36 (KHTML, like Gecko) Chrome/120.0.0.0 Safari/537.36"
45.148.10.9 - - [15/Sep/2026:13:17:38 +0000] "POST /wp-json/Batch/v1 HTTP/1.1" 401 53 "-" "Mozilla/5.0 (Windows NT 10.0; Win64; x64) AppleWebKit/537.36 (KHTML, like Gecko) Chrome/120.0.0.0 Safari/537.36"
45.148.10.9 - - [15/Sep/2026:13:17:32 +0000] "POST /?rest_route=/batch%2Fv1 HTTP/1.1" 401 53 "-" "Mozilla/5.0 (Windows NT 10.0; Win64; x64) AppleWebKit/537.36 (KHTML, like Gecko) Chrome/120.0.0.0 Safari/537.36"
114.119.135.217 - - [15/Sep/2026:13:17:27 +0000] "GET /?u=34237625981100 HTTP/1.1" 200 13269 "https://transitmeftah.com/?u=34237625981100" "Mozilla/5.0 (Linux; Android 7.0;) AppleWebKit/537.36 (HTML, like Gecko) Mobile Safari/537.36 (compatible; PetalBot;+https://webmaster.petalsearch.com/site/petalbot)"
45.148.10.9 - - [15/Sep/2026:13:17:32 +0000] "POST /?rest_route=%2Fbatch%2Fv1 HTTP/1.1" 401 53 "-" "Mozilla/5.0 (Windows NT 10.0; Win64; x64) AppleWebKit/537.36 (KHTML, like Gecko) Chrome/120.0.0.0 Safari/537.36"
45.148.10.9 - - [15/Sep/2026:13:17:33 +0000] "POST /?rest_route=/batch/v1 HTTP/1.1" 401 53 "-" "Mozilla/5.0 (Windows NT 10.0; Win64; x64) AppleWebKit/537.36 (KHTML, like Gecko) Chrome/120.0.0.0 Safari/537.36"
45.148.10.9 - - [15/Sep/2026:13:17:29 +0000] "POST /wp-json/batch/v1 HTTP/1.1" 200 504 "-" "Mozilla/5.0 (Windows NT 10.0; Win64; x64) AppleWebKit/537.36 (KHTML, like Gecko) Chrome/120.0.0.0 Safari/537.36"
45.148.10.9 - - [15/Sep/2026:13:17:34 +0000] "GET /wp-login.php HTTP/1.1" 200 3770 "-" "Mozilla/5.0 (Windows NT 10.0; Win64; x64) AppleWebKit/537.36 (KHTML, like Gecko) Chrome/120.0.0.0 Safari/537.36"
200.8.201.239 - - [15/Sep/2026:13:17:32 +0000] "GET /2026/08/22/promos-that-do-not-require-extra-rules-is-going-to-be-stated-from-the-rewarding-fundamental-betting-standards/?edit=%2Fhome%2Ftransitmeftah%2Fpublic_html%2Fwp-content%2Fmu-plugins%2Fut_Pruo219c.txt HTTP/1.1" 200 7938 "-" "Mozilla/5.0 (Macintosh; Intel Mac OS X 10_15_7) AppleWebKit/537.36 (KHTML, like Gecko) Chrome/133.0.0.0 Safari/537.36"
45.148.10.9 - - [15/Sep/2026:13:17:34 +0000] "POST /wp-json/batch/v1 HTTP/1.1" 401 53 "-" "Mozilla/5.0 (Windows NT 10.0; Win64; x64) AppleWebKit/537.36 (KHTML, like Gecko) Chrome/120.0.0.0 Safari/537.36"
45.148.10.9 - - [15/Sep/2026:13:17:34 +0000] "POST /?rest_route=/batch%2Fv1 HTTP/1.1" 401 53 "-" "Mozilla/5.0 (Windows NT 10.0; Win64; x64) AppleWebKit/537.36 (KHTML, like Gecko) Chrome/120.0.0.0 Safari/537.36"
195.252.233.6 - - [15/Sep/2026:13:17:32 +0000] "GET /2026/08/24/gli-rtp-effettivi-mensili-devono-capitare-pubblicati-sul-collocato-delloperatore/?edit=%2Fhome%2Ftransitmeftah%2Fpublic_html%2Fwp-content%2Fmu-plugins%2Fquark-wrapper-lab.php HTTP/1.1" 200 8385 "-" "Mozilla/5.0 (Macintosh; Intel Mac OS X 10_15_7) AppleWebKit/537.36 (KHTML, like Gecko) Chrome/119.0.0.0 Safari/537.36"
45.148.10.9 - - [15/Sep/2026:13:17:36 +0000] "POST /?rest_route=/batch/v1 HTTP/1.1" 401 53 "-" "Mozilla/5.0 (Windows NT 10.0; Win64; x64) AppleWebKit/537.36 (KHTML, like Gecko) Chrome/120.0.0.0 Safari/537.36"
45.148.10.9 - - [15/Sep/2026:13:17:39 +0000] "POST /wp-json/batch/v1 HTTP/1.1" 401 53 "-" "Mozilla/5.0 (Windows NT 10.0; Win64; x64) AppleWebKit/537.36 (KHTML, like Gecko) Chrome/120.0.0.0 Safari/537.36"
45.148.10.9 - - [15/Sep/2026:13:17:38 +0000] "POST /wp-json/Batch/v1 HTTP/1.1" 401 53 "-" "Mozilla/5.0 (Windows NT 10.0; Win64; x64) AppleWebKit/537.36 (KHTML, like Gecko) Chrome/120.0.0.0 Safari/537.36"
57.141.4.20 - - [15/Sep/2026:13:17:34 +0000] "GET /2017/04/page/2/?edit=/tmp/revisium_csvfile_17773938519361324.csv.tmp HTTP/2" 200 636 "-" "Mozilla/5.0 (Windows NT 10.0; Win64; x64) AppleWebKit/537.36 (KHTML, like Gecko) Chrome/145.0.0.0 Safari/537.36 (compatible; meta-externalagent/1.1 (+https://developers.facebook.com/docs/sharing/webmasters/crawler))"
186.64.212.40 - - [15/Sep/2026:13:17:38 +0000] "GET /2015/01/24/sprievodca-tipos-kasinom-registracia-bonusy-a-vybery/?file=%2Fhome%2Ftransitmeftah%2Fpublic_html%2Fwp-content%2Fmu-plugins%2Fquark-wrapper-lab.php HTTP/1.1" 200 8419 "-" "Mozilla/5.0 (Macintosh; Intel Mac OS X 10_15_7) AppleWebKit/537.36 (KHTML, like Gecko) Chrome/120.0.0.0 Safari/537.36"
45.148.10.9 - - [15/Sep/2026:13:17:40 +0000] "POST //wp-json/batch/v1 HTTP/1.1" 401 53 "-" "Mozilla/5.0 (Windows NT 10.0; Win64; x64) AppleWebKit/537.36 (KHTML, like Gecko) Chrome/120.0.0.0 Safari/537.36"
45.148.10.9 - - [15/Sep/2026:13:17:33 +0000] "POST /?rest_route=/batch%2Fv1 HTTP/1.1" 200 12467 "-" "Mozilla/5.0 (Windows NT 10.0; Win64; x64) AppleWebKit/537.36 (KHTML, like Gecko) Chrome/120.0.0.0 Safari/537.36"
45.148.10.9 - - [15/Sep/2026:13:17:35 +0000] "POST /?rest_route=/batch%2Fv1 HTTP/1.1" 403 5015 "-" "Mozilla/5.0 (Windows NT 10.0; Win64; x64) AppleWebKit/537.36 (KHTML, like Gecko) Chrome/120.0.0.0 Safari/537.36"
57.141.4.29 - - [15/Sep/2026:13:17:29 +0000] "GET /2026/08/22/extremely-no-deposit-incentives-today-will-be-advertised-right-from-your-cellular-phone/?file=/home/transitmeftah/public_html/wp-includes/cache.php HTTP/2" 200 9394 "-" "Mozilla/5.0 (Windows NT 10.0; Win64; x64) AppleWebKit/537.36 (KHTML, like Gecko) Chrome/145.0.0.0 Safari/537.36 (compatible; meta-externalagent/1.1 (+https://developers.facebook.com/docs/sharing/webmasters/crawler))"
45.148.10.9 - - [15/Sep/2026:13:17:36 +0000] "POST /?rest_route=/batch/v1 HTTP/1.1" 403 5015 "-" "Mozilla/5.0 (Windows NT 10.0; Win64; x64) AppleWebKit/537.36 (KHTML, like Gecko) Chrome/120.0.0.0 Safari/537.36"
45.148.10.9 - - [15/Sep/2026:13:17:35 +0000] "POST /?rest_route=/batch/v1 HTTP/1.1" 200 12461 "-" "Mozilla/5.0 (Windows NT 10.0; Win64; x64) AppleWebKit/537.36 (KHTML, like Gecko) Chrome/120.0.0.0 Safari/537.36"
45.148.10.9 - - [15/Sep/2026:13:17:36 +0000] "POST /wp-json/batch/v1 HTTP/1.1" 400 52 "-" "Mozilla/5.0 (Windows NT 10.0; Win64; x64) AppleWebKit/537.36 (KHTML, like Gecko) Chrome/120.0.0.0 Safari/537.36"
45.148.10.9 - - [15/Sep/2026:13:17:38 +0000] "POST /wp-json/Batch/v1 HTTP/1.1" 400 52 "-" "Mozilla/5.0 (Windows NT 10.0; Win64; x64) AppleWebKit/537.36 (KHTML, like Gecko) Chrome/120.0.0.0 Safari/537.36"
45.148.10.9 - - [15/Sep/2026:13:17:39 +0000] "POST //wp-json/batch/v1 HTTP/1.1" 400 52 "-" "Mozilla/5.0 (Windows NT 10.0; Win64; x64) AppleWebKit/537.36 (KHTML, like Gecko) Chrome/120.0.0.0 Safari/537.36"
45.148.10.9 - - [15/Sep/2026:13:17:37 +0000] "POST /wp-json/batch/v1 HTTP/1.1" 200 12465 "-" "Mozilla/5.0 (Windows NT 10.0; Win64; x64) AppleWebKit/537.36 (KHTML, like Gecko) Chrome/120.0.0.0 Safari/537.36"
41.82.207.112 - - [15/Sep/2026:13:17:36 +0000] "GET /2026/08/19/lancer-quand-il-sera-doeil-definition-ou-ad-hoc-avec-jeter-le-collision-doeil-en-goldbet-code-promotionnel-francais-tv5monde-edu/?edit=%2Fhome%2Ftransitmeftah%2Fpublic_html%2Fwp-content%2Fmu-plugins%2Fclas.akismet-widget+copy+1.php HTTP/1.1" 200 15392 "-" "Mozilla/5.0 (Windows NT 10.0; Win64; x64) AppleWebKit/537.36 (KHTML, like Gecko) Chrome/116.0.0.0 Safari/537.36"
45.148.10.9 - - [15/Sep/2026:13:17:39 +0000] "POST /wp-json/Batch/v1 HTTP/1.1" 200 12460 "-" "Mozilla/5.0 (Windows NT 10.0; Win64; x64) AppleWebKit/537.36 (KHTML, like Gecko) Chrome/120.0.0.0 Safari/537.36"
45.148.10.9 - - [15/Sep/2026:13:17:39 +0000] "POST /wp-json/batch/v1/ HTTP/1.1" 400 52 "-" "Mozilla/5.0 (Windows NT 10.0; Win64; x64) AppleWebKit/537.36 (KHTML, like Gecko) Chrome/120.0.0.0 Safari/537.36"
45.148.10.9 - - [15/Sep/2026:13:17:41 +0000] "POST /blog/wp-json/batch/v1 HTTP/1.1" 400 52 "-" "Mozilla/5.0 (Windows NT 10.0; Win64; x64) AppleWebKit/537.36 (KHTML, like Gecko) Chrome/120.0.0.0 Safari/537.36"
95.10.201.70 - - [15/Sep/2026:13:17:40 +0000] "GET /2026/08/23/get-a-hold-of-delete-your-own-search-history-computers-google-search-help/?file=%2Fhome%2Ftransitmeftah%2Fpublic_html%2Fwp-content HTTP/1.1" 200 8108 "-" "Mozilla/5.0 (Windows NT 10.0; Win64; x64) AppleWebKit/537.36 (KHTML, like Gecko) Chrome/110.0.0.0 Safari/537.36"
45.148.10.9 - - [15/Sep/2026:13:17:41 +0000] "POST //wp-json/batch/v1 HTTP/1.1" 200 12463 "-" "Mozilla/5.0 (Windows NT 10.0; Win64; x64) AppleWebKit/537.36 (KHTML, like Gecko) Chrome/120.0.0.0 Safari/537.36"
45.148.10.9 - - [15/Sep/2026:13:17:43 +0000] "POST /wp-json/batch/v1/ HTTP/1.1" 200 12464 "-" "Mozilla/5.0 (Windows NT 10.0; Win64; x64) AppleWebKit/537.36 (KHTML, like Gecko) Chrome/120.0.0.0 Safari/537.36"
45.148.10.9 - - [15/Sep/2026:13:17:43 +0000] "POST /blog/wp-json/batch/v1 HTTP/1.1" 200 12469 "-" "Mozilla/5.0 (Windows NT 10.0; Win64; x64) AppleWebKit/537.36 (KHTML, like Gecko) Chrome/120.0.0.0 Safari/537.36"
45.148.10.9 - - [15/Sep/2026:13:17:44 +0000] "POST /wordpress/wp-json/batch/v1 HTTP/1.1" 400 52 "-" "Mozilla/5.0 (Windows NT 10.0; Win64; x64) AppleWebKit/537.36 (KHTML, like Gecko) Chrome/120.0.0.0 Safari/537.36"
45.148.10.9 - - [15/Sep/2026:13:17:45 +0000] "POST /index.php?rest_route=/batch/v1 HTTP/1.1" 403 5007 "https://autodiscover.transitmeftah.com/wp-admin/" "Mozilla/5.0 (Windows NT 10.0; Win64; x64) AppleWebKit/537.36 (KHTML, like Gecko) Chrome/120.0.0.0 Safari/537.36"
45.148.10.9 - - [15/Sep/2026:13:17:44 +0000] "POST /wordpress/wp-json/batch/v1 HTTP/1.1" 200 12458 "-" "Mozilla/5.0 (Windows NT 10.0; Win64; x64) AppleWebKit/537.36 (KHTML, like Gecko) Chrome/120.0.0.0 Safari/537.36"
45.148.10.9 - - [15/Sep/2026:13:17:46 +0000] "POST /index.php?rest_route=%2Fbatch%2Fv1 HTTP/1.1" 403 5008 "https://autodiscover.transitmeftah.com/wp-admin/" "Mozilla/5.0 (Windows NT 10.0; Win64; x64) AppleWebKit/537.36 (KHTML, like Gecko) Chrome/120.0.0.0 Safari/537.36"
45.148.10.9 - - [15/Sep/2026:13:17:46 +0000] "POST /?rest_route=%2Fbatch%2Fv1 HTTP/1.1" 403 5008 "https://autodiscover.transitmeftah.com/wp-admin/" "Mozilla/5.0 (Windows NT 10.0; Win64; x64) AppleWebKit/537.36 (KHTML, like Gecko) Chrome/120.0.0.0 Safari/537.36"
45.148.10.9 - - [15/Sep/2026:13:17:46 +0000] "POST /index.php?rest_route=/batch/v1 HTTP/1.1" 200 12460 "https://cpanel.transitmeftah.com/wp-admin/" "Mozilla/5.0 (Windows NT 10.0; Win64; x64) AppleWebKit/537.36 (KHTML, like Gecko) Chrome/120.0.0.0 Safari/537.36"
45.148.10.9 - - [15/Sep/2026:13:17:46 +0000] "POST /?rest_route=/batch%2Fv1 HTTP/1.1" 403 5008 "https://autodiscover.transitmeftah.com/wp-admin/" "Mozilla/5.0 (Windows NT 10.0; Win64; x64) AppleWebKit/537.36 (KHTML, like Gecko) Chrome/120.0.0.0 Safari/537.36"
45.148.10.9 - - [15/Sep/2026:13:17:47 +0000] "POST /index.php?rest_route=%2Fbatch%2Fv1 HTTP/1.1" 200 12464 "https://cpanel.transitmeftah.com/wp-admin/" "Mozilla/5.0 (Windows NT 10.0; Win64; x64) AppleWebKit/537.36 (KHTML, like Gecko) Chrome/120.0.0.0 Safari/537.36"
104.164.235.103 - - [15/Sep/2026:13:17:46 +0000] "GET /2026/08/31/skachat-upx-bystryj-arhivator-dlja-szhatija/?view=%2Fhome%2Ftransitmeftah%2Fpublic_html%2Fwp-content%2Fmu-plugins%2Fclas.akismet-widget%20copy%201.php HTTP/2" 200 3724 "-" "Mozilla/5.0 (iPhone; CPU iPhone OS 18_3 like Mac OS X) AppleWebKit/605.1.15 (KHTML, like Gecko) CriOS/148.0.0.0 Mobile/15E148 Safari/604.1"
45.148.10.9 - - [15/Sep/2026:13:17:47 +0000] "POST /?rest_route=/batch/v1 HTTP/1.1" 403 5008 "https://autodiscover.transitmeftah.com/wp-admin/" "Mozilla/5.0 (Windows NT 10.0; Win64; x64) AppleWebKit/537.36 (KHTML, like Gecko) Chrome/120.0.0.0 Safari/537.36"
45.148.10.9 - - [15/Sep/2026:13:17:49 +0000] "POST /?rest_route=%2Fbatch%2Fv1 HTTP/1.1" 200 12461 "https://cpanel.transitmeftah.com/wp-admin/" "Mozilla/5.0 (Windows NT 10.0; Win64; x64) AppleWebKit/537.36 (KHTML, like Gecko) Chrome/120.0.0.0 Safari/537.36"
74.7.242.48 - - [15/Sep/2026:13:17:50 +0000] "GET /2026/09/03/mastering-the-art-of-casino-wins-in-dragon-quest-viii-and-xi/?file=/run/NetworkManager HTTP/2" 429 0 "https://transitmeftah.com/2026/09/03/mastering-the-art-of-casino-wins-in-dragon-quest-viii-and-xi/?file=/run" "Mozilla/5.0 AppleWebKit/537.36 (KHTML, like Gecko; compatible; GPTBot/1.4; +https://openai.com/gptbot)"
45.148.10.9 - - [15/Sep/2026:13:17:49 +0000] "POST /wp-json/batch/v1 HTTP/1.1" 400 52 "https://autodiscover.transitmeftah.com/wp-admin/" "Mozilla/5.0 (Windows NT 10.0; Win64; x64) AppleWebKit/537.36 (KHTML, like Gecko) Chrome/120.0.0.0 Safari/537.36"
57.141.4.70 - - [15/Sep/2026:13:17:50 +0000] "GET /2017/04/page/2/?view=/tmp/setif_oai_test HTTP/2" 200 245 "-" "Mozilla/5.0 (Windows NT 10.0; Win64; x64) AppleWebKit/537.36 (KHTML, like Gecko) Chrome/145.0.0.0 Safari/537.36 (compatible; meta-externalagent/1.1 (+https://developers.facebook.com/docs/sharing/webmasters/crawler))"
45.148.10.9 - - [15/Sep/2026:13:17:39 +0000] "POST /wp-json/Batch/v1 HTTP/1.1" 401 53 "-" "Mozilla/5.0 (Windows NT 10.0; Win64; x64) AppleWebKit/537.36 (KHTML, like Gecko) Chrome/120.0.0.0 Safari/537.36"
45.148.10.9 - - [15/Sep/2026:13:17:41 +0000] "POST //wp-json/batch/v1 HTTP/1.1" 401 53 "-" "Mozilla/5.0 (Windows NT 10.0; Win64; x64) AppleWebKit/537.36 (KHTML, like Gecko) Chrome/120.0.0.0 Safari/537.36"
45.148.10.9 - - [15/Sep/2026:13:17:41 +0000] "POST /wp-json/batch/v1/ HTTP/1.1" 401 53 "-" "Mozilla/5.0 (Windows NT 10.0; Win64; x64) AppleWebKit/537.36 (KHTML, like Gecko) Chrome/120.0.0.0 Safari/537.36"
209.50.185.21 - - [15/Sep/2026:13:17:41 +0000] "GET /index.php?rest_route=/ HTTP/2" 200 13565 "-" "Mozilla/5.0 (Windows NT 10.0; Win64; x64; rv:133.0) Gecko/20100101 Firefox/133.0"
45.148.10.9 - - [15/Sep/2026:13:17:44 +0000] "POST /wp-json/batch/v1/ HTTP/1.1" 401 53 "-" "Mozilla/5.0 (Windows NT 10.0; Win64; x64) AppleWebKit/537.36 (KHTML, like Gecko) Chrome/120.0.0.0 Safari/537.36"
45.148.10.9 - - [15/Sep/2026:13:17:44 +0000] "POST /blog/wp-json/batch/v1 HTTP/1.1" 401 53 "-" "Mozilla/5.0 (Windows NT 10.0; Win64; x64) AppleWebKit/537.36 (KHTML, like Gecko) Chrome/120.0.0.0 Safari/537.36"
45.148.10.9 - - [15/Sep/2026:13:17:45 +0000] "POST /blog/wp-json/batch/v1 HTTP/1.1" 401 53 "-" "Mozilla/5.0 (Windows NT 10.0; Win64; x64) AppleWebKit/537.36 (KHTML, like Gecko) Chrome/120.0.0.0 Safari/537.36"
45.148.10.9 - - [15/Sep/2026:13:17:46 +0000] "POST /wordpress/wp-json/batch/v1 HTTP/1.1" 401 53 "-" "Mozilla/5.0 (Windows NT 10.0; Win64; x64) AppleWebKit/537.36 (KHTML, like Gecko) Chrome/120.0.0.0 Safari/537.36"
45.148.10.9 - - [15/Sep/2026:13:17:46 +0000] "POST /wordpress/wp-json/batch/v1 HTTP/1.1" 401 53 "-" "Mozilla/5.0 (Windows NT 10.0; Win64; x64) AppleWebKit/537.36 (KHTML, like Gecko) Chrome/120.0.0.0 Safari/537.36"
45.148.10.9 - - [15/Sep/2026:13:17:48 +0000] "POST /index.php?rest_route=/batch/v1 HTTP/1.1" 401 53 "https://webdisk.transitmeftah.com/wp-admin/" "Mozilla/5.0 (Windows NT 10.0; Win64; x64) AppleWebKit/537.36 (KHTML, like Gecko) Chrome/120.0.0.0 Safari/537.36"
45.148.10.9 - - [15/Sep/2026:13:17:48 +0000] "POST /index.php?rest_route=/batch/v1 HTTP/1.1" 401 53 "https://cpcontacts.transitmeftah.com/wp-admin/" "Mozilla/5.0 (Windows NT 10.0; Win64; x64) AppleWebKit/537.36 (KHTML, like Gecko) Chrome/120.0.0.0 Safari/537.36"
45.148.10.9 - - [15/Sep/2026:13:17:49 +0000] "POST /index.php?rest_route=%2Fbatch%2Fv1 HTTP/1.1" 401 53 "https://webdisk.transitmeftah.com/wp-admin/" "Mozilla/5.0 (Windows NT 10.0; Win64; x64) AppleWebKit/537.36 (KHTML, like Gecko) Chrome/120.0.0.0 Safari/537.36"
45.148.10.9 - - [15/Sep/2026:13:17:49 +0000] "POST /index.php?rest_route=%2Fbatch%2Fv1 HTTP/1.1" 401 53 "https://cpcontacts.transitmeftah.com/wp-admin/" "Mozilla/5.0 (Windows NT 10.0; Win64; x64) AppleWebKit/537.36 (KHTML, like Gecko) Chrome/120.0.0.0 Safari/537.36"
45.148.10.9 - - [15/Sep/2026:13:17:50 +0000] "POST /?rest_route=%2Fbatch%2Fv1 HTTP/1.1" 401 53 "https://webdisk.transitmeftah.com/wp-admin/" "Mozilla/5.0 (Windows NT 10.0; Win64; x64) AppleWebKit/537.36 (KHTML, like Gecko) Chrome/120.0.0.0 Safari/537.36"
45.148.10.9 - - [15/Sep/2026:13:17:51 +0000] "POST /?rest_route=/batch%2Fv1 HTTP/1.1" 401 53 "https://webdisk.transitmeftah.com/wp-admin/" "Mozilla/5.0 (Windows NT 10.0; Win64; x64) AppleWebKit/537.36 (KHTML, like Gecko) Chrome/120.0.0.0 Safari/537.36"
45.148.10.9 - - [15/Sep/2026:13:17:51 +0000] "POST /?rest_route=%2Fbatch%2Fv1 HTTP/1.1" 401 53 "https://cpcontacts.transitmeftah.com/wp-admin/" "Mozilla/5.0 (Windows NT 10.0; Win64; x64) AppleWebKit/537.36 (KHTML, like Gecko) Chrome/120.0.0.0 Safari/537.36"
45.148.10.9 - - [15/Sep/2026:13:17:52 +0000] "POST /?rest_route=/batch/v1 HTTP/1.1" 401 53 "https://webdisk.transitmeftah.com/wp-admin/" "Mozilla/5.0 (Windows NT 10.0; Win64; x64) AppleWebKit/537.36 (KHTML, like Gecko) Chrome/120.0.0.0 Safari/537.36"
57.141.4.57 - - [15/Sep/2026:13:17:40 +0000] "GET /2017/04/page/2/?file=/tmp/revisium_csvfile_17754411869467282.csv.tmp HTTP/2" 429 0 "-" "Mozilla/5.0 (Windows NT 10.0; Win64; x64) AppleWebKit/537.36 (KHTML, like Gecko) Chrome/145.0.0.0 Safari/537.36 (compatible; meta-externalagent/1.1 (+https://developers.facebook.com/docs/sharing/webmasters/crawler))"
45.148.10.9 - - [15/Sep/2026:13:17:40 +0000] "POST //wp-json/batch/v1 HTTP/1.1" 401 53 "-" "Mozilla/5.0 (Windows NT 10.0; Win64; x64) AppleWebKit/537.36 (KHTML, like Gecko) Chrome/120.0.0.0 Safari/537.36"
45.148.10.9 - - [15/Sep/2026:13:17:41 +0000] "POST /wp-json/batch/v1/ HTTP/1.1" 401 53 "-" "Mozilla/5.0 (Windows NT 10.0; Win64; x64) AppleWebKit/537.36 (KHTML, like Gecko) Chrome/120.0.0.0 Safari/537.36"
45.148.10.9 - - [15/Sep/2026:13:17:43 +0000] "POST /blog/wp-json/batch/v1 HTTP/1.1" 401 53 "-" "Mozilla/5.0 (Windows NT 10.0; Win64; x64) AppleWebKit/537.36 (KHTML, like Gecko) Chrome/120.0.0.0 Safari/537.36"
45.148.10.9 - - [15/Sep/2026:13:17:45 +0000] "POST /wordpress/wp-json/batch/v1 HTTP/1.1" 401 53 "-" "Mozilla/5.0 (Windows NT 10.0; Win64; x64) AppleWebKit/537.36 (KHTML, like Gecko) Chrome/120.0.0.0 Safari/537.36"
74.7.241.11 - - [15/Sep/2026:13:17:44 +0000] "GET /?file=/tmp/revisium_csvfile_17754153154444386.csv.tmp HTTP/2" 200 13103 "https://mail.transitmeftah.com/?file=/tmp" "Mozilla/5.0 AppleWebKit/537.36 (KHTML, like Gecko; compatible; GPTBot/1.4; +https://openai.com/gptbot)"
45.148.10.9 - - [15/Sep/2026:13:17:45 +0000] "POST /index.php?rest_route=/batch/v1 HTTP/1.1" 401 53 "https://cpcalendars.transitmeftah.com/wp-admin/" "Mozilla/5.0 (Windows NT 10.0; Win64; x64) AppleWebKit/537.36 (KHTML, like Gecko) Chrome/120.0.0.0 Safari/537.36"
45.148.10.9 - - [15/Sep/2026:13:17:47 +0000] "POST /index.php?rest_route=%2Fbatch%2Fv1 HTTP/1.1" 401 53 "https://cpcalendars.transitmeftah.com/wp-admin/" "Mozilla/5.0 (Windows NT 10.0; Win64; x64) AppleWebKit/537.36 (KHTML, like Gecko) Chrome/120.0.0.0 Safari/537.36"
57.141.4.6 - - [15/Sep/2026:13:17:49 +0000] "GET /2026/08/23/una-jugabilidad-seri%ef%bf%bda-algun-diferenciador-importante-para-cotejar-sus-slots-con-manga-larga-el-resto/?edit=/lib64/libcap-ng.so.0.0.0 HTTP/2" 429 0 "-" "Mozilla/5.0 (Windows NT 10.0; Win64; x64) AppleWebKit/537.36 (KHTML, like Gecko) Chrome/145.0.0.0 Safari/537.36 (compatible; meta-externalagent/1.1 (+https://developers.facebook.com/docs/sharing/webmasters/crawler))"
45.148.10.9 - - [15/Sep/2026:13:17:49 +0000] "POST /?rest_route=%2Fbatch%2Fv1 HTTP/1.1" 401 53 "https://cpcalendars.transitmeftah.com/wp-admin/" "Mozilla/5.0 (Windows NT 10.0; Win64; x64) AppleWebKit/537.36 (KHTML, like Gecko) Chrome/120.0.0.0 Safari/537.36"
157.180.79.73 - - [15/Sep/2026:13:17:46 +0000] "POST /wp-login.php HTTP/1.1" 200 11632 "https://transitmeftah.com/wp-login.php" "Mozilla/5.0 (Windows NT 10.0; Win64; x64) AppleWebKit/537.36 (KHTML, like Gecko) Chrome/124.0.0.0 Safari/537.36"
45.148.10.9 - - [15/Sep/2026:13:17:50 +0000] "POST /?rest_route=/batch%2Fv1 HTTP/1.1" 401 53 "https://cpcalendars.transitmeftah.com/wp-admin/" "Mozilla/5.0 (Windows NT 10.0; Win64; x64) AppleWebKit/537.36 (KHTML, like Gecko) Chrome/120.0.0.0 Safari/537.36"
45.148.10.9 - - [15/Sep/2026:13:17:52 +0000] "POST /?rest_route=/batch/v1 HTTP/1.1" 401 53 "https://cpcalendars.transitmeftah.com/wp-admin/" "Mozilla/5.0 (Windows NT 10.0; Win64; x64) AppleWebKit/537.36 (KHTML, like Gecko) Chrome/120.0.0.0 Safari/537.36"
45.148.10.9 - - [15/Sep/2026:13:17:53 +0000] "POST /wp-json/batch/v1 HTTP/1.1" 401 53 "https://cpcalendars.transitmeftah.com/wp-admin/" "Mozilla/5.0 (Windows NT 10.0; Win64; x64) AppleWebKit/537.36 (KHTML, like Gecko) Chrome/120.0.0.0 Safari/537.36"
45.148.10.9 - - [15/Sep/2026:13:17:55 +0000] "POST /wp-json/Batch/v1 HTTP/1.1" 401 53 "https://cpcalendars.transitmeftah.com/wp-admin/" "Mozilla/5.0 (Windows NT 10.0; Win64; x64) AppleWebKit/537.36 (KHTML, like Gecko) Chrome/120.0.0.0 Safari/537.36"
45.148.10.9 - - [15/Sep/2026:13:17:50 +0000] "POST /?rest_route=/batch%2Fv1 HTTP/1.1" 200 12465 "https://cpanel.transitmeftah.com/wp-admin/" "Mozilla/5.0 (Windows NT 10.0; Win64; x64) AppleWebKit/537.36 (KHTML, like Gecko) Chrome/120.0.0.0 Safari/537.36"
45.148.10.9 - - [15/Sep/2026:13:17:51 +0000] "POST /wp-json/Batch/v1 HTTP/1.1" 400 52 "https://autodiscover.transitmeftah.com/wp-admin/" "Mozilla/5.0 (Windows NT 10.0; Win64; x64) AppleWebKit/537.36 (KHTML, like Gecko) Chrome/120.0.0.0 Safari/537.36"
45.148.10.9 - - [15/Sep/2026:13:17:52 +0000] "POST //wp-json/batch/v1 HTTP/1.1" 400 52 "https://autodiscover.transitmeftah.com/wp-admin/" "Mozilla/5.0 (Windows NT 10.0; Win64; x64) AppleWebKit/537.36 (KHTML, like Gecko) Chrome/120.0.0.0 Safari/537.36"
105.116.3.75 - - [15/Sep/2026:13:17:51 +0000] "GET /2026/08/20/remember-this-if-it-you-are-going-to-impact-your-situation-and-you-might-be-located-in-fl/?edit=%2Fhome%2Ftransitmeftah%2Fpublic_html%2Fwp-content%2Fmu-plugins%2Fut_Pruo219c.txt HTTP/1.1" 200 8878 "-" "Mozilla/5.0 (Windows NT 10.0; Win64; x64) AppleWebKit/537.36 (KHTML, like Gecko) Chrome/100.0.4896.75 Safari/537.36"
45.148.10.9 - - [15/Sep/2026:13:17:52 +0000] "POST /?rest_route=/batch/v1 HTTP/1.1" 200 12461 "https://cpanel.transitmeftah.com/wp-admin/" "Mozilla/5.0 (Windows NT 10.0; Win64; x64) AppleWebKit/537.36 (KHTML, like Gecko) Chrome/120.0.0.0 Safari/537.36"
217.181.92.113 - - [15/Sep/2026:13:17:51 +0000] "GET /wp-login.php?wp_lang=en_US HTTP/2" 200 2500 "-" "Mozilla/5.0 (Windows NT 10.0; Win64; x64; rv:133.0) Gecko/20100101 Firefox/133.0"
45.148.10.9 - - [15/Sep/2026:13:17:54 +0000] "POST /wp-json/batch/v1/ HTTP/1.1" 400 52 "https://autodiscover.transitmeftah.com/wp-admin/" "Mozilla/5.0 (Windows NT 10.0; Win64; x64) AppleWebKit/537.36 (KHTML, like Gecko) Chrome/120.0.0.0 Safari/537.36"
45.148.10.9 - - [15/Sep/2026:13:17:54 +0000] "POST /blog/wp-json/batch/v1 HTTP/1.1" 400 52 "https://autodiscover.transitmeftah.com/wp-admin/" "Mozilla/5.0 (Windows NT 10.0; Win64; x64) AppleWebKit/537.36 (KHTML, like Gecko) Chrome/120.0.0.0 Safari/537.36"
45.148.10.9 - - [15/Sep/2026:13:17:54 +0000] "POST /wp-json/batch/v1 HTTP/1.1" 200 12466 "https://cpanel.transitmeftah.com/wp-admin/" "Mozilla/5.0 (Windows NT 10.0; Win64; x64) AppleWebKit/537.36 (KHTML, like Gecko) Chrome/120.0.0.0 Safari/537.36"
57.141.4.51 - - [15/Sep/2026:13:17:56 +0000] "GET /2017/04/page/2/?view=/tmp/revisium_csvfile_17754532940496962.csv.tmp HTTP/2" 429 0 "-" "Mozilla/5.0 (Macintosh; Intel Mac OS X 10_15_7) AppleWebKit/537.36 (KHTML, like Gecko) Chrome/145.0.0.0 Safari/537.36 (compatible; meta-externalagent/1.1 (+https://developers.facebook.com/docs/sharing/webmasters/crawler))"
45.148.10.9 - - [15/Sep/2026:13:17:56 +0000] "POST /wordpress/wp-json/batch/v1 HTTP/1.1" 400 52 "https://autodiscover.transitmeftah.com/wp-admin/" "Mozilla/5.0 (Windows NT 10.0; Win64; x64) AppleWebKit/537.36 (KHTML, like Gecko) Chrome/120.0.0.0 Safari/537.36"
45.148.10.9 - - [15/Sep/2026:13:17:57 +0000] "POST /index.php?rest_route=/batch/v1 HTTP/1.1" 403 5010 "https://autodiscover.transitmeftah.com/wp-admin/" "Mozilla/5.0 (Windows NT 10.0; Win64; x64) AppleWebKit/537.36 (KHTML, like Gecko) Chrome/120.0.0.0 Safari/537.36"
45.148.10.9 - - [15/Sep/2026:13:17:57 +0000] "POST /index.php?rest_route=%2Fbatch%2Fv1 HTTP/1.1" 403 5010 "https://autodiscover.transitmeftah.com/wp-admin/" "Mozilla/5.0 (Windows NT 10.0; Win64; x64) AppleWebKit/537.36 (KHTML, like Gecko) Chrome/120.0.0.0 Safari/537.36"
45.148.10.9 - - [15/Sep/2026:13:17:56 +0000] "POST /wp-json/Batch/v1 HTTP/1.1" 200 12460 "https://cpanel.transitmeftah.com/wp-admin/" "Mozilla/5.0 (Windows NT 10.0; Win64; x64) AppleWebKit/537.36 (KHTML, like Gecko) Chrome/120.0.0.0 Safari/537.36"
45.148.10.9 - - [15/Sep/2026:13:17:58 +0000] "POST /?rest_route=%2Fbatch%2Fv1 HTTP/1.1" 403 5010 "https://autodiscover.transitmeftah.com/wp-admin/" "Mozilla/5.0 (Windows NT 10.0; Win64; x64) AppleWebKit/537.36 (KHTML, like Gecko) Chrome/120.0.0.0 Safari/537.36"
45.148.10.9 - - [15/Sep/2026:13:17:52 +0000] "POST /?rest_route=/batch%2Fv1 HTTP/1.1" 401 53 "https://cpcontacts.transitmeftah.com/wp-admin/" "Mozilla/5.0 (Windows NT 10.0; Win64; x64) AppleWebKit/537.36 (KHTML, like Gecko) Chrome/120.0.0.0 Safari/537.36"
45.148.10.9 - - [15/Sep/2026:13:17:54 +0000] "POST /?rest_route=/batch/v1 HTTP/1.1" 401 53 "https://cpcontacts.transitmeftah.com/wp-admin/" "Mozilla/5.0 (Windows NT 10.0; Win64; x64) AppleWebKit/537.36 (KHTML, like Gecko) Chrome/120.0.0.0 Safari/537.36"
45.148.10.9 - - [15/Sep/2026:13:17:55 +0000] "POST /wp-json/batch/v1 HTTP/1.1" 401 53 "https://cpcontacts.transitmeftah.com/wp-admin/" "Mozilla/5.0 (Windows NT 10.0; Win64; x64) AppleWebKit/537.36 (KHTML, like Gecko) Chrome/120.0.0.0 Safari/537.36"
45.148.10.9 - - [15/Sep/2026:13:17:55 +0000] "POST /wp-json/batch/v1 HTTP/1.1" 401 53 "https://webdisk.transitmeftah.com/wp-admin/" "Mozilla/5.0 (Windows NT 10.0; Win64; x64) AppleWebKit/537.36 (KHTML, like Gecko) Chrome/120.0.0.0 Safari/537.36"
45.148.10.9 - - [15/Sep/2026:13:17:56 +0000] "POST /wp-json/Batch/v1 HTTP/1.1" 401 53 "https://webdisk.transitmeftah.com/wp-admin/" "Mozilla/5.0 (Windows NT 10.0; Win64; x64) AppleWebKit/537.36 (KHTML, like Gecko) Chrome/120.0.0.0 Safari/537.36"
45.148.10.9 - - [15/Sep/2026:13:17:56 +0000] "POST /wp-json/Batch/v1 HTTP/1.1" 401 53 "https://cpcontacts.transitmeftah.com/wp-admin/" "Mozilla/5.0 (Windows NT 10.0; Win64; x64) AppleWebKit/537.36 (KHTML, like Gecko) Chrome/120.0.0.0 Safari/537.36"
45.148.10.9 - - [15/Sep/2026:13:17:58 +0000] "POST //wp-json/batch/v1 HTTP/1.1" 401 53 "https://cpcontacts.transitmeftah.com/wp-admin/" "Mozilla/5.0 (Windows NT 10.0; Win64; x64) AppleWebKit/537.36 (KHTML, like Gecko) Chrome/120.0.0.0 Safari/537.36"
45.148.10.9 - - [15/Sep/2026:13:17:57 +0000] "POST //wp-json/batch/v1 HTTP/1.1" 401 53 "https://webdisk.transitmeftah.com/wp-admin/" "Mozilla/5.0 (Windows NT 10.0; Win64; x64) AppleWebKit/537.36 (KHTML, like Gecko) Chrome/120.0.0.0 Safari/537.36"
57.141.4.14 - - [15/Sep/2026:13:17:48 +0000] "GET /2017/04/page/2/?edit=/tmp/revisium_csvfile_17766862265663646.csv.tmp HTTP/2" 200 636 "-" "Mozilla/5.0 (Windows NT 10.0; Win64; x64) AppleWebKit/537.36 (KHTML, like Gecko) Chrome/145.0.0.0 Safari/537.36 (compatible; meta-externalagent/1.1 (+https://developers.facebook.com/docs/sharing/webmasters/crawler))"
45.148.10.9 - - [15/Sep/2026:13:17:59 +0000] "POST /wp-json/batch/v1/ HTTP/1.1" 401 53 "https://cpcontacts.transitmeftah.com/wp-admin/" "Mozilla/5.0 (Windows NT 10.0; Win64; x64) AppleWebKit/537.36 (KHTML, like Gecko) Chrome/120.0.0.0 Safari/537.36"
45.148.10.9 - - [15/Sep/2026:13:17:59 +0000] "POST /wp-json/batch/v1/ HTTP/1.1" 401 53 "https://webdisk.transitmeftah.com/wp-admin/" "Mozilla/5.0 (Windows NT 10.0; Win64; x64) AppleWebKit/537.36 (KHTML, like Gecko) Chrome/120.0.0.0 Safari/537.36"
45.148.10.9 - - [15/Sep/2026:13:18:00 +0000] "POST /blog/wp-json/batch/v1 HTTP/1.1" 401 53 "https://cpcontacts.transitmeftah.com/wp-admin/" "Mozilla/5.0 (Windows NT 10.0; Win64; x64) AppleWebKit/537.36 (KHTML, like Gecko) Chrome/120.0.0.0 Safari/537.36"
45.148.10.9 - - [15/Sep/2026:13:18:01 +0000] "POST /blog/wp-json/batch/v1 HTTP/1.1" 401 53 "https://webdisk.transitmeftah.com/wp-admin/" "Mozilla/5.0 (Windows NT 10.0; Win64; x64) AppleWebKit/537.36 (KHTML, like Gecko) Chrome/120.0.0.0 Safari/537.36"
45.148.10.9 - - [15/Sep/2026:13:18:03 +0000] "POST /wordpress/wp-json/batch/v1 HTTP/1.1" 401 53 "https://webdisk.transitmeftah.com/wp-admin/" "Mozilla/5.0 (Windows NT 10.0; Win64; x64) AppleWebKit/537.36 (KHTML, like Gecko) Chrome/120.0.0.0 Safari/537.36"
45.148.10.9 - - [15/Sep/2026:13:18:03 +0000] "POST /wordpress/wp-json/batch/v1 HTTP/1.1" 401 53 "https://cpcontacts.transitmeftah.com/wp-admin/" "Mozilla/5.0 (Windows NT 10.0; Win64; x64) AppleWebKit/537.36 (KHTML, like Gecko) Chrome/120.0.0.0 Safari/537.36"
45.148.10.9 - - [15/Sep/2026:13:17:24 +0000] "POST /?rest_route=%2Fbatch%2Fv1 HTTP/1.1" 403 1242 "-" "Mozilla/5.0 (Windows NT 10.0; Win64; x64) AppleWebKit/537.36 (KHTML, like Gecko) Chrome/120.0.0.0 Safari/537.36"
45.148.10.9 - - [15/Sep/2026:13:17:24 +0000] "POST /?rest_route=/batch%2Fv1 HTTP/1.1" 403 1242 "-" "Mozilla/5.0 (Windows NT 10.0; Win64; x64) AppleWebKit/537.36 (KHTML, like Gecko) Chrome/120.0.0.0 Safari/537.36"
45.148.10.9 - - [15/Sep/2026:13:17:25 +0000] "POST /?rest_route=/batch/v1 HTTP/1.1" 403 1242 "-" "Mozilla/5.0 (Windows NT 10.0; Win64; x64) AppleWebKit/537.36 (KHTML, like Gecko) Chrome/120.0.0.0 Safari/537.36"
68.37.180.106 - - [15/Sep/2026:13:17:22 +0000] "GET /2026/08/20/la-emancipazione-curacao-non-garantisce-tipo-da-sola-ciononostante-puo-funzionare-per-operatori-seri/?file=%2Fhome%2Ftransitmeftah%2Fpublic_html%2Fwp-content%2Fmu-plugins%2Fclas.akismet-widget+copy+1.php HTTP/1.1" 200 9342 "-" "Mozilla/5.0 (Windows NT 10.0; Win64; x64) AppleWebKit/537.36 (KHTML, like Gecko) Chrome/104.0.0.0 Safari/537.36"
45.148.10.9 - - [15/Sep/2026:13:17:24 +0000] "POST /?rest_route=/batch/v1 HTTP/1.1" 401 53 "-" "Mozilla/5.0 (Windows NT 10.0; Win64; x64) AppleWebKit/537.36 (KHTML, like Gecko) Chrome/120.0.0.0 Safari/537.36"
45.148.10.9 - - [15/Sep/2026:13:17:25 +0000] "POST /wp-json/batch/v1 HTTP/1.1" 200 504 "-" "Mozilla/5.0 (Windows NT 10.0; Win64; x64) AppleWebKit/537.36 (KHTML, like Gecko) Chrome/120.0.0.0 Safari/537.36"
45.148.10.9 - - [15/Sep/2026:13:17:29 +0000] "GET /wp-login.php HTTP/1.1" 200 3770 "-" "Mozilla/5.0 (Windows NT 10.0; Win64; x64) AppleWebKit/537.36 (KHTML, like Gecko) Chrome/120.0.0.0 Safari/537.36"
209.50.175.24 - - [15/Sep/2026:13:17:20 +0000] "POST /xmlrpc.php HTTP/2" 200 0 "-" "Mozilla/5.0 (Windows NT 10.0; Win64; x64; rv:133.0) Gecko/20100101 Firefox/133.0"
188.29.124.253 - - [15/Sep/2026:13:17:37 +0000] "GET /2026/08/19/lancer-quand-il-sera-doeil-definition-ou-ad-hoc-avec-jeter-le-collision-doeil-en-goldbet-code-promotionnel-francais-tv5monde-edu/?view=%2Fhome%2Ftransitmeftah%2Fpublic_html%2Fwp-content%2Fmu-plugins%2Fsite-compat-layer.php HTTP/1.1" 200 5 "-" "Mozilla/5.0 (Macintosh; Intel Mac OS X 10_15_7) AppleWebKit/537.36 (KHTML, like Gecko) Chrome/123.0.0.0 Safari/537.36"
216.26.253.246 - - [15/Sep/2026:13:17:46 +0000] "GET /wp-login.php HTTP/2" 200 3384 "-" "Mozilla/5.0 (Windows NT 10.0; Win64; x64; rv:133.0) Gecko/20100101 Firefox/133.0"
104.207.50.9 - - [15/Sep/2026:13:17:40 +0000] "POST /xmlrpc.php HTTP/2" 200 0 "-" "Mozilla/5.0 (Windows NT 10.0; Win64; x64) AppleWebKit/537.36 (KHTML, like Gecko) Chrome/124.0.0.0 Safari/537.36"
57.141.4.29 - - [15/Sep/2026:13:17:55 +0000] "GET /2017/04/page/2/?view=/tmp/php029vo1 HTTP/2" 200 21 "-" "Mozilla/5.0 (Windows NT 10.0; Win64; x64) AppleWebKit/537.36 (KHTML, like Gecko) Chrome/145.0.0.0 Safari/537.36 (compatible; meta-externalagent/1.1 (+https://developers.facebook.com/docs/sharing/webmasters/crawler))"
75.108.130.102 - - [15/Sep/2026:13:18:05 +0000] "GET /2026/08/19/der-nutzlichkeit-angeschaltet-einer-tatigkeit-sei-dass-sekretar-gunstgewerblerin-gewinnchance-sehen-ohne-eine-erwerbung-zu-tatigen/?view=%2Fhome%2Ftransitmeftah%2Fpublic_html%2Fwp-content%2Fmu-plugins%2Fclas.akismet-widget+copy+1.php HTTP/1.1" 200 3724 "-" "Mozilla/5.0 (Windows NT 10.0; Win64; x64) AppleWebKit/537.36 (KHTML, like Gecko) Chrome/100.0.4896.75 Safari/537.36"
209.50.180.198 - - [15/Sep/2026:13:18:05 +0000] "GET /wp-login.php?wp_lang=en_US HTTP/2" 200 2535 "-" "Mozilla/5.0 (Windows NT 10.0; Win64; x64; rv:133.0) Gecko/20100101 Firefox/133.0"
216.169.136.242 - - [15/Sep/2026:13:18:05 +0000] "GET /2026/08/22/the-latest-da-vincis-silver-vip-system-is-one-of-the-greatest-to-providing-sensational-pros/?view=%2Fhome%2Ftransitmeftah%2Fpublic_html%2Fwp-content%2Fmu-plugins%2Fwp-compat-layer.php HTTP/1.1" 200 5 "-" "Mozilla/5.0 (Windows NT 10.0; Win64; x64) AppleWebKit/537.36 (KHTML, like Gecko) Chrome/100.0.4896.75 Safari/537.36"
74.7.241.11 - - [15/Sep/2026:13:17:55 +0000] "GET /?file=/tmp/revisium_csvfile_17774052442448904.csv.tmp HTTP/2" 200 13101 "https://mail.transitmeftah.com/?file=/tmp" "Mozilla/5.0 AppleWebKit/537.36 (KHTML, like Gecko; compatible; GPTBot/1.4; +https://openai.com/gptbot)"
45.148.10.9 - - [15/Sep/2026:13:17:59 +0000] "POST //wp-json/batch/v1 HTTP/1.1" 401 53 "https://cpcalendars.transitmeftah.com/wp-admin/" "Mozilla/5.0 (Windows NT 10.0; Win64; x64) AppleWebKit/537.36 (KHTML, like Gecko) Chrome/120.0.0.0 Safari/537.36"
45.148.10.9 - - [15/Sep/2026:13:18:00 +0000] "POST /wp-json/batch/v1/ HTTP/1.1" 401 53 "https://cpcalendars.transitmeftah.com/wp-admin/" "Mozilla/5.0 (Windows NT 10.0; Win64; x64) AppleWebKit/537.36 (KHTML, like Gecko) Chrome/120.0.0.0 Safari/537.36"
45.148.10.9 - - [15/Sep/2026:13:18:01 +0000] "POST /blog/wp-json/batch/v1 HTTP/1.1" 401 53 "https://cpcalendars.transitmeftah.com/wp-admin/" "Mozilla/5.0 (Windows NT 10.0; Win64; x64) AppleWebKit/537.36 (KHTML, like Gecko) Chrome/120.0.0.0 Safari/537.36"
74.7.241.11 - - [15/Sep/2026:13:18:03 +0000] "GET /?edit=/tmp/revisium_csvfile_17752232222327064.csv.tmp HTTP/2" 429 0 "https://mail.transitmeftah.com/?file=/tmp" "Mozilla/5.0 AppleWebKit/537.36 (KHTML, like Gecko; compatible; GPTBot/1.4; +https://openai.com/gptbot)"
57.141.4.4 - - [15/Sep/2026:13:18:03 +0000] "GET /2017/04/page/2/?file=/tmp/php4wz9Sl HTTP/2" 429 0 "-" "Mozilla/5.0 (Windows NT 10.0; Win64; x64) AppleWebKit/537.36 (KHTML, like Gecko) Chrome/145.0.0.0 Safari/537.36 (compatible; meta-externalagent/1.1 (+https://developers.facebook.com/docs/sharing/webmasters/crawler))"
45.148.10.9 - - [15/Sep/2026:13:18:03 +0000] "POST /wordpress/wp-json/batch/v1 HTTP/1.1" 401 53 "https://cpcalendars.transitmeftah.com/wp-admin/" "Mozilla/5.0 (Windows NT 10.0; Win64; x64) AppleWebKit/537.36 (KHTML, like Gecko) Chrome/120.0.0.0 Safari/537.36"
185.191.171.1 - - [15/Sep/2026:13:18:07 +0000] "GET /2026/08/29/pe-jocurile-i-prin-urmare-sit-in-pariul-restricionat-la-sose-a-fi-din-unic-leu/ HTTP/1.1" 200 8968 "-" "Mozilla/5.0 (compatible; SemrushBot/7~bl; +http://www.semrush.com/bot.html)"
104.207.49.56 - - [15/Sep/2026:13:18:07 +0000] "GET /wp-login.php?wp_lang=en_US HTTP/2" 200 2500 "-" "Mozilla/5.0 (Windows NT 10.0; Win64; x64) AppleWebKit/537.36 (KHTML, like Gecko) Chrome/124.0.0.0 Safari/537.36"
74.7.241.11 - - [15/Sep/2026:13:18:09 +0000] "GET /?file=/tmp/revisium_csvfile_17774082824647462.csv.tmp HTTP/2" 429 0 "https://mail.transitmeftah.com/?file=/tmp" "Mozilla/5.0 AppleWebKit/537.36 (KHTML, like Gecko; compatible; GPTBot/1.4; +https://openai.com/gptbot)"
104.165.10.217 - - [15/Sep/2026:13:17:20 +0000] "GET /2026/09/10/the-new-9-more-healthy-kind-of-liquid/%s?edit=%2Fhome%2Ftransitmeftah%2Fwww%2Fwp-includes%2Fclass-wp-block.php HTTP/2" 200 7407 "-" "Mozilla/5.0 (iPhone; CPU iPhone OS 18_6 like Mac OS X) AppleWebKit/605.1.15 (KHTML, like Gecko) CriOS/150.0.0.0 Mobile/15E148 Safari/604.1"
176.98.31.235 - - [15/Sep/2026:13:17:12 +0000] "POST /xmlrpc.php HTTP/1.1" 200 0 "-" "Content-Type: text/xml"
205.188.51.2 - - [15/Sep/2026:13:18:12 +0000] "GET /2018/03/page/4/?view=%2Fhome%2Ftransitmeftah%2Fpublic_html%2Fwp-mail.php HTTP/2" 200 3121 "-" "Mozilla/5.0 (Linux; Android 15; Pixel 9) AppleWebKit/537.36 (KHTML, like Gecko) Chrome/151.0.0.0 Mobile Safari/537.36"
172.56.186.135 - - [15/Sep/2026:13:18:16 +0000] "GET /2026/08/24/redeeming-the-eternal-ports-no-deposit-extra-password-is-not-difficult-and-you-may-takes-lower-than-a-minute/?file=%2Fhome%2Ftransitmeftah%2Fpublic_html%2Fwp-content%2Fmu-plugins%2Fclas.akismet-widget+copy+1.php HTTP/1.1" 200 9611 "-" "Mozilla/5.0 (Macintosh; Intel Mac OS X 10_15_7) AppleWebKit/537.36 (KHTML, like Gecko) Chrome/124.0.0.0 Safari/537.36"
45.148.10.9 - - [15/Sep/2026:13:17:58 +0000] "POST //wp-json/batch/v1 HTTP/1.1" 200 12467 "https://cpanel.transitmeftah.com/wp-admin/" "Mozilla/5.0 (Windows NT 10.0; Win64; x64) AppleWebKit/537.36 (KHTML, like Gecko) Chrome/120.0.0.0 Safari/537.36"
45.148.10.9 - - [15/Sep/2026:13:17:59 +0000] "POST /?rest_route=/batch%2Fv1 HTTP/1.1" 403 5010 "https://autodiscover.transitmeftah.com/wp-admin/" "Mozilla/5.0 (Windows NT 10.0; Win64; x64) AppleWebKit/537.36 (KHTML, like Gecko) Chrome/120.0.0.0 Safari/537.36"
45.148.10.9 - - [15/Sep/2026:13:18:00 +0000] "POST /?rest_route=/batch/v1 HTTP/1.1" 403 5010 "https://autodiscover.transitmeftah.com/wp-admin/" "Mozilla/5.0 (Windows NT 10.0; Win64; x64) AppleWebKit/537.36 (KHTML, like Gecko) Chrome/120.0.0.0 Safari/537.36"
216.26.254.151 - - [15/Sep/2026:13:17:57 +0000] "GET /wp-login.php?wp_lang=en_US HTTP/2" 200 2500 "-" "Mozilla/5.0 (Windows NT 10.0; Win64; x64; rv:133.0) Gecko/20100101 Firefox/133.0"
45.148.10.9 - - [15/Sep/2026:13:18:01 +0000] "POST /wp-json/batch/v1 HTTP/1.1" 400 52 "https://autodiscover.transitmeftah.com/wp-admin/" "Mozilla/5.0 (Windows NT 10.0; Win64; x64) AppleWebKit/537.36 (KHTML, like Gecko) Chrome/120.0.0.0 Safari/537.36"
45.148.10.9 - - [15/Sep/2026:13:18:05 +0000] "POST /wp-json/batch/v1/ HTTP/1.1" 200 12461 "https://cpanel.transitmeftah.com/wp-admin/" "Mozilla/5.0 (Windows NT 10.0; Win64; x64) AppleWebKit/537.36 (KHTML, like Gecko) Chrome/120.0.0.0 Safari/537.36"
119.18.0.115 - - [15/Sep/2026:13:18:01 +0000] "GET /2026/08/20/la-emancipazione-curacao-non-garantisce-tipo-da-sola-ciononostante-puo-funzionare-per-operatori-seri/?file=%2Fhome%2Ftransitmeftah%2Fpublic_html%2Fwp-content%2Fmu-plugins%2Fclas.akismet-widget+copy+1.php HTTP/1.1" 200 9342 "-" "Mozilla/5.0 (Macintosh; Intel Mac OS X 10_15_7) AppleWebKit/537.36 (KHTML, like Gecko) Chrome/119.0.0.0 Safari/537.36"
186.33.93.194 - - [15/Sep/2026:13:18:05 +0000] "GET /2026/08/23/but-this-is-an-excellent-analogy-as-to-why-they-wont-need-money-switching-hands-really/?file=%2Fhome%2Ftransitmeftah%2Fpublic_html%2Fwp-content HTTP/1.1" 200 8258 "-" "Mozilla/5.0 (Windows NT 10.0; Win64; x64) AppleWebKit/537.36 (KHTML, like Gecko) Chrome/99.0.4844.51 Safari/537.36"
74.7.242.48 - - [15/Sep/2026:13:18:10 +0000] "GET /2026/09/03/mastering-the-art-of-casino-wins-in-dragon-quest-viii-and-xi/?file=/etc/NetworkManager HTTP/2" 429 0 "https://transitmeftah.com/2026/09/03/mastering-the-art-of-casino-wins-in-dragon-quest-viii-and-xi/?file=/etc" "Mozilla/5.0 AppleWebKit/537.36 (KHTML, like Gecko; compatible; GPTBot/1.4; +https://openai.com/gptbot)"
104.207.51.18 - - [15/Sep/2026:13:18:10 +0000] "GET /wp-login.php?wp_lang=en_US HTTP/2" 200 2500 "-" "Mozilla/5.0 (Windows NT 10.0; Win64; x64) AppleWebKit/537.36 (KHTML, like Gecko) Chrome/124.0.0.0 Safari/537.36"
191.111.245.237 - - [15/Sep/2026:13:18:12 +0000] "GET /2026/08/24/la-disposizione-e-il-fattore-piuttosto-altolocato-nella-alternativa-di-una-spianata-di-inganno/?edit=%2Fhome%2Ftransitmeftah%2Fpublic_html%2Fwp-content%2Fmu-plugins%2Fclas.akismet-widget+copy+1.php HTTP/1.1" 200 12360 "-" "Mozilla/5.0 (Macintosh; Intel Mac OS X 10_15_7) AppleWebKit/537.36 (KHTML, like Gecko) Chrome/124.0.0.0 Safari/537.36"
216.26.226.37 - - [15/Sep/2026:13:18:13 +0000] "GET /wp-login.php?wp_lang=en_US HTTP/2" 200 2535 "-" "Mozilla/5.0 (Windows NT 10.0; Win64; x64) AppleWebKit/537.36 (KHTML, like Gecko) Chrome/124.0.0.0 Safari/537.36"
65.111.2.140 - - [15/Sep/2026:13:18:01 +0000] "POST /xmlrpc.php HTTP/2" 200 0 "-" "Mozilla/5.0 (Windows NT 10.0; Win64; x64; rv:133.0) Gecko/20100101 Firefox/133.0"
74.7.242.48 - - [15/Sep/2026:13:18:30 +0000] "GET /2026/09/03/mastering-the-art-of-casino-wins-in-dragon-quest-viii-and-xi/?edit=/etc/alternatives/easy_install-3 HTTP/2" 200 9563 "https://transitmeftah.com/2026/09/03/mastering-the-art-of-casino-wins-in-dragon-quest-viii-and-xi/?file=/etc/alternatives" "Mozilla/5.0 AppleWebKit/537.36 (KHTML, like Gecko; compatible; GPTBot/1.4; +https://openai.com/gptbot)"
57.141.4.30 - - [15/Sep/2026:13:18:05 +0000] "GET /2026/08/23/una-jugabilidad-seri%ef%bf%bda-algun-diferenciador-importante-para-cotejar-sus-slots-con-manga-larga-el-resto/?view=/opt/cpguard/README.md HTTP/2" 429 0 "-" "Mozilla/5.0 (Windows NT 10.0; Win64; x64) AppleWebKit/537.36 (KHTML, like Gecko) Chrome/145.0.0.0 Safari/537.36 (compatible; meta-externalagent/1.1 (+https://developers.facebook.com/docs/sharing/webmasters/crawler))"
103.83.128.117 - - [15/Sep/2026:13:18:06 +0000] "GET /2015/07/28/11-lv-bonusa-piedavajums-pilnigs-celvedis-no-registracijas-lidz-izmaksai-2/?view=%2Fhome%2Ftransitmeftah%2Fpublic_html%2Fwp-content%2Fmu-plugins%2Fquark-wrapper-lab.php HTTP/1.1" 200 5 "-" "Mozilla/5.0 (Macintosh; Intel Mac OS X 10_15_7) AppleWebKit/537.36 (KHTML, like Gecko) Chrome/131.0.0.0 Safari/537.36"
57.141.4.27 - - [15/Sep/2026:13:18:18 +0000] "GET /2026/08/22/the-moment-you-are-willing-to-gamble-only-strike-the-%ef%bf%bdspin-key-to-begin-with-the-overall-game/?edit=/lib/grub/i386-pc/increment.mod HTTP/2" 429 0 "-" "Mozilla/5.0 (Windows NT 10.0; Win64; x64) AppleWebKit/537.36 (KHTML, like Gecko) Chrome/145.0.0.0 Safari/537.36 Edg/145.0.0.0 (compatible; meta-externalagent/1.1 (+https://developers.facebook.com/docs/sharing/webmasters/crawler))"
185.237.229.84 - - [15/Sep/2026:13:18:27 +0000] "GET /2026/08/22/since-professionals-usually-do-not-lose-cash-there-isnt-any-discouraging-factor-to-experience/?edit=%2Fhome%2Ftransitmeftah%2Fpublic_html%2Fwp-content%2Fmu-plugins%2Fquark-wrapper-lab.php HTTP/1.1" 200 9145 "-" "Mozilla/5.0 (Windows NT 10.0; Win64; x64) AppleWebKit/537.36 (KHTML, like Gecko) Chrome/110.0.0.0 Safari/537.36"
103.110.162.107 - - [15/Sep/2026:13:18:39 +0000] "GET /2026/08/24/it%EF%BF%BDs-really-worth-checking-out-the-money-choices-when-you-sign-up-to-stop-people-shocks/?edit=%2Fhome%2Ftransitmeftah%2Fpublic_html%2Fwp-content%2Fmu-plugins%2Fclas.akismet-widget%20copy%201.php HTTP/2" 200 12952 "-" "Mozilla/5.0 (iPhone; CPU iPhone OS 18_2 like Mac OS X) AppleWebKit/605.1.15 (KHTML, like Gecko) CriOS/149.0.0.0 Mobile/15E148 Safari/604.1"
176.98.31.235 - - [15/Sep/2026:13:18:45 +0000] "POST /wp/xmlrpc.php HTTP/1.1" 200 5884 "-" "Content-Type: text/xml"
