57.141.4.31 - - [19/Sep/2026:15:04:30 +0000] "GET /2017/04/page/2/?view=/etc/mailcap HTTP/2" 200 148 "-" "Mozilla/5.0 (Windows NT 10.0; Win64; x64) AppleWebKit/537.36 (KHTML, like Gecko) Chrome/145.0.0.0 Safari/537.36 (compatible; meta-externalagent/1.1 (+https://developers.facebook.com/docs/sharing/webmasters/crawler))"
223.165.69.53 - - [19/Sep/2026:15:04:44 +0000] "GET /2026/04/11/antiklinoriy-bonusov-https-tzelen-ru-dialogovyy-kazino-a-eshche-vozmozhnosti-polucheniya-vozmezdiy-v-vidakh-polzovateley/ HTTP/1.1" 200 38626 "-" "Mozilla/5.0 (Windows NT 10.0; Win64; x64) AppleWebKit/537.36 (KHTML, like Gecko) Chrome/134.0.0.0 Safari/537.36 Trailer/93.3.8652.5"
57.141.4.1 - - [19/Sep/2026:15:05:18 +0000] "GET /2017/04/page/2/?file=/tmp/turnicheck_pdf_hybrid_6a9a21d6ab9a75.93074212 HTTP/2" 429 0 "-" "Mozilla/5.0 (Macintosh; Intel Mac OS X 10_15_7) AppleWebKit/537.36 (KHTML, like Gecko) Chrome/145.0.0.0 Safari/537.36 (compatible; meta-externalagent/1.1 (+https://developers.facebook.com/docs/sharing/webmasters/crawler))"
66.249.66.44 - - [19/Sep/2026:15:05:26 +0000] "GET /?product/category/view_more/25549888481100 HTTP/1.1" 200 12251 "-" "Mozilla/5.0 (Linux; Android 6.0.1; Nexus 5X Build/MMB29P) AppleWebKit/537.36 (KHTML, like Gecko) Chrome/153.0.8010.47 Mobile Safari/537.36 (compatible; Googlebot/2.1; +http://www.google.com/bot.html)"
223.165.69.53 - - [19/Sep/2026:15:05:27 +0000] "GET /2026/08/08/infrastruktura-doveriya-onlayn-igornyy-dom-a-takzhe-modifikatsii-podotchetnosti-eva-kazino-zerkalo-ofitsialnyy-sayt-reguliruyushchikh-organizatsiy/ HTTP/1.1" 200 38711 "-" "Mozilla/5.0 (Windows NT 10.0; Win64; x64) AppleWebKit/537.36 (KHTML, like Gecko) Chrome/107.0.0.0 Safari/537.3"
188.241.67.140 - - [19/Sep/2026:15:05:55 +0000] "GET /2016/10/page/4/?file=%2Fhome%2Ftransitmeftah%2Fpublic_html%2Fwp-content%2Fupgrade HTTP/2" 200 5307 "-" "Mozilla/5.0 (Linux; Android 15; CPH2653) AppleWebKit/537.36 (KHTML, like Gecko) Chrome/149.0.0.0 Mobile Safari/537.36"
104.165.18.195 - - [19/Sep/2026:15:06:23 +0000] "GET /2026/09/10/erdekes-fogadasi-strategiak-es-meglepetesek-varnak-a-https-4/?edit=%2Fhome%2Ftransitmeftah%2Fpublic_html%2Fwp-content%2Fmu-plugins%2Fut_Pruo219c.txt HTTP/2" 200 9798 "-" "Mozilla/5.0 (iPhone; CPU iPhone OS 18_5 like Mac OS X) AppleWebKit/605.1.15 (KHTML, like Gecko) CriOS/147.0.0.0 Mobile/15E148 Safari/604.1"
194.247.173.99 - - [19/Sep/2026:15:06:45 +0000] "GET /robots.txt HTTP/1.1" 200 72 "-" "Mozilla/5.0 (compatible; MJ12bot/v1.4.8; http://mj12bot.com/)"
57.141.4.6 - - [19/Sep/2026:15:06:44 +0000] "GET /2017/04/page/2/?file=/tmp/dspace_10475595.pdf HTTP/2" 200 286 "-" "Mozilla/5.0 (Windows NT 10.0; Win64; x64) AppleWebKit/537.36 (KHTML, like Gecko) Chrome/145.0.0.0 Safari/537.36 (compatible; meta-externalagent/1.1 (+https://developers.facebook.com/docs/sharing/webmasters/crawler))"
194.247.173.99 - - [19/Sep/2026:15:06:47 +0000] "GET /$posts_page?file=/home/transitmeftah/public_html/wp-content HTTP/1.1" 200 5526 "-" "Mozilla/5.0 (compatible; MJ12bot/v1.4.8; http://mj12bot.com/)"
185.191.171.11 - - [19/Sep/2026:15:06:49 +0000] "GET /2026/08/31/twin-spin-la-manera-sobre-como-competir-asi-como-ganar-tacticas-y-no-ha-transpirado-metodos-exitosas-de-el-tragaperras-twin-spin/ HTTP/1.1" 200 13086 "-" "Mozilla/5.0 (compatible; SemrushBot/7~bl; +http://www.semrush.com/bot.html)"
216.73.217.131 - - [19/Sep/2026:15:06:34 +0000] "GET /%22https:/wordpress.org/support/forums/usage_202602.html?view=%27.%24file.%27 HTTP/2" 200 440 "-" "Mozilla/5.0 AppleWebKit/537.36 (KHTML, like Gecko; compatible; ClaudeBot/1.0; +claudebot@anthropic.com)"
74.7.241.38 - - [19/Sep/2026:15:06:39 +0000] "GET /?edit=/tmp/turnicheck_external_cache/7eb70b145236fdc1778ad928f610157a0b14d578.json HTTP/2" 200 17084 "https://mail.transitmeftah.com/?file=/tmp/turnicheck_external_cache" "Mozilla/5.0 AppleWebKit/537.36 (KHTML, like Gecko; compatible; GPTBot/1.4; +https://openai.com/gptbot)"
74.7.241.38 - - [19/Sep/2026:15:06:47 +0000] "GET /?file=/tmp/turnicheck_external_cache/24765a4058fe8c743934b82058f95c413dbadd11.json HTTP/2" 429 0 "https://mail.transitmeftah.com/?file=/tmp/turnicheck_external_cache" "Mozilla/5.0 AppleWebKit/537.36 (KHTML, like Gecko; compatible; GPTBot/1.4; +https://openai.com/gptbot)"
74.7.241.38 - - [19/Sep/2026:15:06:54 +0000] "GET /?view=/home/transitmeftah/public_html/wp-includes/js/admin-bar.min.js HTTP/2" 429 0 "https://mail.transitmeftah.com/?file=/home/transitmeftah/public_html/wp-includes/js" "Mozilla/5.0 AppleWebKit/537.36 (KHTML, like Gecko; compatible; GPTBot/1.4; +https://openai.com/gptbot)"
223.165.69.53 - - [19/Sep/2026:15:06:54 +0000] "GET /2026/01/03/otvety-ob-bounty-casino-27-udovletvorennosti-investorov-onlayn-igornyy-dom-a-eshche-kachestve-servisa/ HTTP/1.1" 200 39690 "-" "Mozilla/5.0 (Windows NT 10.0; Win64; x64) AppleWebKit/537.36 (KHTML, like Gecko) Chrome/134.0.0.0 Safari/537.3"
74.7.241.38 - - [19/Sep/2026:15:07:04 +0000] "GET /%22https:/wordpress.org/documentation/article/tools-erase-personal-data-screen/%22?file=/home/transitmeftah/public_html/wp-content/mu-plugins HTTP/2" 429 0 "https://mail.transitmeftah.com/%22https:/wordpress.org/documentation/article/tools-erase-personal-data-screen/%22?file=/home/transitmeftah/public_html/wp-content/mu-plugins/clas.akismet-widget%20copy%201.php" "Mozilla/5.0 AppleWebKit/537.36 (KHTML, like Gecko; compatible; GPTBot/1.4; +https://openai.com/gptbot)"
85.208.96.198 - - [19/Sep/2026:15:07:12 +0000] "GET /2026/08/25/nonetheless-when-youre-a-person-which-have-a-low-funds-you-should-reconsider-that-thought-if-you-fail-to-manage-to-pay-20/ HTTP/1.1" 200 8908 "-" "Mozilla/5.0 (compatible; SemrushBot/7~bl; +http://www.semrush.com/bot.html)"
74.7.241.38 - - [19/Sep/2026:15:07:18 +0000] "GET /%22https:/wordpress.org/documentation/article/appearance-theme-file-editor-screen/%22?file=/home/transitmeftah/public_html/wp-content/mu-plugins HTTP/2" 429 0 "https://mail.transitmeftah.com/%22https:/wordpress.org/documentation/article/appearance-theme-file-editor-screen/%22?file=/home/transitmeftah/public_html/wp-content/mu-plugins/ut_Pruo219c.txt" "Mozilla/5.0 AppleWebKit/537.36 (KHTML, like Gecko; compatible; GPTBot/1.4; +https://openai.com/gptbot)"
195.26.251.28 - - [19/Sep/2026:15:07:30 +0000] "POST /wp-cron.php?doing_wp_cron=1789830450.0897939205169677734375 HTTP/1.1" 200 0 "-" "WordPress/6.9.6; https://transitmeftah.com"
57.141.4.5 - - [19/Sep/2026:15:07:34 +0000] "GET /2026/08/23/una-jugabilidad-seri%ef%bf%bda-algun-diferenciador-importante-para-cotejar-sus-slots-con-manga-larga-el-resto/?edit=/opt/fleetssl-cpanel/vendor_theme_x3_header.html HTTP/2" 200 9022 "-" "Mozilla/5.0 (Windows NT 10.0; Win64; x64) AppleWebKit/537.36 (KHTML, like Gecko) Chrome/145.0.0.0 Safari/537.36 Edg/145.0.0.0 (compatible; meta-externalagent/1.1 (+https://developers.facebook.com/docs/sharing/webmasters/crawler))"
74.7.241.38 - - [19/Sep/2026:15:07:39 +0000] "GET /?file=/tmp/turnicheck_external_cache/epmc-json-v78-08c28f76b86510c294c3d5d95d715ad02c82b58c.json HTTP/2" 429 0 "https://mail.transitmeftah.com/?file=/tmp/turnicheck_external_cache" "Mozilla/5.0 AppleWebKit/537.36 (KHTML, like Gecko; compatible; GPTBot/1.4; +https://openai.com/gptbot)"
74.7.241.51 - - [19/Sep/2026:15:06:41 +0000] "GET /wp-json/wp/v2/posts/119330?file=/home/transitmeftah/public_html/wp-includes/class-wp-dependency.php HTTP/2" 429 0 "https://transitmeftah.com/wp-json/wp/v2/posts/119330?file=/home/transitmeftah/public_html/wp-includes" "Mozilla/5.0 AppleWebKit/537.36 (KHTML, like Gecko; compatible; GPTBot/1.4; +https://openai.com/gptbot)"
223.165.69.53 - - [19/Sep/2026:15:06:51 +0000] "GET /2026/01/03/otvety-ob-bounty-casino-27-udovletvorennosti-investorov-onlayn-igornyy-dom-a-eshche-kachestve-servisa/ HTTP/1.1" 200 39690 "-" "Mozilla/5.0 (Windows NT 10.0; Win64; x64) AppleWebKit/537.36 (KHTML, like Gecko) Chrome/134.0.0.0 Safari/537.3"
54.37.252.46 - - [19/Sep/2026:15:06:53 +0000] "GET /robots.txt HTTP/1.1" 200 71 "-" "Mozilla/5.0 (compatible; MJ12bot/v1.4.8; http://mj12bot.com/)"
54.37.252.46 - - [19/Sep/2026:15:06:57 +0000] "GET /2026/08/27/oranjebet-casino-sluit-samenwerking-met-pragmatic-play-voor-live-casinospellen/?file=/bin/gs HTTP/1.1" 200 7399 "-" "Mozilla/5.0 (compatible; MJ12bot/v1.4.8; http://mj12bot.com/)"
74.7.241.51 - - [19/Sep/2026:15:07:01 +0000] "GET /wp-json/wp/v2/posts/119330?edit=/home/transitmeftah/public_html/wp-includes/class-wp-feed-cache.php HTTP/2" 429 0 "https://transitmeftah.com/wp-json/wp/v2/posts/119330?file=/home/transitmeftah/public_html/wp-includes" "Mozilla/5.0 AppleWebKit/537.36 (KHTML, like Gecko; compatible; GPTBot/1.4; +https://openai.com/gptbot)"
54.37.252.46 - - [19/Sep/2026:15:07:08 +0000] "GET /2026/08/27/oranjebet-casino-sluit-samenwerking-met-pragmatic-play-voor-live-casinospellen/?file=/bin/gsettings HTTP/1.1" 200 7395 "-" "Mozilla/5.0 (compatible; MJ12bot/v1.4.8; http://mj12bot.com/)"
196.247.162.142 - - [19/Sep/2026:15:07:11 +0000] "GET /2026/09/18/winning-2493/ HTTP/1.1" 200 8144 "-" "Mozilla/5.0 (compatible; Googlebot/2.1; +http://www.google.com/bot.html)"
74.7.241.51 - - [19/Sep/2026:15:07:21 +0000] "GET /wp-json/wp/v2/posts/119330?file=/home/transitmeftah/public_html/wp-includes/class-wp-feed-cache.php HTTP/2" 429 0 "https://transitmeftah.com/wp-json/wp/v2/posts/119330?file=/home/transitmeftah/public_html/wp-includes" "Mozilla/5.0 AppleWebKit/537.36 (KHTML, like Gecko; compatible; GPTBot/1.4; +https://openai.com/gptbot)"
223.165.69.53 - - [19/Sep/2026:15:07:29 +0000] "GET /2026/06/17/bezvozmezdnye-vrashcheniya-i-bonusnye-mekhaniki-onlayn-kazino-anlimkazino-dlya-obychnykh-investorov/ HTTP/1.1" 200 35029 "-" "Mozilla/5.0 (Windows NT 10.0; Win64; x64) AppleWebKit/537.36 (KHTML, like Gecko) Chrome/132.0.0.0 Safari/537.36 Edg/132.0.0."
114.119.145.175 - - [19/Sep/2026:15:07:39 +0000] "GET /2026/08/29/understanding-the-regards-to-the-new-bonuses-and-you-may-wagering-requirements-ahead-of-using-them-can-optimize-your-earnings/ HTTP/1.1" 200 9602 "https://transitmeftah.com/2026/08/29/understanding-the-regards-to-the-new-bonuses-and-you-may-wagering-requirements-ahead-of-using-them-can-optimize-your-earnings/" "Mozilla/5.0 (Linux; Android 7.0;) AppleWebKit/537.36 (HTML, like Gecko) Mobile Safari/537.36 (compatible; PetalBot;+https://webmaster.petalsearch.com/site/petalbot)"
74.7.241.51 - - [19/Sep/2026:15:07:41 +0000] "GET /wp-json/wp/v2/posts/119330?view=/home/transitmeftah/public_html/wp-includes/class-wp-comment.php HTTP/2" 200 2625 "https://transitmeftah.com/wp-json/wp/v2/posts/119330?file=/home/transitmeftah/public_html/wp-includes" "Mozilla/5.0 AppleWebKit/537.36 (KHTML, like Gecko; compatible; GPTBot/1.4; +https://openai.com/gptbot)"
185.191.171.13 - - [19/Sep/2026:15:07:49 +0000] "GET /2026/08/18/introducing-%EF%BF%BD-the-most-effective-investment-having-live-casino-games-and-you-will-game-play/ HTTP/1.1" 200 9982 "-" "Mozilla/5.0 (compatible; SemrushBot/7~bl; +http://www.semrush.com/bot.html)"
216.10.214.26 - - [19/Sep/2026:15:06:34 +0000] "GET /2026/08/31/supported-by-a-solid-fundamental-rtp-it-discharge-provides-a-component-packed-streamable-park-engineered-to-own-highest-volatility-people/?file=%2Fhome%2Ftransitmeftah%2Fpublic_html%2Fwp-content%2Fmu-plugins%2Fquark-wrapper-lab.php HTTP/1.1" 200 7754 "-" "Mozilla/5.0 (Windows NT 10.0; Win64; x64) AppleWebKit/537.36 (KHTML, like Gecko) Chrome/101.0.4951.67 Safari/537.36"
190.106.185.234 - - [19/Sep/2026:15:06:54 +0000] "GET /2026/09/02/genuine-curiosity-surrounding-winspirit-unveils/?edit=%2Fhome%2Ftransitmeftah%2Fpublic_html%2Fwp-content%2Fmu-plugins%2Fquark-wrapper-lab.php HTTP/2" 200 11336 "-" "Mozilla/5.0 (Linux; Android 15; SM-S938B) AppleWebKit/537.36 (KHTML, like Gecko) Chrome/150.0.0.0 Mobile Safari/537.36"
216.73.217.131 - - [19/Sep/2026:15:06:59 +0000] "GET /%22https:/wordpress.org/support/forums/usage_202602.html?file=%27.%24file.%27 HTTP/2" 200 252 "-" "Mozilla/5.0 AppleWebKit/537.36 (KHTML, like Gecko; compatible; ClaudeBot/1.0; +claudebot@anthropic.com)"
57.141.4.46 - - [19/Sep/2026:15:07:06 +0000] "GET /2026/08/23/una-jugabilidad-seri%ef%bf%bda-algun-diferenciador-importante-para-cotejar-sus-slots-con-manga-larga-el-resto/?edit=/proc/668/wchan HTTP/2" 200 8858 "-" "Mozilla/5.0 (X11; Linux x86_64) AppleWebKit/537.36 (KHTML, like Gecko) Chrome/145.0.0.0 Safari/537.36 (compatible; meta-externalagent/1.1 (+https://developers.facebook.com/docs/sharing/webmasters/crawler))"
23.230.91.145 - - [19/Sep/2026:15:07:22 +0000] "GET /2026/07/29/coronavirus-disease-2019/?view=%2Fhome%2Ftransitmeftah%2Fpublic_html%2Fwp-content%2Fmu-plugins%2Fquark-wrapper-lab.php HTTP/2" 200 5 "-" "Mozilla/5.0 (Linux; Android 15; SM-S938B) AppleWebKit/537.36 (KHTML, like Gecko) Chrome/150.0.0.0 Mobile Safari/537.36"
104.165.203.100 - - [19/Sep/2026:15:07:51 +0000] "GET /2016/04/page/3/?edit=%2Fhome%2Ftransitmeftah%2Fpublic_html%2Fwp-content%2Fmu-plugins%2Fut_Pruo219c.txt HTTP/2" 200 7880 "-" "Mozilla/5.0 (iPhone; CPU iPhone OS 18_6 like Mac OS X) AppleWebKit/605.1.15 (KHTML, like Gecko) CriOS/150.0.0.0 Mobile/15E148 Safari/604.1"
57.141.4.70 - - [19/Sep/2026:15:07:55 +0000] "GET /2026/08/22/new-indoor-pool-is-actually-a-massive-strike-towards-students-while-the-staff-is-actually-very-mindful/?file=/home/transitmeftah/public_html/wp-includes/functions.wp-scripts.php HTTP/2" 200 9625 "-" "Mozilla/5.0 (Windows NT 10.0; Win64; x64) AppleWebKit/537.36 (KHTML, like Gecko) Chrome/145.0.0.0 Safari/537.36 (compatible; meta-externalagent/1.1 (+https://developers.facebook.com/docs/sharing/webmasters/crawler))"
223.165.69.53 - - [19/Sep/2026:15:08:01 +0000] "GET /2026/06/05/besplatnye-vercheniya-a-mani-iks-sayt-takzhe-premialnye-organizatsii-onlaynovyy-kazino-v-vidakh-interaktivnykh-veseliy/ HTTP/1.1" 200 37307 "-" "Mozilla/5.0 (Macintosh; Intel Mac OS X 10_15_7) AppleWebKit/605.1.15 (KHTML, like Gecko) Version/17.10 Safari/605.1.1"
194.247.173.99 - - [19/Sep/2026:15:08:03 +0000] "GET /2026/08/27/oranjebet-casino-sluit-samenwerking-met-pragmatic-play-voor-live-casinospellen/?file=/bin/fribidi HTTP/1.1" 200 7387 "-" "Mozilla/5.0 (compatible; MJ12bot/v1.4.8; http://mj12bot.com/)"
194.247.173.99 - - [19/Sep/2026:15:08:06 +0000] "GET /2026/08/27/oranjebet-casino-sluit-samenwerking-met-pragmatic-play-voor-live-casinospellen/?file=/bin/ftp HTTP/1.1" 200 7423 "-" "Mozilla/5.0 (compatible; MJ12bot/v1.4.8; http://mj12bot.com/)"
194.247.173.99 - - [19/Sep/2026:15:08:09 +0000] "GET /2026/08/27/oranjebet-casino-sluit-samenwerking-met-pragmatic-play-voor-live-casinospellen/?file=/bin/ftp-rfc HTTP/1.1" 200 7386 "-" "Mozilla/5.0 (compatible; MJ12bot/v1.4.8; http://mj12bot.com/)"
194.247.173.99 - - [19/Sep/2026:15:08:11 +0000] "GET /2026/08/27/oranjebet-casino-sluit-samenwerking-met-pragmatic-play-voor-live-casinospellen/?file=/bin/funzip HTTP/1.1" 200 7389 "-" "Mozilla/5.0 (compatible; MJ12bot/v1.4.8; http://mj12bot.com/)"
57.141.4.62 - - [19/Sep/2026:15:06:55 +0000] "GET /2017/04/page/2/?file=/tmp/systemd-private-f2cac492e3674f55b946757d26582fec-ea-php82-php-fpm.service-sxxP5Y HTTP/2" 200 334 "-" "Mozilla/5.0 (Macintosh; Intel Mac OS X 10_15_7) AppleWebKit/537.36 (KHTML, like Gecko) Chrome/145.0.0.0 Safari/537.36 (compatible; meta-externalagent/1.1 (+https://developers.facebook.com/docs/sharing/webmasters/crawler))"
57.141.4.38 - - [19/Sep/2026:15:07:15 +0000] "GET /2017/04/page/2/?edit=/tmp/revisium_csvfile_17752299068513064.csv.tmp HTTP/2" 429 0 "-" "Mozilla/5.0 (Windows NT 10.0; Win64; x64) AppleWebKit/537.36 (KHTML, like Gecko) Chrome/145.0.0.0 Safari/537.36 (compatible; meta-externalagent/1.1 (+https://developers.facebook.com/docs/sharing/webmasters/crawler))"
194.247.173.99 - - [19/Sep/2026:15:06:49 +0000] "GET /2026/08/27/oranjebet-casino-sluit-samenwerking-met-pragmatic-play-voor-live-casinospellen/?edit=/lib64/libSvtAv1Dec.so.0.8.7 HTTP/1.1" 200 717050 "-" "Mozilla/5.0 (compatible; MJ12bot/v1.4.8; http://mj12bot.com/)"
57.141.4.71 - - [19/Sep/2026:15:07:24 +0000] "GET /wp-json/wp/v2/posts/23510?edit=/bin/mbadblocks HTTP/2" 429 0 "-" "Mozilla/5.0 (Windows NT 10.0; Win64; x64) AppleWebKit/537.36 (KHTML, like Gecko) Chrome/145.0.0.0 Safari/537.36 (compatible; meta-externalagent/1.1 (+https://developers.facebook.com/docs/sharing/webmasters/crawler))"
223.165.69.53 - - [19/Sep/2026:15:07:32 +0000] "GET /2026/06/17/bezvozmezdnye-vrashcheniya-i-bonusnye-mekhaniki-onlayn-kazino-anlimkazino-dlya-obychnykh-investorov/ HTTP/1.1" 200 35029 "-" "Mozilla/5.0 (Windows NT 10.0; Win64; x64) AppleWebKit/537.36 (KHTML, like Gecko) Chrome/132.0.0.0 Safari/537.36 Edg/132.0.0."
17.166.23.17 - - [19/Sep/2026:15:08:09 +0000] "GET /2026/08/23/detachment-moments-are-very-punctual-while-using-the-cryptocurrencies-with-deals-processed-very-quickly/?edit=/home/transitmeftah/public_html/wp-content/plugins/wp-file-manager/languages/wp-file-manager-te.po HTTP/2" 200 19990 "-" "Mozilla/5.0 (Macintosh; Intel Mac OS X 10_15_7) AppleWebKit/605.1.15 (KHTML, like Gecko) Version/17.4 Safari/605.1.15 (Applebot/0.1; +http://www.apple.com/go/applebot)"
17.166.23.22 - - [19/Sep/2026:15:08:11 +0000] "GET /2026/08/23/detachment-moments-are-very-punctual-while-using-the-cryptocurrencies-with-deals-processed-very-quickly/?view=/home/transitmeftah/public_html/wp-content/plugins/wp-file-manager/languages/wp-file-manager-ar.po HTTP/2" 200 9568 "-" "Mozilla/5.0 (Macintosh; Intel Mac OS X 10_15_7) AppleWebKit/605.1.15 (KHTML, like Gecko) Version/17.4 Safari/605.1.15 (Applebot/0.1; +http://www.apple.com/go/applebot)"
57.141.4.31 - - [19/Sep/2026:15:08:12 +0000] "GET /wp-json/wp/v2/posts/24176?file=/home/transitmeftah/public_html/wp-admin/authorize-application.php HTTP/2" 429 0 "-" "Mozilla/5.0 (X11; Linux x86_64) AppleWebKit/537.36 (KHTML, like Gecko) Chrome/145.0.0.0 Safari/537.36 (compatible; meta-externalagent/1.1 (+https://developers.facebook.com/docs/sharing/webmasters/crawler))"
57.141.4.31 - - [19/Sep/2026:15:07:45 +0000] "GET /wp-json/wp/v2/posts/24176?file=/home/transitmeftah/public_html/wp-admin/comment.php HTTP/2" 200 3410 "-" "Mozilla/5.0 (Macintosh; Intel Mac OS X 10_15_7) AppleWebKit/537.36 (KHTML, like Gecko) Chrome/145.0.0.0 Safari/537.36 (compatible; meta-externalagent/1.1 (+https://developers.facebook.com/docs/sharing/webmasters/crawler))"
74.7.241.38 - - [19/Sep/2026:15:07:58 +0000] "GET /?file=/tmp/turnicheck_external_cache/epmc-json-v78-fd54d0942e70b3b4a31e5c2b702622e2b5692d48.json HTTP/2" 429 0 "https://mail.transitmeftah.com/?file=/tmp/turnicheck_external_cache" "Mozilla/5.0 AppleWebKit/537.36 (KHTML, like Gecko; compatible; GPTBot/1.4; +https://openai.com/gptbot)"
223.165.69.53 - - [19/Sep/2026:15:07:59 +0000] "GET /2026/06/05/besplatnye-vercheniya-a-mani-iks-sayt-takzhe-premialnye-organizatsii-onlaynovyy-kazino-v-vidakh-interaktivnykh-veseliy/ HTTP/1.1" 200 37307 "-" "Mozilla/5.0 (Macintosh; Intel Mac OS X 10_15_7) AppleWebKit/605.1.15 (KHTML, like Gecko) Version/17.10 Safari/605.1.1"
194.247.173.99 - - [19/Sep/2026:15:07:30 +0000] "GET /2026/08/27/oranjebet-casino-sluit-samenwerking-met-pragmatic-play-voor-live-casinospellen/?edit=/lib64/libicudata.so.60.3 HTTP/1.1" 200 1302826 "-" "Mozilla/5.0 (compatible; MJ12bot/v1.4.8; http://mj12bot.com/)"
57.141.4.51 - - [19/Sep/2026:15:08:03 +0000] "GET /2017/04/page/2/?edit=/tmp/phpkajuIE HTTP/2" 429 0 "-" "Mozilla/5.0 (Windows NT 10.0; Win64; x64) AppleWebKit/537.36 (KHTML, like Gecko) Chrome/144.0.0.0 Safari/537.36 Edg/144.0.0.0 (compatible; meta-externalagent/1.1 (+https://developers.facebook.com/docs/sharing/webmasters/crawler))"
74.7.241.51 - - [19/Sep/2026:15:08:01 +0000] "GET /wp-json/wp/v2/posts/119330?file=/home/transitmeftah/public_html/wp-includes/author-template.php HTTP/2" 200 3936 "https://transitmeftah.com/wp-json/wp/v2/posts/119330?file=/home/transitmeftah/public_html/wp-includes" "Mozilla/5.0 AppleWebKit/537.36 (KHTML, like Gecko; compatible; GPTBot/1.4; +https://openai.com/gptbot)"
74.7.241.38 - - [19/Sep/2026:15:08:18 +0000] "GET /?edit=/tmp/turnicheck_external_cache/epmc-json-v78-08c28f76b86510c294c3d5d95d715ad02c82b58c.json HTTP/2" 429 0 "https://mail.transitmeftah.com/?file=/tmp/turnicheck_external_cache" "Mozilla/5.0 AppleWebKit/537.36 (KHTML, like Gecko; compatible; GPTBot/1.4; +https://openai.com/gptbot)"
47.79.13.147 - - [19/Sep/2026:15:08:20 +0000] "GET /2017/01/09/tipsport-bonus-ako-ho-ziskat-a-premenit-na-realne-peniaze/ HTTP/1.1" 200 9660 "https://transitmeftah.com/" "Mozilla/5.0 (Windows NT 10.0; Win64; x64) AppleWebKit/537.36 (KHTML, like Gecko) Chrome/135.0.0.0 Safari/537.36"
74.7.241.51 - - [19/Sep/2026:15:08:17 +0000] "GET /wp-json/wp/v2/posts/119330?edit=/home/transitmeftah/public_html/wp-includes/class-wp-comment-query.php HTTP/2" 200 15577 "https://transitmeftah.com/wp-json/wp/v2/posts/119330?file=/home/transitmeftah/public_html/wp-includes" "Mozilla/5.0 AppleWebKit/537.36 (KHTML, like Gecko; compatible; GPTBot/1.4; +https://openai.com/gptbot)"
67.227.31.252 - - [19/Sep/2026:15:08:20 +0000] "GET /category/post/page/3/?view=%2Fhome%2Ftransitmeftah%2Fpublic_html%2Fwp-content%2Fadvanced-cache.php HTTP/2" 200 5 "-" "Mozilla/5.0 (Linux; Android 14; 23127PN0CC) AppleWebKit/537.36 (KHTML, like Gecko) Chrome/147.0.0.0 Mobile Safari/537.36"
194.247.173.99 - - [19/Sep/2026:15:08:14 +0000] "GET /2026/08/27/oranjebet-casino-sluit-samenwerking-met-pragmatic-play-voor-live-casinospellen/?file=/bin/g HTTP/1.1" 200 7405 "-" "Mozilla/5.0 (compatible; MJ12bot/v1.4.8; http://mj12bot.com/)"
194.247.173.99 - - [19/Sep/2026:15:08:17 +0000] "GET /2026/08/27/oranjebet-casino-sluit-samenwerking-met-pragmatic-play-voor-live-casinospellen/?file=/bin/gapplication HTTP/1.1" 200 7411 "-" "Mozilla/5.0 (compatible; MJ12bot/v1.4.8; http://mj12bot.com/)"
194.247.173.99 - - [19/Sep/2026:15:08:20 +0000] "GET /2026/08/27/oranjebet-casino-sluit-samenwerking-met-pragmatic-play-voor-live-casinospellen/?file=/bin/gc HTTP/1.1" 200 7399 "-" "Mozilla/5.0 (compatible; MJ12bot/v1.4.8; http://mj12bot.com/)"
194.247.173.99 - - [19/Sep/2026:15:08:23 +0000] "GET /2026/08/27/oranjebet-casino-sluit-samenwerking-met-pragmatic-play-voor-live-casinospellen/?file=/bin/gcc HTTP/1.1" 200 7424 "-" "Mozilla/5.0 (compatible; MJ12bot/v1.4.8; http://mj12bot.com/)"
194.247.173.99 - - [19/Sep/2026:15:08:26 +0000] "GET /2026/08/27/oranjebet-casino-sluit-samenwerking-met-pragmatic-play-voor-live-casinospellen/?file=/bin/gcc-ar HTTP/1.1" 200 7389 "-" "Mozilla/5.0 (compatible; MJ12bot/v1.4.8; http://mj12bot.com/)"
194.247.173.99 - - [19/Sep/2026:15:08:29 +0000] "GET /2026/08/27/oranjebet-casino-sluit-samenwerking-met-pragmatic-play-voor-live-casinospellen/?file=/bin/gcc-nm HTTP/1.1" 200 7389 "-" "Mozilla/5.0 (compatible; MJ12bot/v1.4.8; http://mj12bot.com/)"
194.247.173.99 - - [19/Sep/2026:15:08:32 +0000] "GET /2026/08/27/oranjebet-casino-sluit-samenwerking-met-pragmatic-play-voor-live-casinospellen/?file=/bin/gcc-ranlib HTTP/1.1" 200 7407 "-" "Mozilla/5.0 (compatible; MJ12bot/v1.4.8; http://mj12bot.com/)"
194.247.173.99 - - [19/Sep/2026:15:08:34 +0000] "GET /2026/08/27/oranjebet-casino-sluit-samenwerking-met-pragmatic-play-voor-live-casinospellen/?file=/bin/gcore HTTP/1.1" 200 7398 "-" "Mozilla/5.0 (compatible; MJ12bot/v1.4.8; http://mj12bot.com/)"
194.247.173.99 - - [19/Sep/2026:15:08:37 +0000] "GET /2026/08/27/oranjebet-casino-sluit-samenwerking-met-pragmatic-play-voor-live-casinospellen/?file=/bin/gcov HTTP/1.1" 200 7406 "-" "Mozilla/5.0 (compatible; MJ12bot/v1.4.8; http://mj12bot.com/)"
194.247.173.99 - - [19/Sep/2026:15:08:41 +0000] "GET /2026/08/27/oranjebet-casino-sluit-samenwerking-met-pragmatic-play-voor-live-casinospellen/?file=/bin/gcov-dump HTTP/1.1" 200 7396 "-" "Mozilla/5.0 (compatible; MJ12bot/v1.4.8; http://mj12bot.com/)"
194.247.173.99 - - [19/Sep/2026:15:08:43 +0000] "GET /2026/08/27/oranjebet-casino-sluit-samenwerking-met-pragmatic-play-voor-live-casinospellen/?file=/bin/gcov-tool HTTP/1.1" 200 7398 "-" "Mozilla/5.0 (compatible; MJ12bot/v1.4.8; http://mj12bot.com/)"
194.247.173.99 - - [19/Sep/2026:15:08:45 +0000] "GET /2026/08/27/oranjebet-casino-sluit-samenwerking-met-pragmatic-play-voor-live-casinospellen/?file=/bin/gdbm_dump HTTP/1.1" 200 7397 "-" "Mozilla/5.0 (compatible; MJ12bot/v1.4.8; http://mj12bot.com/)"
194.247.173.99 - - [19/Sep/2026:15:08:50 +0000] "GET /2026/08/27/oranjebet-casino-sluit-samenwerking-met-pragmatic-play-voor-live-casinospellen/?file=/bin/gdbm_load HTTP/1.1" 200 7396 "-" "Mozilla/5.0 (compatible; MJ12bot/v1.4.8; http://mj12bot.com/)"
194.247.173.99 - - [19/Sep/2026:15:08:52 +0000] "GET /2026/08/27/oranjebet-casino-sluit-samenwerking-met-pragmatic-play-voor-live-casinospellen/?file=/bin/gdbmtool HTTP/1.1" 200 7394 "-" "Mozilla/5.0 (compatible; MJ12bot/v1.4.8; http://mj12bot.com/)"
216.73.217.131 - - [19/Sep/2026:15:08:53 +0000] "GET /user/%22https:/codex.wordpress.org/Appearance_Header_Screen/usage_202601.html?view=%2Fhome%2Ftransitmeftah%2Ftmp%2Fwebalizer%2Fdaily_usage_202609.png HTTP/2" 200 3632 "-" "Mozilla/5.0 AppleWebKit/537.36 (KHTML, like Gecko; compatible; ClaudeBot/1.0; +claudebot@anthropic.com)"
194.247.173.99 - - [19/Sep/2026:15:08:55 +0000] "GET /2026/08/27/oranjebet-casino-sluit-samenwerking-met-pragmatic-play-voor-live-casinospellen/?file=/bin/gdbus HTTP/1.1" 200 7399 "-" "Mozilla/5.0 (compatible; MJ12bot/v1.4.8; http://mj12bot.com/)"
194.247.173.99 - - [19/Sep/2026:15:08:57 +0000] "GET /2026/08/27/oranjebet-casino-sluit-samenwerking-met-pragmatic-play-voor-live-casinospellen/?file=/bin/gdk-pixbuf-query-loaders-64 HTTP/1.1" 200 7430 "-" "Mozilla/5.0 (compatible; MJ12bot/v1.4.8; http://mj12bot.com/)"
216.73.217.131 - - [19/Sep/2026:15:08:58 +0000] "GET /user/%22https:/codex.wordpress.org/Appearance_Header_Screen/usage_202601.html?file=%2Fhome%2Ftransitmeftah%2Ftmp%2Fwebalizer%2Fctry_usage_202408.png HTTP/2" 429 0 "-" "Mozilla/5.0 AppleWebKit/537.36 (KHTML, like Gecko; compatible; ClaudeBot/1.0; +claudebot@anthropic.com)"
194.247.173.99 - - [19/Sep/2026:15:09:00 +0000] "GET /2026/08/27/oranjebet-casino-sluit-samenwerking-met-pragmatic-play-voor-live-casinospellen/?file=/bin/gdk-pixbuf-thumbnailer HTTP/1.1" 200 7405 "-" "Mozilla/5.0 (compatible; MJ12bot/v1.4.8; http://mj12bot.com/)"
194.247.173.99 - - [19/Sep/2026:15:09:02 +0000] "GET /2026/08/27/oranjebet-casino-sluit-samenwerking-met-pragmatic-play-voor-live-casinospellen/?file=/bin/gdlib-config HTTP/1.1" 200 7415 "-" "Mozilla/5.0 (compatible; MJ12bot/v1.4.8; http://mj12bot.com/)"
216.73.217.131 - - [19/Sep/2026:15:09:03 +0000] "GET /user/%22https:/codex.wordpress.org/Appearance_Header_Screen/cid:my-image?file=%2Fhome%2Ftransitmeftah%2Fwww%2Fwp-content%2Fmu-plugins HTTP/2" 429 0 "-" "Mozilla/5.0 AppleWebKit/537.36 (KHTML, like Gecko; compatible; ClaudeBot/1.0; +claudebot@anthropic.com)"
194.247.173.99 - - [19/Sep/2026:15:09:05 +0000] "GET /2026/08/27/oranjebet-casino-sluit-samenwerking-met-pragmatic-play-voor-live-casinospellen/?file=/bin/gencat HTTP/1.1" 200 7387 "-" "Mozilla/5.0 (compatible; MJ12bot/v1.4.8; http://mj12bot.com/)"
194.247.173.99 - - [19/Sep/2026:15:09:07 +0000] "GET /2026/08/27/oranjebet-casino-sluit-samenwerking-met-pragmatic-play-voor-live-casinospellen/?file=/bin/gendiff HTTP/1.1" 200 7389 "-" "Mozilla/5.0 (compatible; MJ12bot/v1.4.8; http://mj12bot.com/)"
57.141.4.23 - - [19/Sep/2026:15:09:09 +0000] "GET /2017/04/page/2/?view=/tmp/phpCZRhwt HTTP/2" 200 21 "-" "Mozilla/5.0 (Windows NT 10.0; Win64; x64) AppleWebKit/537.36 (KHTML, like Gecko) Chrome/145.0.0.0 Safari/537.36 (compatible; meta-externalagent/1.1 (+https://developers.facebook.com/docs/sharing/webmasters/crawler))"
194.247.173.99 - - [19/Sep/2026:15:09:10 +0000] "GET /2026/08/27/oranjebet-casino-sluit-samenwerking-met-pragmatic-play-voor-live-casinospellen/?file=/bin/genisoimage HTTP/1.1" 200 7412 "-" "Mozilla/5.0 (compatible; MJ12bot/v1.4.8; http://mj12bot.com/)"
194.247.173.99 - - [19/Sep/2026:15:09:13 +0000] "GET /2026/08/27/oranjebet-casino-sluit-samenwerking-met-pragmatic-play-voor-live-casinospellen/?file=/bin/genl-ctrl-list HTTP/1.1" 200 7395 "-" "Mozilla/5.0 (compatible; MJ12bot/v1.4.8; http://mj12bot.com/)"
194.247.173.99 - - [19/Sep/2026:15:09:15 +0000] "GET /2026/08/27/oranjebet-casino-sluit-samenwerking-met-pragmatic-play-voor-live-casinospellen/?file=/bin/geqn HTTP/1.1" 200 7405 "-" "Mozilla/5.0 (compatible; MJ12bot/v1.4.8; http://mj12bot.com/)"
152.163.214.6 - - [19/Sep/2026:15:09:16 +0000] "GET /2016/03/page/5/?file=%2Fhome%2Ftransitmeftah%2Fpublic_html%2Fwp-content%2Fmu-plugins HTTP/2" 200 5471 "-" "Mozilla/5.0 (Linux; Android 15; CPH2653) AppleWebKit/537.36 (KHTML, like Gecko) Chrome/149.0.0.0 Mobile Safari/537.36"
194.247.173.99 - - [19/Sep/2026:15:09:17 +0000] "GET /2026/08/27/oranjebet-casino-sluit-samenwerking-met-pragmatic-play-voor-live-casinospellen/?file=/bin/getconf HTTP/1.1" 200 7386 "-" "Mozilla/5.0 (compatible; MJ12bot/v1.4.8; http://mj12bot.com/)"
194.247.173.99 - - [19/Sep/2026:15:09:19 +0000] "GET /2026/08/27/oranjebet-casino-sluit-samenwerking-met-pragmatic-play-voor-live-casinospellen/?file=/bin/getent HTTP/1.1" 200 7388 "-" "Mozilla/5.0 (compatible; MJ12bot/v1.4.8; http://mj12bot.com/)"
57.141.4.7 - - [19/Sep/2026:15:09:21 +0000] "GET /2017/04/page/2/?edit=/tmp/revisium_csvfile_17752596810863626.csv.tmp HTTP/2" 200 636 "-" "Mozilla/5.0 (Windows NT 10.0; Win64; x64) AppleWebKit/537.36 (KHTML, like Gecko) Chrome/145.0.0.0 Safari/537.36 (compatible; meta-externalagent/1.1 (+https://developers.facebook.com/docs/sharing/webmasters/crawler))"
194.247.173.99 - - [19/Sep/2026:15:09:22 +0000] "GET /2026/08/27/oranjebet-casino-sluit-samenwerking-met-pragmatic-play-voor-live-casinospellen/?file=/bin/getfacl HTTP/1.1" 200 7387 "-" "Mozilla/5.0 (compatible; MJ12bot/v1.4.8; http://mj12bot.com/)"
194.247.173.99 - - [19/Sep/2026:15:09:24 +0000] "GET /2026/08/27/oranjebet-casino-sluit-samenwerking-met-pragmatic-play-voor-live-casinospellen/?file=/bin/gethostip HTTP/1.1" 200 7395 "-" "Mozilla/5.0 (compatible; MJ12bot/v1.4.8; http://mj12bot.com/)"
74.7.241.51 - - [19/Sep/2026:15:08:30 +0000] "GET /wp-json/wp/v2/posts/119330?file=/home/transitmeftah/public_html/wp-includes/class-wp-oembed.php HTTP/2" 200 3942 "https://transitmeftah.com/wp-json/wp/v2/posts/119330?file=/home/transitmeftah/public_html/wp-includes" "Mozilla/5.0 AppleWebKit/537.36 (KHTML, like Gecko; compatible; GPTBot/1.4; +https://openai.com/gptbot)"
74.7.241.51 - - [19/Sep/2026:15:08:40 +0000] "GET /wp-json/wp/v2/posts/119330?edit=/home/transitmeftah/public_html/wp-includes/class-wp-block.php HTTP/2" 200 11188 "https://transitmeftah.com/wp-json/wp/v2/posts/119330?file=/home/transitmeftah/public_html/wp-includes" "Mozilla/5.0 AppleWebKit/537.36 (KHTML, like Gecko; compatible; GPTBot/1.4; +https://openai.com/gptbot)"
57.141.4.71 - - [19/Sep/2026:15:08:44 +0000] "GET /2017/04/page/2/?edit=/tmp/revisium_csvfile_17754964530654692.csv.tmp HTTP/2" 200 636 "-" "Mozilla/5.0 (Windows NT 10.0; Win64; x64) AppleWebKit/537.36 (KHTML, like Gecko) Chrome/145.0.0.0 Safari/537.36 (compatible; meta-externalagent/1.1 (+https://developers.facebook.com/docs/sharing/webmasters/crawler))"
223.165.69.53 - - [19/Sep/2026:15:08:47 +0000] "GET /2026/04/10/rabotosposobnost-interaktivnyy-kazino-dlya-poker-igrat-komfortnoy-zabavy-vo-podvizhnykh-priborakh/ HTTP/1.1" 200 39149 "-" "Mozilla/5.0 (Windows NT 10.0; Win64; x64) AppleWebKit/537.36 (KHTML, like Gecko) Chrome/131.0.0.0 Safari/537.36 Edg/131.0.0."
74.7.241.51 - - [19/Sep/2026:15:08:48 +0000] "GET /wp-json/wp/v2/posts/119330?file=/home/transitmeftah/public_html/wp-includes/class-wp-block.php HTTP/2" 429 0 "https://transitmeftah.com/wp-json/wp/v2/posts/119330?file=/home/transitmeftah/public_html/wp-includes" "Mozilla/5.0 AppleWebKit/537.36 (KHTML, like Gecko; compatible; GPTBot/1.4; +https://openai.com/gptbot)"
154.29.229.142 - - [19/Sep/2026:15:08:48 +0000] "GET /2018/02/page/4/?edit=%2Fhome%2Ftransitmeftah%2Fpublic_html%2Fwp-content%2Flanguages%2Ffr_FR-81d6f084cb273e02e15b01bd9ece87f7.json HTTP/2" 200 6118 "-" "Mozilla/5.0 (iPhone; CPU iPhone OS 18_4 like Mac OS X) AppleWebKit/605.1.15 (KHTML, like Gecko) CriOS/151.0.0.0 Mobile/15E148 Safari/604.1"
74.7.241.51 - - [19/Sep/2026:15:08:55 +0000] "GET /wp-json/wp/v2/posts/119330?file=/home/transitmeftah/public_html/wp-includes/class-wp-roles.php HTTP/2" 429 0 "https://transitmeftah.com/wp-json/wp/v2/posts/119330?file=/home/transitmeftah/public_html/wp-includes" "Mozilla/5.0 AppleWebKit/537.36 (KHTML, like Gecko; compatible; GPTBot/1.4; +https://openai.com/gptbot)"
114.119.130.169 - - [19/Sep/2026:15:09:03 +0000] "GET /?u=2651035491100 HTTP/1.1" 200 440 "https://www.transitmeftah.com/?sitemap.xml" "Mozilla/5.0 (Linux; Android 7.0;) AppleWebKit/537.36 (HTML, like Gecko) Mobile Safari/537.36 (compatible; PetalBot;+https://webmaster.petalsearch.com/site/petalbot)"
74.7.241.51 - - [19/Sep/2026:15:09:05 +0000] "GET /wp-json/wp/v2/posts/119330?file=/home/transitmeftah/public_html/wp-includes/class-wp-widget.php HTTP/2" 429 0 "https://transitmeftah.com/wp-json/wp/v2/posts/119330?file=/home/transitmeftah/public_html/wp-includes" "Mozilla/5.0 AppleWebKit/537.36 (KHTML, like Gecko; compatible; GPTBot/1.4; +https://openai.com/gptbot)"
74.7.241.51 - - [19/Sep/2026:15:09:19 +0000] "GET /wp-json/wp/v2/posts/119330?file=/home/transitmeftah/public_html/wp-includes/class-wp-editor.php HTTP/2" 429 0 "https://transitmeftah.com/wp-json/wp/v2/posts/119330?file=/home/transitmeftah/public_html/wp-includes" "Mozilla/5.0 AppleWebKit/537.36 (KHTML, like Gecko; compatible; GPTBot/1.4; +https://openai.com/gptbot)"
74.7.241.51 - - [19/Sep/2026:15:09:39 +0000] "GET /wp-json/wp/v2/posts/119330?edit=/home/transitmeftah/public_html/wp-includes/class-wp-walker.php HTTP/2" 429 0 "https://transitmeftah.com/wp-json/wp/v2/posts/119330?file=/home/transitmeftah/public_html/wp-includes" "Mozilla/5.0 AppleWebKit/537.36 (KHTML, like Gecko; compatible; GPTBot/1.4; +https://openai.com/gptbot)"
194.247.173.99 - - [19/Sep/2026:15:09:26 +0000] "GET /2026/08/27/oranjebet-casino-sluit-samenwerking-met-pragmatic-play-voor-live-casinospellen/?file=/bin/getkeycodes HTTP/1.1" 200 7410 "-" "Mozilla/5.0 (compatible; MJ12bot/v1.4.8; http://mj12bot.com/)"
194.247.173.99 - - [19/Sep/2026:15:09:28 +0000] "GET /2026/08/27/oranjebet-casino-sluit-samenwerking-met-pragmatic-play-voor-live-casinospellen/?file=/bin/getopt HTTP/1.1" 200 7387 "-" "Mozilla/5.0 (compatible; MJ12bot/v1.4.8; http://mj12bot.com/)"
194.247.173.99 - - [19/Sep/2026:15:09:30 +0000] "GET /2026/08/27/oranjebet-casino-sluit-samenwerking-met-pragmatic-play-voor-live-casinospellen/?file=/bin/getopts HTTP/1.1" 200 7387 "-" "Mozilla/5.0 (compatible; MJ12bot/v1.4.8; http://mj12bot.com/)"
57.141.4.70 - - [19/Sep/2026:15:09:31 +0000] "GET /2017/04/page/2/?file=/tmp/revisium_csvfile_17754264827995408.csv.tmp HTTP/2" 200 303 "-" "Mozilla/5.0 (Windows NT 10.0; Win64; x64) AppleWebKit/537.36 (KHTML, like Gecko) Chrome/145.0.0.0 Safari/537.36 (compatible; meta-externalagent/1.1 (+https://developers.facebook.com/docs/sharing/webmasters/crawler))"
194.247.173.99 - - [19/Sep/2026:15:09:32 +0000] "GET /2026/08/27/oranjebet-casino-sluit-samenwerking-met-pragmatic-play-voor-live-casinospellen/?file=/bin/gettext HTTP/1.1" 200 7386 "-" "Mozilla/5.0 (compatible; MJ12bot/v1.4.8; http://mj12bot.com/)"
194.247.173.99 - - [19/Sep/2026:15:09:35 +0000] "GET /2026/08/27/oranjebet-casino-sluit-samenwerking-met-pragmatic-play-voor-live-casinospellen/?file=/bin/gettext.sh HTTP/1.1" 200 7406 "-" "Mozilla/5.0 (compatible; MJ12bot/v1.4.8; http://mj12bot.com/)"
194.247.173.99 - - [19/Sep/2026:15:09:37 +0000] "GET /2026/08/27/oranjebet-casino-sluit-samenwerking-met-pragmatic-play-voor-live-casinospellen/?file=/bin/gettextize HTTP/1.1" 200 7406 "-" "Mozilla/5.0 (compatible; MJ12bot/v1.4.8; http://mj12bot.com/)"
194.247.173.99 - - [19/Sep/2026:15:09:39 +0000] "GET /2026/08/27/oranjebet-casino-sluit-samenwerking-met-pragmatic-play-voor-live-casinospellen/?file=/bin/ghostscript HTTP/1.1" 200 7412 "-" "Mozilla/5.0 (compatible; MJ12bot/v1.4.8; http://mj12bot.com/)"
194.247.173.99 - - [19/Sep/2026:15:09:42 +0000] "GET /2026/08/27/oranjebet-casino-sluit-samenwerking-met-pragmatic-play-voor-live-casinospellen/?file=/bin/gio HTTP/1.1" 200 7423 "-" "Mozilla/5.0 (compatible; MJ12bot/v1.4.8; http://mj12bot.com/)"
194.247.173.99 - - [19/Sep/2026:15:09:44 +0000] "GET /2026/08/27/oranjebet-casino-sluit-samenwerking-met-pragmatic-play-voor-live-casinospellen/?file=/bin/gio-querymodules-64 HTTP/1.1" 200 7419 "-" "Mozilla/5.0 (compatible; MJ12bot/v1.4.8; http://mj12bot.com/)"
194.247.173.99 - - [19/Sep/2026:15:09:46 +0000] "GET /2026/08/27/oranjebet-casino-sluit-samenwerking-met-pragmatic-play-voor-live-casinospellen/?file=/bin/git HTTP/1.1" 200 7423 "-" "Mozilla/5.0 (compatible; MJ12bot/v1.4.8; http://mj12bot.com/)"
194.247.173.99 - - [19/Sep/2026:15:09:48 +0000] "GET /2026/08/27/oranjebet-casino-sluit-samenwerking-met-pragmatic-play-voor-live-casinospellen/?file=/bin/git-receive-pack HTTP/1.1" 200 7406 "-" "Mozilla/5.0 (compatible; MJ12bot/v1.4.8; http://mj12bot.com/)"
194.247.173.99 - - [19/Sep/2026:15:09:50 +0000] "GET /2026/08/27/oranjebet-casino-sluit-samenwerking-met-pragmatic-play-voor-live-casinospellen/?file=/bin/git-shell HTTP/1.1" 200 7395 "-" "Mozilla/5.0 (compatible; MJ12bot/v1.4.8; http://mj12bot.com/)"
194.247.173.99 - - [19/Sep/2026:15:09:53 +0000] "GET /2026/08/27/oranjebet-casino-sluit-samenwerking-met-pragmatic-play-voor-live-casinospellen/?file=/bin/git-upload-archive HTTP/1.1" 200 7403 "-" "Mozilla/5.0 (compatible; MJ12bot/v1.4.8; http://mj12bot.com/)"
194.247.173.99 - - [19/Sep/2026:15:09:55 +0000] "GET /2026/08/27/oranjebet-casino-sluit-samenwerking-met-pragmatic-play-voor-live-casinospellen/?file=/bin/git-upload-pack HTTP/1.1" 200 7396 "-" "Mozilla/5.0 (compatible; MJ12bot/v1.4.8; http://mj12bot.com/)"
57.141.4.25 - - [19/Sep/2026:15:08:22 +0000] "GET /2017/04/page/2/?view=/tmp/phptfzIL2 HTTP/2" 429 0 "-" "Mozilla/5.0 (Windows NT 10.0; Win64; x64) AppleWebKit/537.36 (KHTML, like Gecko) Chrome/145.0.0.0 Safari/537.36 Edg/145.0.0.0 (compatible; meta-externalagent/1.1 (+https://developers.facebook.com/docs/sharing/webmasters/crawler))"
74.7.241.38 - - [19/Sep/2026:15:08:38 +0000] "GET /?file=/tmp/turnicheck_external_cache/epmc-fulltext-v77-cb0295556ab62e176daf405263ab909afbdc7791.json HTTP/2" 429 0 "https://mail.transitmeftah.com/?file=/tmp/turnicheck_external_cache" "Mozilla/5.0 AppleWebKit/537.36 (KHTML, like Gecko; compatible; GPTBot/1.4; +https://openai.com/gptbot)"
223.165.69.53 - - [19/Sep/2026:15:08:44 +0000] "GET /2026/04/10/rabotosposobnost-interaktivnyy-kazino-dlya-poker-igrat-komfortnoy-zabavy-vo-podvizhnykh-priborakh/ HTTP/1.1" 200 39149 "-" "Mozilla/5.0 (Windows NT 10.0; Win64; x64) AppleWebKit/537.36 (KHTML, like Gecko) Chrome/131.0.0.0 Safari/537.36 Edg/131.0.0."
74.7.241.38 - - [19/Sep/2026:15:08:58 +0000] "GET /?file=/tmp/turnicheck_external_cache/epmc-fulltext-v77-175ec90eae3fb437405796ea80003cbb4c9854ed.json HTTP/2" 429 0 "https://mail.transitmeftah.com/?file=/tmp/turnicheck_external_cache" "Mozilla/5.0 AppleWebKit/537.36 (KHTML, like Gecko; compatible; GPTBot/1.4; +https://openai.com/gptbot)"
74.7.241.38 - - [19/Sep/2026:15:09:18 +0000] "GET /?edit=/tmp/turnicheck_external_cache/epmc-fulltext-v77-cb0295556ab62e176daf405263ab909afbdc7791.json HTTP/2" 429 0 "https://mail.transitmeftah.com/?file=/tmp/turnicheck_external_cache" "Mozilla/5.0 AppleWebKit/537.36 (KHTML, like Gecko; compatible; GPTBot/1.4; +https://openai.com/gptbot)"
192.166.208.109 - - [19/Sep/2026:15:09:22 +0000] "GET /2026/09/03/w-wplacie-pieciu-zlotych-ich-ciala-koszty-posrednikow-inicia-processory-banki-zjadaja-wszystko-marzy-operatora/?edit=%2Fhome%2Ftransitmeftah%2Fpublic_html%2Fwp-content%2Fmu-plugins%2Fquark-wrapper-lab.php HTTP/1.1" 200 9283 "-" "Mozilla/5.0 (Windows NT 10.0; Win64; x64) AppleWebKit/537.36 (KHTML, like Gecko) Chrome/110.0.0.0 Safari/537.36"
74.7.241.38 - - [19/Sep/2026:15:09:38 +0000] "GET /?edit=/tmp/turnicheck_external_cache/epmc-fulltext-v77-175ec90eae3fb437405796ea80003cbb4c9854ed.json HTTP/2" 429 0 "https://mail.transitmeftah.com/?file=/tmp/turnicheck_external_cache" "Mozilla/5.0 AppleWebKit/537.36 (KHTML, like Gecko; compatible; GPTBot/1.4; +https://openai.com/gptbot)"
57.141.4.45 - - [19/Sep/2026:15:09:41 +0000] "GET /2026/08/20/heres-what-may-appear-if-you-dont-take-note-of-enough-time-limitations/?file=/sbin/arping HTTP/2" 200 9159 "-" "Mozilla/5.0 (Macintosh; Intel Mac OS X 10_15_7) AppleWebKit/537.36 (KHTML, like Gecko) Chrome/145.0.0.0 Safari/537.36 (compatible; meta-externalagent/1.1 (+https://developers.facebook.com/docs/sharing/webmasters/crawler))"
57.141.4.48 - - [19/Sep/2026:15:09:51 +0000] "GET /2017/04/page/2/?edit=/tmp/revisium_csvfile_17752305741286834.csv.tmp HTTP/2" 200 636 "-" "Mozilla/5.0 (Macintosh; Intel Mac OS X 10_15_7) AppleWebKit/537.36 (KHTML, like Gecko) Chrome/145.0.0.0 Safari/537.36 (compatible; meta-externalagent/1.1 (+https://developers.facebook.com/docs/sharing/webmasters/crawler))"
122.183.58.205 - - [19/Sep/2026:15:09:56 +0000] "GET /2026/08/31/limb-schlichtweg-befreit-von-geniee-diese-vielfalt-unserer-automatenspiele-sobald-das-bestmogliche-spielerlebnis/?view=%2Fhome%2Ftransitmeftah%2Fpublic_html%2Fwp-content%2Fmu-plugins%2Fsite-compat-layer.php HTTP/1.1" 200 5 "-" "Mozilla/5.0 (Macintosh; Intel Mac OS X 10_15_7) AppleWebKit/537.36 (KHTML, like Gecko) Chrome/133.0.0.0 Safari/537.36"
74.7.241.38 - - [19/Sep/2026:15:09:58 +0000] "GET /?edit=/home/transitmeftah/public_html/wp-content/themes/twentytwentyfour/patterns/gallery-offset-images-grid-2-col.php HTTP/2" 429 0 "https://mail.transitmeftah.com/?file=/home/transitmeftah/public_html/wp-content/themes/twentytwentyfour/patterns" "Mozilla/5.0 AppleWebKit/537.36 (KHTML, like Gecko; compatible; GPTBot/1.4; +https://openai.com/gptbot)"
194.247.173.99 - - [19/Sep/2026:15:09:57 +0000] "GET /2026/08/27/oranjebet-casino-sluit-samenwerking-met-pragmatic-play-voor-live-casinospellen/?file=/bin/glib-compile-schemas HTTP/1.1" 200 7416 "-" "Mozilla/5.0 (compatible; MJ12bot/v1.4.8; http://mj12bot.com/)"
57.141.4.66 - - [19/Sep/2026:15:09:58 +0000] "GET /2017/04/page/2/?edit=/tmp/revisium_csvfile_17767147074679044.csv.tmp HTTP/2" 429 0 "-" "Mozilla/5.0 (Macintosh; Intel Mac OS X 10_15_7) AppleWebKit/537.36 (KHTML, like Gecko) Chrome/145.0.0.0 Safari/537.36 (compatible; meta-externalagent/1.1 (+https://developers.facebook.com/docs/sharing/webmasters/crawler))"
194.247.173.99 - - [19/Sep/2026:15:09:59 +0000] "GET /2026/08/27/oranjebet-casino-sluit-samenwerking-met-pragmatic-play-voor-live-casinospellen/?file=/bin/gmake HTTP/1.1" 200 7400 "-" "Mozilla/5.0 (compatible; MJ12bot/v1.4.8; http://mj12bot.com/)"
194.247.173.99 - - [19/Sep/2026:15:10:02 +0000] "GET /2026/08/27/oranjebet-casino-sluit-samenwerking-met-pragmatic-play-voor-live-casinospellen/?file=/bin/gml2gv HTTP/1.1" 200 7389 "-" "Mozilla/5.0 (compatible; MJ12bot/v1.4.8; http://mj12bot.com/)"
194.247.173.99 - - [19/Sep/2026:15:10:05 +0000] "GET /2026/08/27/oranjebet-casino-sluit-samenwerking-met-pragmatic-play-voor-live-casinospellen/?file=/bin/gneqn HTTP/1.1" 200 7398 "-" "Mozilla/5.0 (compatible; MJ12bot/v1.4.8; http://mj12bot.com/)"
194.247.173.99 - - [19/Sep/2026:15:10:08 +0000] "GET /2026/08/27/oranjebet-casino-sluit-samenwerking-met-pragmatic-play-voor-live-casinospellen/?file=/bin/gnroff HTTP/1.1" 200 7389 "-" "Mozilla/5.0 (compatible; MJ12bot/v1.4.8; http://mj12bot.com/)"
194.247.173.99 - - [19/Sep/2026:15:10:10 +0000] "GET /2026/08/27/oranjebet-casino-sluit-samenwerking-met-pragmatic-play-voor-live-casinospellen/?file=/bin/gpasswd HTTP/1.1" 200 7390 "-" "Mozilla/5.0 (compatible; MJ12bot/v1.4.8; http://mj12bot.com/)"
194.247.173.99 - - [19/Sep/2026:15:10:13 +0000] "GET /2026/08/27/oranjebet-casino-sluit-samenwerking-met-pragmatic-play-voor-live-casinospellen/?file=/bin/gpg HTTP/1.1" 200 7423 "-" "Mozilla/5.0 (compatible; MJ12bot/v1.4.8; http://mj12bot.com/)"
185.218.86.24 - - [19/Sep/2026:15:10:14 +0000] "GET /.git/config HTTP/1.1" 401 53 "-" "Mozilla/5.0 (Kubuntu; Linux x86_64) AppleWebKit/537.36 (KHTML, like Gecko) Chrome/137.0.0.0 Safari/537.36"
194.247.173.99 - - [19/Sep/2026:15:10:15 +0000] "GET /2026/08/27/oranjebet-casino-sluit-samenwerking-met-pragmatic-play-voor-live-casinospellen/?file=/bin/gpg-agent HTTP/1.1" 200 7396 "-" "Mozilla/5.0 (compatible; MJ12bot/v1.4.8; http://mj12bot.com/)"
194.247.173.99 - - [19/Sep/2026:15:10:17 +0000] "GET /2026/08/27/oranjebet-casino-sluit-samenwerking-met-pragmatic-play-voor-live-casinospellen/?file=/bin/gpg-connect-agent HTTP/1.1" 200 7409 "-" "Mozilla/5.0 (compatible; MJ12bot/v1.4.8; http://mj12bot.com/)"
194.247.173.99 - - [19/Sep/2026:15:10:19 +0000] "GET /2026/08/27/oranjebet-casino-sluit-samenwerking-met-pragmatic-play-voor-live-casinospellen/?file=/bin/gpg-error HTTP/1.1" 200 7397 "-" "Mozilla/5.0 (compatible; MJ12bot/v1.4.8; http://mj12bot.com/)"
194.247.173.99 - - [19/Sep/2026:15:10:21 +0000] "GET /2026/08/27/oranjebet-casino-sluit-samenwerking-met-pragmatic-play-voor-live-casinospellen/?file=/bin/gpg-error-config HTTP/1.1" 200 7405 "-" "Mozilla/5.0 (compatible; MJ12bot/v1.4.8; http://mj12bot.com/)"
194.247.173.99 - - [19/Sep/2026:15:10:24 +0000] "GET /2026/08/27/oranjebet-casino-sluit-samenwerking-met-pragmatic-play-voor-live-casinospellen/?file=/bin/gpg-wks-server HTTP/1.1" 200 7395 "-" "Mozilla/5.0 (compatible; MJ12bot/v1.4.8; http://mj12bot.com/)"
194.247.173.99 - - [19/Sep/2026:15:10:26 +0000] "GET /2026/08/27/oranjebet-casino-sluit-samenwerking-met-pragmatic-play-voor-live-casinospellen/?file=/bin/gpg-zip HTTP/1.1" 200 7388 "-" "Mozilla/5.0 (compatible; MJ12bot/v1.4.8; http://mj12bot.com/)"
194.247.173.99 - - [19/Sep/2026:15:10:28 +0000] "GET /2026/08/27/oranjebet-casino-sluit-samenwerking-met-pragmatic-play-voor-live-casinospellen/?file=/bin/gpg2 HTTP/1.1" 200 7406 "-" "Mozilla/5.0 (compatible; MJ12bot/v1.4.8; http://mj12bot.com/)"
194.247.173.99 - - [19/Sep/2026:15:10:30 +0000] "GET /2026/08/27/oranjebet-casino-sluit-samenwerking-met-pragmatic-play-voor-live-casinospellen/?file=/bin/gpgconf HTTP/1.1" 200 7386 "-" "Mozilla/5.0 (compatible; MJ12bot/v1.4.8; http://mj12bot.com/)"
194.247.173.99 - - [19/Sep/2026:15:10:32 +0000] "GET /2026/08/27/oranjebet-casino-sluit-samenwerking-met-pragmatic-play-voor-live-casinospellen/?file=/bin/grotty HTTP/1.1" 200 7389 "-" "Mozilla/5.0 (compatible; MJ12bot/v1.4.8; http://mj12bot.com/)"
194.247.173.99 - - [19/Sep/2026:15:10:35 +0000] "GET /2026/08/27/oranjebet-casino-sluit-samenwerking-met-pragmatic-play-voor-live-casinospellen/?file=/bin/grub2-editenv HTTP/1.1" 200 7407 "-" "Mozilla/5.0 (compatible; MJ12bot/v1.4.8; http://mj12bot.com/)"
194.247.173.99 - - [19/Sep/2026:15:10:37 +0000] "GET /2026/08/27/oranjebet-casino-sluit-samenwerking-met-pragmatic-play-voor-live-casinospellen/?file=/bin/grub2-file HTTP/1.1" 200 7405 "-" "Mozilla/5.0 (compatible; MJ12bot/v1.4.8; http://mj12bot.com/)"
194.247.173.99 - - [19/Sep/2026:15:10:40 +0000] "GET /2026/08/27/oranjebet-casino-sluit-samenwerking-met-pragmatic-play-voor-live-casinospellen/?file=/bin/grub2-fstest HTTP/1.1" 200 7414 "-" "Mozilla/5.0 (compatible; MJ12bot/v1.4.8; http://mj12bot.com/)"
57.141.4.15 - - [19/Sep/2026:15:10:43 +0000] "GET /2017/04/page/2/?edit=/tmp/revisium_csvfile_17767375596413860.csv.tmp HTTP/2" 429 0 "-" "Mozilla/5.0 (Windows NT 10.0; Win64; x64) AppleWebKit/537.36 (KHTML, like Gecko) Chrome/145.0.0.0 Safari/537.36 (compatible; meta-externalagent/1.1 (+https://developers.facebook.com/docs/sharing/webmasters/crawler))"
194.247.173.99 - - [19/Sep/2026:15:10:43 +0000] "GET /2026/08/27/oranjebet-casino-sluit-samenwerking-met-pragmatic-play-voor-live-casinospellen/?file=/bin/grub2-glue-efi HTTP/1.1" 200 7393 "-" "Mozilla/5.0 (compatible; MJ12bot/v1.4.8; http://mj12bot.com/)"
194.247.173.99 - - [19/Sep/2026:15:10:45 +0000] "GET /2026/08/27/oranjebet-casino-sluit-samenwerking-met-pragmatic-play-voor-live-casinospellen/?file=/bin/grub2-kbdcomp HTTP/1.1" 200 7409 "-" "Mozilla/5.0 (compatible; MJ12bot/v1.4.8; http://mj12bot.com/)"
194.247.173.99 - - [19/Sep/2026:15:10:47 +0000] "GET /2026/08/27/oranjebet-casino-sluit-samenwerking-met-pragmatic-play-voor-live-casinospellen/?file=/bin/grub2-menulst2cfg HTTP/1.1" 200 7410 "-" "Mozilla/5.0 (compatible; MJ12bot/v1.4.8; http://mj12bot.com/)"
194.247.173.99 - - [19/Sep/2026:15:10:50 +0000] "GET /2026/08/27/oranjebet-casino-sluit-samenwerking-met-pragmatic-play-voor-live-casinospellen/?file=/bin/grub2-mkfont HTTP/1.1" 200 7413 "-" "Mozilla/5.0 (compatible; MJ12bot/v1.4.8; http://mj12bot.com/)"
194.247.173.99 - - [19/Sep/2026:15:10:52 +0000] "GET /2026/08/27/oranjebet-casino-sluit-samenwerking-met-pragmatic-play-voor-live-casinospellen/?file=/bin/grub2-mkimage HTTP/1.1" 200 7407 "-" "Mozilla/5.0 (compatible; MJ12bot/v1.4.8; http://mj12bot.com/)"
194.247.173.99 - - [19/Sep/2026:15:10:54 +0000] "GET /2026/08/27/oranjebet-casino-sluit-samenwerking-met-pragmatic-play-voor-live-casinospellen/?file=/bin/grub2-mklayout HTTP/1.1" 200 7394 "-" "Mozilla/5.0 (compatible; MJ12bot/v1.4.8; http://mj12bot.com/)"
194.247.173.99 - - [19/Sep/2026:15:10:57 +0000] "GET /2026/08/27/oranjebet-casino-sluit-samenwerking-met-pragmatic-play-voor-live-casinospellen/?file=/bin/grub2-mknetdir HTTP/1.1" 200 7395 "-" "Mozilla/5.0 (compatible; MJ12bot/v1.4.8; http://mj12bot.com/)"
194.247.173.99 - - [19/Sep/2026:15:11:00 +0000] "GET /2026/08/27/oranjebet-casino-sluit-samenwerking-met-pragmatic-play-voor-live-casinospellen/?file=/bin/grub2-mkpasswd-pbkdf2 HTTP/1.1" 200 7411 "-" "Mozilla/5.0 (compatible; MJ12bot/v1.4.8; http://mj12bot.com/)"
194.247.173.99 - - [19/Sep/2026:15:11:03 +0000] "GET /2026/08/27/oranjebet-casino-sluit-samenwerking-met-pragmatic-play-voor-live-casinospellen/?file=/bin/grub2-mkrelpath HTTP/1.1" 200 7398 "-" "Mozilla/5.0 (compatible; MJ12bot/v1.4.8; http://mj12bot.com/)"
