74.7.241.38 - - [19/Sep/2026:13:10:05 +0000] "GET /?view=/tmp/turnicheck_external_cache/564cf546725623fe2ca30d381c7797f3da4c6a86.json HTTP/2" 429 0 "https://mail.transitmeftah.com/?file=/tmp/turnicheck_external_cache" "Mozilla/5.0 AppleWebKit/537.36 (KHTML, like Gecko; compatible; GPTBot/1.4; +https://openai.com/gptbot)"
74.7.241.38 - - [19/Sep/2026:13:10:17 +0000] "GET /?view=/tmp/turnicheck_external_cache/8415d50b2f7a7c5e76b08a070702a3d2b701d00d.json HTTP/2" 429 0 "https://mail.transitmeftah.com/?file=/tmp/turnicheck_external_cache" "Mozilla/5.0 AppleWebKit/537.36 (KHTML, like Gecko; compatible; GPTBot/1.4; +https://openai.com/gptbot)"
74.7.241.38 - - [19/Sep/2026:13:10:35 +0000] "GET /?view=/tmp/turnicheck_external_cache/b89ae645a6523937180947dec5f67fa09b6399cc.json HTTP/2" 429 0 "https://mail.transitmeftah.com/?file=/tmp/turnicheck_external_cache" "Mozilla/5.0 AppleWebKit/537.36 (KHTML, like Gecko; compatible; GPTBot/1.4; +https://openai.com/gptbot)"
216.73.217.88 - - [19/Sep/2026:13:10:44 +0000] "GET /robots.txt HTTP/2" 200 26 "-" "Mozilla/5.0 AppleWebKit/537.36 (KHTML, like Gecko; compatible; ClaudeBot/1.0; +claudebot@anthropic.com)"
57.141.4.53 - - [19/Sep/2026:13:10:45 +0000] "GET /2017/04/page/2/?edit=/boot/config-4.18.0-553.121.1.el8_10.x86_64 HTTP/2" 200 57928 "-" "Mozilla/5.0 (Windows NT 10.0; Win64; x64) AppleWebKit/537.36 (KHTML, like Gecko) Chrome/145.0.0.0 Safari/537.36 (compatible; meta-externalagent/1.1 (+https://developers.facebook.com/docs/sharing/webmasters/crawler))"
57.141.4.73 - - [19/Sep/2026:13:10:54 +0000] "GET /2017/04/page/2/?view=/tmp/revisium_csvfile_17747823544383414.csv.tmp HTTP/2" 429 0 "-" "Mozilla/5.0 (X11; Linux x86_64) AppleWebKit/537.36 (KHTML, like Gecko) Chrome/145.0.0.0 Safari/537.36 (compatible; meta-externalagent/1.1 (+https://developers.facebook.com/docs/sharing/webmasters/crawler))"
74.7.241.38 - - [19/Sep/2026:13:10:55 +0000] "GET /?view=/tmp/turnicheck_external_cache/c0349eb099f3b8bb390244841e82ffb0bc635944.json HTTP/2" 429 0 "https://mail.transitmeftah.com/?file=/tmp/turnicheck_external_cache" "Mozilla/5.0 AppleWebKit/537.36 (KHTML, like Gecko; compatible; GPTBot/1.4; +https://openai.com/gptbot)"
74.7.241.51 - - [19/Sep/2026:13:10:25 +0000] "GET /wp-json/wp/v2/posts/119330?edit=/home/transitmeftah/public_html/wp-content/mu-plugins/quark-wrapper-lab.php HTTP/2" 200 4218 "https://transitmeftah.com/wp-json/wp/v2/posts/119330?edit=/home/transitmeftah/public_html/wp-content/db.php" "Mozilla/5.0 AppleWebKit/537.36 (KHTML, like Gecko; compatible; GPTBot/1.4; +https://openai.com/gptbot)"
57.141.4.58 - - [19/Sep/2026:13:10:28 +0000] "GET /2017/04/page/2/?edit=/tmp/revisium_csvfile_17747905395513158.csv.tmp HTTP/2" 429 0 "-" "Mozilla/5.0 (Windows NT 10.0; Win64; x64) AppleWebKit/537.36 (KHTML, like Gecko) Chrome/145.0.0.0 Safari/537.36 (compatible; meta-externalagent/1.1 (+https://developers.facebook.com/docs/sharing/webmasters/crawler))"
114.119.134.10 - - [19/Sep/2026:13:10:31 +0000] "GET /2026/09/01/analisis-de-las-nuevas-casas-de-apuestas-en-espana-2026-lo-que-debes-saber-5/?file=/home/transitmeftah/public_html/wp-content/mu-plugins/ut_Pruo219c.txt HTTP/1.1" 200 8240 "https://transitmeftah.com/2026/09/01/analisis-de-las-nuevas-casas-de-apuestas-en-espana-2026-lo-que-debes-saber-5/" "Mozilla/5.0 (Linux; Android 7.0;) AppleWebKit/537.36 (HTML, like Gecko) Mobile Safari/537.36 (compatible; PetalBot;+https://webmaster.petalsearch.com/site/petalbot)"
74.7.241.51 - - [19/Sep/2026:13:10:45 +0000] "GET /wp-json/wp/v2/posts/119330?file=/home/transitmeftah/public_html/wp-content/mu-plugins/site-compat-layer.php HTTP/2" 200 3947 "https://transitmeftah.com/wp-json/wp/v2/posts/119330?edit=/home/transitmeftah/public_html/wp-content/db.php" "Mozilla/5.0 AppleWebKit/537.36 (KHTML, like Gecko; compatible; GPTBot/1.4; +https://openai.com/gptbot)"
179.125.110.20 - - [19/Sep/2026:13:10:52 +0000] "GET /2026/08/31/wegen-der-direkte-hilfestellung-qua-dem-entwickler-greentube-sei-ein-einzigartiges-ferner-umfassendes-spielerlebnis-sichergestellt/?file=%2Fhome%2Ftransitmeftah%2Fpublic_html%2Fwp-content%2Fmu-plugins%2Fclas.akismet-widget+copy+1.php HTTP/1.1" 200 8592 "-" "Mozilla/5.0 (Windows NT 10.0; Win64; x64) AppleWebKit/537.36 (KHTML, like Gecko) Chrome/104.0.0.0 Safari/537.36"
74.7.241.51 - - [19/Sep/2026:13:11:01 +0000] "GET /wp-json/wp/v2/posts/119330?edit=/home/transitmeftah/public_html/wp-content/mu-plugins/site-compat-layer.php HTTP/2" 200 4218 "https://transitmeftah.com/wp-json/wp/v2/posts/119330?edit=/home/transitmeftah/public_html/wp-content/db.php" "Mozilla/5.0 AppleWebKit/537.36 (KHTML, like Gecko; compatible; GPTBot/1.4; +https://openai.com/gptbot)"
143.105.198.3 - - [19/Sep/2026:13:11:01 +0000] "GET /2026/08/31/bingbong-finden-sie-auf-100000-passende-gutschriften-oder-schutzt-personliche-aussagen-sicher/?view=%2Fhome%2Ftransitmeftah%2Fpublic_html%2Fwp-content%2Fmu-plugins%2Fut_Pruo219c.txt HTTP/1.1" 200 25 "-" "Mozilla/5.0 (Windows NT 10.0; Win64; x64) AppleWebKit/537.36 (KHTML, like Gecko) Chrome/107.0.0.0 Safari/537.36"
74.7.241.51 - - [19/Sep/2026:13:11:14 +0000] "GET /wp-json/wp/v2/posts/119330?file=/home/transitmeftah/public_html/wp-comments-post.php HTTP/2" 200 3951 "https://transitmeftah.com/wp-json/wp/v2/posts/119330?file=/home/transitmeftah/public_html" "Mozilla/5.0 AppleWebKit/537.36 (KHTML, like Gecko; compatible; GPTBot/1.4; +https://openai.com/gptbot)"
74.7.241.51 - - [19/Sep/2026:13:11:24 +0000] "GET /wp-json/wp/v2/posts/119330?file=/home/transitmeftah/public_html/wp-content/uploads/2026/06 HTTP/2" 200 3953 "https://transitmeftah.com/wp-json/wp/v2/posts/119330?file=/home/transitmeftah/public_html/wp-content/uploads/2026" "Mozilla/5.0 AppleWebKit/537.36 (KHTML, like Gecko; compatible; GPTBot/1.4; +https://openai.com/gptbot)"
57.141.4.70 - - [19/Sep/2026:13:11:28 +0000] "GET /2026/08/22/its-javascript-and-you-can-html5-technology-lets-bettors-to-play-all-over-other-devices-install-required/?view=/usr/tmp/setif_HPMBP.html HTTP/2" 429 0 "-" "Mozilla/5.0 (X11; Linux x86_64) AppleWebKit/537.36 (KHTML, like Gecko) Chrome/145.0.0.0 Safari/537.36 (compatible; meta-externalagent/1.1 (+https://developers.facebook.com/docs/sharing/webmasters/crawler))"
216.73.217.88 - - [19/Sep/2026:13:10:57 +0000] "GET /user/%22https:/wordpress.org/documentation/article/appearance-themes-screen/$url?edit=%2Fhome%2Ftransitmeftah%2Fwww%2Fwp-includes%2Fwp-diff.php HTTP/2" 200 860 "-" "Mozilla/5.0 AppleWebKit/537.36 (KHTML, like Gecko; compatible; ClaudeBot/1.0; +claudebot@anthropic.com)"
216.73.217.88 - - [19/Sep/2026:13:11:02 +0000] "GET /user/%22https:/wordpress.org/documentation/article/appearance-themes-screen/$url?file=%2Fhome%2Ftransitmeftah%2Fpublic_html%2Fwp-includes%2Fwp-diff.php HTTP/2" 429 0 "-" "Mozilla/5.0 AppleWebKit/537.36 (KHTML, like Gecko; compatible; ClaudeBot/1.0; +claudebot@anthropic.com)"
57.141.4.34 - - [19/Sep/2026:13:11:02 +0000] "GET /2017/04/page/2/?edit=/tmp/phpoVc4Rb HTTP/2" 200 611 "-" "Mozilla/5.0 (Macintosh; Intel Mac OS X 10_15_7) AppleWebKit/537.36 (KHTML, like Gecko) Chrome/145.0.0.0 Safari/537.36 (compatible; meta-externalagent/1.1 (+https://developers.facebook.com/docs/sharing/webmasters/crawler))"
216.73.217.88 - - [19/Sep/2026:13:11:07 +0000] "GET /user/%22https:/codex.wordpress.org/Appearance_Header_Screen/usage_202601.html?view=%2Fhome%2Ftransitmeftah%2Fpublic_html%2Fwp-content%2F1d042006.php HTTP/2" 429 0 "-" "Mozilla/5.0 AppleWebKit/537.36 (KHTML, like Gecko; compatible; ClaudeBot/1.0; +claudebot@anthropic.com)"
216.73.217.88 - - [19/Sep/2026:13:11:12 +0000] "GET /user/%22https:/codex.wordpress.org/Appearance_Header_Screen/usage_202601.html?view=%2Fhome%2Ftransitmeftah%2Ftmp%2Fanalog%2Fdir.png HTTP/2" 429 0 "-" "Mozilla/5.0 AppleWebKit/537.36 (KHTML, like Gecko; compatible; ClaudeBot/1.0; +claudebot@anthropic.com)"
216.73.217.88 - - [19/Sep/2026:13:11:17 +0000] "GET /user/%22https:/codex.wordpress.org/Appearance_Header_Screen/cid:my-image?file=%2Fhome%2Ftransitmeftah%2Fpublic_html%2Fwp-admin%2Fprofile.php HTTP/2" 429 0 "-" "Mozilla/5.0 AppleWebKit/537.36 (KHTML, like Gecko; compatible; ClaudeBot/1.0; +claudebot@anthropic.com)"
57.141.4.53 - - [19/Sep/2026:13:11:18 +0000] "GET /2017/04/page/2/?file=/tmp/revisium_csvfile_17752593208016866.csv.tmp HTTP/2" 200 303 "-" "Mozilla/5.0 (Macintosh; Intel Mac OS X 10_15_7) AppleWebKit/537.36 (KHTML, like Gecko) Chrome/145.0.0.0 Safari/537.36 (compatible; meta-externalagent/1.1 (+https://developers.facebook.com/docs/sharing/webmasters/crawler))"
216.73.217.88 - - [19/Sep/2026:13:11:22 +0000] "GET /user/%22https:/codex.wordpress.org/Appearance_Header_Screen/cid:my-image?file=%2Fhome%2Ftransitmeftah%2Fpublic_html%2Fwp-admin%2Fload-styles.php HTTP/2" 429 0 "-" "Mozilla/5.0 AppleWebKit/537.36 (KHTML, like Gecko; compatible; ClaudeBot/1.0; +claudebot@anthropic.com)"
216.73.217.88 - - [19/Sep/2026:13:11:27 +0000] "GET /user/%22https:/codex.wordpress.org/Appearance_Header_Screen/usage.png?file=%2Fhome%2Ftransitmeftah%2Fpublic_html%2Fwp-content%2Fmaintenance.php HTTP/2" 429 0 "-" "Mozilla/5.0 AppleWebKit/537.36 (KHTML, like Gecko; compatible; ClaudeBot/1.0; +claudebot@anthropic.com)"
216.73.217.88 - - [19/Sep/2026:13:11:32 +0000] "GET /user/%22https:/codex.wordpress.org/Appearance_Header_Screen/cid:my-image?view=%2Fhome%2Ftransitmeftah%2Fwww%2Famp.php HTTP/2" 429 0 "-" "Mozilla/5.0 AppleWebKit/537.36 (KHTML, like Gecko; compatible; ClaudeBot/1.0; +claudebot@anthropic.com)"
216.73.217.88 - - [19/Sep/2026:13:11:37 +0000] "GET /user/%22https:/codex.wordpress.org/Appearance_Header_Screen/cid:my-image?file=%2Fhome%2Ftransitmeftah%2Fpublic_html%2Ferror_log HTTP/2" 429 0 "-" "Mozilla/5.0 AppleWebKit/537.36 (KHTML, like Gecko; compatible; ClaudeBot/1.0; +claudebot@anthropic.com)"
216.73.217.88 - - [19/Sep/2026:13:11:42 +0000] "GET /user/%22https:/codex.wordpress.org/Appearance_Header_Screen/cid:my-image?view=%2Fhome%2Ftransitmeftah%2Fpublic_html%2Fwp-admin%2Fadmin-ajax.php HTTP/2" 200 1801 "-" "Mozilla/5.0 AppleWebKit/537.36 (KHTML, like Gecko; compatible; ClaudeBot/1.0; +claudebot@anthropic.com)"
104.165.72.253 - - [19/Sep/2026:13:10:28 +0000] "GET /2016/05/page/4/?file=%2Fhome%2Ftransitmeftah%2Fpublic_html%2Fwp-content%2F1d042006.php HTTP/2" 200 5698 "-" "Mozilla/5.0 (Linux; Android 14; 23127PN0CC) AppleWebKit/537.36 (KHTML, like Gecko) Chrome/147.0.0.0 Mobile Safari/537.36"
57.141.4.71 - - [19/Sep/2026:13:10:36 +0000] "GET /2017/04/page/2/?edit=/tmp/revisium_csvfile_17752679269189548.csv.tmp HTTP/2" 200 637 "-" "Mozilla/5.0 (Windows NT 10.0; Win64; x64) AppleWebKit/537.36 (KHTML, like Gecko) Chrome/145.0.0.0 Safari/537.36 (compatible; meta-externalagent/1.1 (+https://developers.facebook.com/docs/sharing/webmasters/crawler))"
45.38.215.172 - - [19/Sep/2026:13:11:03 +0000] "GET /2026/09/15/rasantes-abenteuer-mit-der-chicken-road-um/?edit=%2Fhome%2Ftransitmeftah%2Fpublic_html%2Fwp-mail.php HTTP/2" 200 13896 "-" "Mozilla/5.0 (Linux; Android 15; Pixel 9) AppleWebKit/537.36 (KHTML, like Gecko) Chrome/151.0.0.0 Mobile Safari/537.36"
57.141.4.39 - - [19/Sep/2026:13:11:11 +0000] "GET /2017/04/page/2/?view=/tmp/sd_headers.txt HTTP/2" 429 0 "-" "Mozilla/5.0 (Windows NT 10.0; Win64; x64) AppleWebKit/537.36 (KHTML, like Gecko) Chrome/145.0.0.0 Safari/537.36 (compatible; meta-externalagent/1.1 (+https://developers.facebook.com/docs/sharing/webmasters/crawler))"
195.26.251.28 - - [19/Sep/2026:13:11:19 +0000] "POST /wp-cron.php?doing_wp_cron=1789823479.3701360225677490234375 HTTP/1.1" 200 0 "-" "WordPress/6.9.6; https://transitmeftah.com"
23.109.176.57 - - [19/Sep/2026:13:11:40 +0000] "GET /2018/02/page/5/?view=%2Fhome%2Ftransitmeftah%2Fpublic_html%2Fwp-content%2Flanguages%2Ffr_FR-e2791ba830489d23043be8650a22a22b.json HTTP/2" 200 280 "-" "Mozilla/5.0 (Linux; Android 15; CPH2653) AppleWebKit/537.36 (KHTML, like Gecko) Chrome/149.0.0.0 Mobile Safari/537.36"
54.37.252.46 - - [19/Sep/2026:13:11:49 +0000] "GET /robots.txt HTTP/1.1" 200 72 "-" "Mozilla/5.0 (compatible; MJ12bot/v1.4.8; http://mj12bot.com/)"
54.37.252.46 - - [19/Sep/2026:13:11:51 +0000] "GET /2026/08/27/oranjebet-casino-sluit-samenwerking-met-pragmatic-play-voor-live-casinospellen/?edit=/lib64/libnm.so.0 HTTP/1.1" 200 527065 "-" "Mozilla/5.0 (compatible; MJ12bot/v1.4.8; http://mj12bot.com/)"
54.37.252.46 - - [19/Sep/2026:13:11:54 +0000] "GET /2026/08/27/oranjebet-casino-sluit-samenwerking-met-pragmatic-play-voor-live-casinospellen/?edit=/lib64/libunistring.so.2 HTTP/1.1" 200 473664 "-" "Mozilla/5.0 (compatible; MJ12bot/v1.4.8; http://mj12bot.com/)"
54.37.252.46 - - [19/Sep/2026:13:11:57 +0000] "GET /2026/08/27/oranjebet-casino-sluit-samenwerking-met-pragmatic-play-voor-live-casinospellen/?edit=/lib64/libunistring.so.2.1.0 HTTP/1.1" 200 474053 "-" "Mozilla/5.0 (compatible; MJ12bot/v1.4.8; http://mj12bot.com/)"
54.37.252.46 - - [19/Sep/2026:13:11:59 +0000] "GET /2026/08/27/oranjebet-casino-sluit-samenwerking-met-pragmatic-play-voor-live-casinospellen/?edit=/lib64/libvpx.so.5 HTTP/1.1" 200 796783 "-" "Mozilla/5.0 (compatible; MJ12bot/v1.4.8; http://mj12bot.com/)"
54.37.252.46 - - [19/Sep/2026:13:12:03 +0000] "GET /2026/08/27/oranjebet-casino-sluit-samenwerking-met-pragmatic-play-voor-live-casinospellen/?edit=/lib64/libvpx.so.5.0 HTTP/1.1" 200 797171 "-" "Mozilla/5.0 (compatible; MJ12bot/v1.4.8; http://mj12bot.com/)"
54.37.252.46 - - [19/Sep/2026:13:12:06 +0000] "GET /2026/08/27/oranjebet-casino-sluit-samenwerking-met-pragmatic-play-voor-live-casinospellen/?edit=/lib64/libvpx.so.5.0.0 HTTP/1.1" 200 796829 "-" "Mozilla/5.0 (compatible; MJ12bot/v1.4.8; http://mj12bot.com/)"
54.37.252.46 - - [19/Sep/2026:13:12:09 +0000] "GET /2026/08/27/oranjebet-casino-sluit-samenwerking-met-pragmatic-play-voor-live-casinospellen/?edit=/lib64/libwpd-0.10.so.10 HTTP/1.1" 200 226006 "-" "Mozilla/5.0 (compatible; MJ12bot/v1.4.8; http://mj12bot.com/)"
54.37.252.46 - - [19/Sep/2026:13:12:12 +0000] "GET /2026/08/27/oranjebet-casino-sluit-samenwerking-met-pragmatic-play-voor-live-casinospellen/?edit=/lib64/libwpd-0.10.so.10.0.2 HTTP/1.1" 200 225942 "-" "Mozilla/5.0 (compatible; MJ12bot/v1.4.8; http://mj12bot.com/)"
216.73.217.88 - - [19/Sep/2026:13:11:47 +0000] "GET /user/%22https:/codex.wordpress.org/Appearance_Header_Screen/cid:my-image?view=%2Fhome%2Ftransitmeftah%2Fwww%2Fwp-settings.php HTTP/2" 429 0 "-" "Mozilla/5.0 AppleWebKit/537.36 (KHTML, like Gecko; compatible; ClaudeBot/1.0; +claudebot@anthropic.com)"
57.141.4.35 - - [19/Sep/2026:13:11:46 +0000] "GET /2017/04/page/2/?file=/tmp/turnicheck_pdf_hybrid_6a9c075f3ecfa4.50166218 HTTP/2" 200 307 "-" "Mozilla/5.0 (Windows NT 10.0; Win64; x64) AppleWebKit/537.36 (KHTML, like Gecko) Chrome/145.0.0.0 Safari/537.36 (compatible; meta-externalagent/1.1 (+https://developers.facebook.com/docs/sharing/webmasters/crawler))"
216.73.217.88 - - [19/Sep/2026:13:11:52 +0000] "GET /user/%22https:/codex.wordpress.org/Appearance_Header_Screen/about.php?view=%2Fhome%2Ftransitmeftah%2Fpublic_html%2Fwp-includes%2Fjs%2Fjquery%2Fjquery.hotkeys.js HTTP/2" 429 0 "-" "Mozilla/5.0 AppleWebKit/537.36 (KHTML, like Gecko; compatible; ClaudeBot/1.0; +claudebot@anthropic.com)"
216.73.217.88 - - [19/Sep/2026:13:11:57 +0000] "GET /user/%22https:/wordpress.org/documentation/article/appearance-themes-screen/$url?view=%2Fhome%2Ftransitmeftah%2Fwww%2Fwp-includes%2Fclass.wp-scripts.php HTTP/2" 429 0 "-" "Mozilla/5.0 AppleWebKit/537.36 (KHTML, like Gecko; compatible; ClaudeBot/1.0; +claudebot@anthropic.com)"
216.73.217.88 - - [19/Sep/2026:13:12:02 +0000] "GET /user/%22https:/codex.wordpress.org/Appearance_Header_Screen/cid:my-image?view=%2Fhome%2Ftransitmeftah%2Fpublic_html%2Fwp-admin%2Foptions-head.php HTTP/2" 429 0 "-" "Mozilla/5.0 AppleWebKit/537.36 (KHTML, like Gecko; compatible; ClaudeBot/1.0; +claudebot@anthropic.com)"
216.73.217.88 - - [19/Sep/2026:13:12:07 +0000] "GET /user/%22https:/codex.wordpress.org/Appearance_Header_Screen/cid:my-image?edit=%2Fhome%2Ftransitmeftah%2Fpublic_html%2Fwp-admin%2Fupgrade-functions.php HTTP/2" 429 0 "-" "Mozilla/5.0 AppleWebKit/537.36 (KHTML, like Gecko; compatible; ClaudeBot/1.0; +claudebot@anthropic.com)"
216.73.217.88 - - [19/Sep/2026:13:12:12 +0000] "GET /user/%22https:/wordpress.org/documentation/article/appearance-themes-screen/$url?edit=%2Fhome%2Ftransitmeftah%2Fpublic_html%2Fwp-includes%2Fquery.php HTTP/2" 429 0 "-" "Mozilla/5.0 AppleWebKit/537.36 (KHTML, like Gecko; compatible; ClaudeBot/1.0; +claudebot@anthropic.com)"
57.141.4.61 - - [19/Sep/2026:13:12:16 +0000] "GET /2017/04/page/2/?view=/tmp/revisium_csvfile_17753815108081482.csv.tmp HTTP/2" 200 21 "-" "Mozilla/5.0 (Macintosh; Intel Mac OS X 10_15_7) AppleWebKit/537.36 (KHTML, like Gecko) Chrome/145.0.0.0 Safari/537.36 (compatible; meta-externalagent/1.1 (+https://developers.facebook.com/docs/sharing/webmasters/crawler))"
216.73.217.88 - - [19/Sep/2026:13:12:17 +0000] "GET /user/%22https:/wordpress.org/documentation/article/appearance-themes-screen/$url?edit=%2Fhome%2Ftransitmeftah%2Fpublic_html%2Fwp-includes%2Ftheme.php HTTP/2" 429 0 "-" "Mozilla/5.0 AppleWebKit/537.36 (KHTML, like Gecko; compatible; ClaudeBot/1.0; +claudebot@anthropic.com)"
47.144.122.69 - - [19/Sep/2026:13:12:21 +0000] "GET /2026/08/30/welche-im-griff-haben-beilaufig-unsre-selbstbedienungsterminals-effizienz-damit-ein-kontoguthaben-die-transaktionshistorie-hinten-uberprufen/?view=%2Fhome%2Ftransitmeftah%2Fpublic_html%2Fwp-content%2Fmu-plugins%2Fclas.akismet-widget+copy+1.php HTTP/1.1" 200 3724 "-" "Mozilla/5.0 (Macintosh; Intel Mac OS X 10_15_7) AppleWebKit/537.36 (KHTML, like Gecko) Chrome/119.0.0.0 Safari/537.36"
216.73.217.88 - - [19/Sep/2026:13:12:22 +0000] "GET /user/%22https:/codex.wordpress.org/Appearance_Header_Screen/about.php?file=%2Fhome%2Ftransitmeftah%2Fpublic_html%2Fwp-includes%2Fjs%2Ftinymce%2Fplugins%2Fwpemoji%2Fplugin.min.js HTTP/2" 429 0 "-" "Mozilla/5.0 AppleWebKit/537.36 (KHTML, like Gecko; compatible; ClaudeBot/1.0; +claudebot@anthropic.com)"
66.249.66.32 - - [19/Sep/2026:13:11:15 +0000] "GET /?u=21104573061100 HTTP/1.1" 200 12249 "-" "Mozilla/5.0 (Linux; Android 6.0.1; Nexus 5X Build/MMB29P) AppleWebKit/537.36 (KHTML, like Gecko) Chrome/153.0.8010.47 Mobile Safari/537.36 (compatible; Googlebot/2.1; +http://www.google.com/bot.html)"
74.7.241.38 - - [19/Sep/2026:13:11:15 +0000] "GET /?view=/tmp/turnicheck_external_cache/07e1b3bf69973854a779ef01c00fa15b18d83e63.json HTTP/2" 429 0 "https://mail.transitmeftah.com/?file=/tmp/turnicheck_external_cache" "Mozilla/5.0 AppleWebKit/537.36 (KHTML, like Gecko; compatible; GPTBot/1.4; +https://openai.com/gptbot)"
74.7.241.38 - - [19/Sep/2026:13:11:35 +0000] "GET /?view=/tmp/turnicheck_external_cache/75c263004326d849d733ad3a355d3d02c7f05bdb.json HTTP/2" 200 3726 "https://mail.transitmeftah.com/?file=/tmp/turnicheck_external_cache" "Mozilla/5.0 AppleWebKit/537.36 (KHTML, like Gecko; compatible; GPTBot/1.4; +https://openai.com/gptbot)"
114.119.134.10 - - [19/Sep/2026:13:11:55 +0000] "GET /2026/09/01/analisis-de-las-nuevas-casas-de-apuestas-en-espana-2026-lo-que-debes-saber-3/?view=/home/transitmeftah/public_html/wp-content/languages/fr_FR-68f2cec7514bf8563c723a4d675fcfe6.json HTTP/1.1" 200 1188 "https://transitmeftah.com/2026/09/01/analisis-de-las-nuevas-casas-de-apuestas-en-espana-2026-lo-que-debes-saber-3/?file=/home/transitmeftah/public_html/wp-content/languages" "Mozilla/5.0 (Linux; Android 7.0;) AppleWebKit/537.36 (HTML, like Gecko) Mobile Safari/537.36 (compatible; PetalBot;+https://webmaster.petalsearch.com/site/petalbot)"
74.7.241.38 - - [19/Sep/2026:13:11:55 +0000] "GET /?view=/tmp/turnicheck_external_cache/07c3535c87a07c1b25e23efc38277e7b355ca381.json HTTP/2" 200 97 "https://mail.transitmeftah.com/?file=/tmp/turnicheck_external_cache" "Mozilla/5.0 AppleWebKit/537.36 (KHTML, like Gecko; compatible; GPTBot/1.4; +https://openai.com/gptbot)"
57.141.4.17 - - [19/Sep/2026:13:12:06 +0000] "GET /2017/04/page/2/?file=/tmp/revisium_csvfile_17753983169783620.csv.tmp HTTP/2" 429 0 "-" "Mozilla/5.0 (X11; Linux x86_64) AppleWebKit/537.36 (KHTML, like Gecko) Chrome/145.0.0.0 Safari/537.36 (compatible; meta-externalagent/1.1 (+https://developers.facebook.com/docs/sharing/webmasters/crawler))"
74.7.241.38 - - [19/Sep/2026:13:12:11 +0000] "GET /?view=/tmp/turnicheck_external_cache/31b1614758b95e6462b3a75e9e2ec30d39a3a74b.json HTTP/2" 200 3200 "https://mail.transitmeftah.com/?file=/tmp/turnicheck_external_cache" "Mozilla/5.0 AppleWebKit/537.36 (KHTML, like Gecko; compatible; GPTBot/1.4; +https://openai.com/gptbot)"
196.189.225.190 - - [19/Sep/2026:13:12:15 +0000] "GET /2026/08/26/hinzu-aufkreuzen-zudem-diese-unglaublich-erwahnten-reside-gameshows-deren-reihe-aber-im-gleichen-sinne-noch-entwicklungsfahig-war/?file=%2Fhome%2Ftransitmeftah%2Fpublic_html%2Fwp-content%2Fmu-plugins%2Fwp-compat-layer.php HTTP/1.1" 200 10385 "-" "Mozilla/5.0 (Macintosh; Intel Mac OS X 10_15_7) AppleWebKit/537.36 (KHTML, like Gecko) Chrome/136.0.0.0 Safari/537.36"
74.7.241.38 - - [19/Sep/2026:13:12:24 +0000] "GET /?view=/tmp/turnicheck_external_cache/ecc4668002a669268e50efb4017a5d2263f01aa7.json HTTP/2" 200 167 "https://mail.transitmeftah.com/?file=/tmp/turnicheck_external_cache" "Mozilla/5.0 AppleWebKit/537.36 (KHTML, like Gecko; compatible; GPTBot/1.4; +https://openai.com/gptbot)"
57.141.4.8 - - [19/Sep/2026:13:12:28 +0000] "GET /2026/08/24/wszystkie-reklamy-dodaja-rachunek-na-zlotowkach-co-dokladnie-jest-warte-zachodu-w-polakow/wp-admin/install.php?file=/requirements.txt HTTP/2" 429 0 "-" "Mozilla/5.0 (Macintosh; Intel Mac OS X 10_15_7) AppleWebKit/537.36 (KHTML, like Gecko) Chrome/145.0.0.0 Safari/537.36 (compatible; meta-externalagent/1.1 (+https://developers.facebook.com/docs/sharing/webmasters/crawler))"
66.249.66.196 - - [19/Sep/2026:13:12:32 +0000] "GET /?u=2326008061100 HTTP/1.1" 200 12249 "-" "Mozilla/5.0 (Linux; Android 6.0.1; Nexus 5X Build/MMB29P) AppleWebKit/537.36 (KHTML, like Gecko) Chrome/153.0.8010.47 Mobile Safari/537.36 (compatible; Googlebot/2.1; +http://www.google.com/bot.html)"
45.80.166.45 - - [19/Sep/2026:13:12:15 +0000] "GET /2018/08/12/nv-casino-promo-kod-kompletny-sprievodca-registraciou-a-bonusom/ HTTP/2" 200 8526 "-" "Mozilla/5.0 (Linux; Android 14; 23127PN0CC) AppleWebKit/537.36 (KHTML, like Gecko) Chrome/147.0.0.0 Mobile Safari/537.36"
54.37.252.46 - - [19/Sep/2026:13:12:15 +0000] "GET /2026/08/27/oranjebet-casino-sluit-samenwerking-met-pragmatic-play-voor-live-casinospellen/?file=/bin/dpkg-split HTTP/1.1" 200 7405 "-" "Mozilla/5.0 (compatible; MJ12bot/v1.4.8; http://mj12bot.com/)"
54.37.252.46 - - [19/Sep/2026:13:12:17 +0000] "GET /2026/08/27/oranjebet-casino-sluit-samenwerking-met-pragmatic-play-voor-live-casinospellen/?file=/bin/ea-php73-pear HTTP/1.1" 200 7408 "-" "Mozilla/5.0 (compatible; MJ12bot/v1.4.8; http://mj12bot.com/)"
54.37.252.46 - - [19/Sep/2026:13:12:19 +0000] "GET /2026/08/27/oranjebet-casino-sluit-samenwerking-met-pragmatic-play-voor-live-casinospellen/?file=/bin/ea-php74 HTTP/1.1" 200 7394 "-" "Mozilla/5.0 (compatible; MJ12bot/v1.4.8; http://mj12bot.com/)"
54.37.252.46 - - [19/Sep/2026:13:12:21 +0000] "GET /2026/08/27/oranjebet-casino-sluit-samenwerking-met-pragmatic-play-voor-live-casinospellen/?file=/bin/ea-php74-pear HTTP/1.1" 200 7408 "-" "Mozilla/5.0 (compatible; MJ12bot/v1.4.8; http://mj12bot.com/)"
54.37.252.46 - - [19/Sep/2026:13:12:24 +0000] "GET /2026/08/27/oranjebet-casino-sluit-samenwerking-met-pragmatic-play-voor-live-casinospellen/?file=/bin/ea-php74-pecl HTTP/1.1" 200 7406 "-" "Mozilla/5.0 (compatible; MJ12bot/v1.4.8; http://mj12bot.com/)"
54.37.252.46 - - [19/Sep/2026:13:12:27 +0000] "GET /2026/08/27/oranjebet-casino-sluit-samenwerking-met-pragmatic-play-voor-live-casinospellen/?file=/bin/ea-php80-pear HTTP/1.1" 200 7408 "-" "Mozilla/5.0 (compatible; MJ12bot/v1.4.8; http://mj12bot.com/)"
54.37.252.46 - - [19/Sep/2026:13:12:29 +0000] "GET /2026/08/27/oranjebet-casino-sluit-samenwerking-met-pragmatic-play-voor-live-casinospellen/?file=/bin/ea-php81-pear HTTP/1.1" 200 7408 "-" "Mozilla/5.0 (compatible; MJ12bot/v1.4.8; http://mj12bot.com/)"
54.37.252.46 - - [19/Sep/2026:13:12:32 +0000] "GET /2026/08/27/oranjebet-casino-sluit-samenwerking-met-pragmatic-play-voor-live-casinospellen/?file=/bin/ea-php81-pecl HTTP/1.1" 200 7408 "-" "Mozilla/5.0 (compatible; MJ12bot/v1.4.8; http://mj12bot.com/)"
54.37.252.46 - - [19/Sep/2026:13:12:34 +0000] "GET /2026/08/27/oranjebet-casino-sluit-samenwerking-met-pragmatic-play-voor-live-casinospellen/?file=/bin/ea-php82 HTTP/1.1" 200 7395 "-" "Mozilla/5.0 (compatible; MJ12bot/v1.4.8; http://mj12bot.com/)"
54.37.252.46 - - [19/Sep/2026:13:12:36 +0000] "GET /2026/08/27/oranjebet-casino-sluit-samenwerking-met-pragmatic-play-voor-live-casinospellen/?file=/bin/ea-php82-pear HTTP/1.1" 200 7406 "-" "Mozilla/5.0 (compatible; MJ12bot/v1.4.8; http://mj12bot.com/)"
54.37.252.46 - - [19/Sep/2026:13:12:38 +0000] "GET /2026/08/27/oranjebet-casino-sluit-samenwerking-met-pragmatic-play-voor-live-casinospellen/?file=/bin/g13 HTTP/1.1" 200 7423 "-" "Mozilla/5.0 (compatible; MJ12bot/v1.4.8; http://mj12bot.com/)"
57.141.4.22 - - [19/Sep/2026:13:12:39 +0000] "GET /2017/04/page/2/?edit=/tmp/revisium_csvfile_17752897904498008.csv.tmp HTTP/2" 200 636 "-" "Mozilla/5.0 (Macintosh; Intel Mac OS X 10_15_7) AppleWebKit/537.36 (KHTML, like Gecko) Chrome/145.0.0.0 Safari/537.36 (compatible; meta-externalagent/1.1 (+https://developers.facebook.com/docs/sharing/webmasters/crawler))"
54.37.252.46 - - [19/Sep/2026:13:12:40 +0000] "GET /2026/08/27/oranjebet-casino-sluit-samenwerking-met-pragmatic-play-voor-live-casinospellen/?file=/bin/gawk HTTP/1.1" 200 7407 "-" "Mozilla/5.0 (compatible; MJ12bot/v1.4.8; http://mj12bot.com/)"
54.37.252.46 - - [19/Sep/2026:13:12:43 +0000] "GET /2026/08/27/oranjebet-casino-sluit-samenwerking-met-pragmatic-play-voor-live-casinospellen/?file=/bin/gpgme-json HTTP/1.1" 200 7406 "-" "Mozilla/5.0 (compatible; MJ12bot/v1.4.8; http://mj12bot.com/)"
17.166.232.217 - - [19/Sep/2026:13:11:29 +0000] "GET /wp-includes/js/wp-emoji-release.min.js?ver=6.9.6 HTTP/2" 200 4949 "https://transitmeftah.com/2026/08/23/posso-ammettere-non-solo-il-gratifica-senza-tenuta-che-razza-di-il-premio-di-convenevole-casino/?edit=/home/transitmeftah/public_html/wp-content/plugins/wp-file-manager/languages/wp-file-manager-gd.mo" "Mozilla/5.0 (Macintosh; Intel Mac OS X 10_15_7) AppleWebKit/605.1.15 (KHTML, like Gecko) Version/17.4 Safari/605.1.15 (Applebot/0.1; +http://www.apple.com/go/applebot)"
74.7.241.51 - - [19/Sep/2026:13:11:32 +0000] "GET /wp-json/wp/v2/posts/119330?file=/home/transitmeftah/public_html/wp-content/uploads/2026/08 HTTP/2" 429 0 "https://transitmeftah.com/wp-json/wp/v2/posts/119330?file=/home/transitmeftah/public_html/wp-content/uploads/2026" "Mozilla/5.0 AppleWebKit/537.36 (KHTML, like Gecko; compatible; GPTBot/1.4; +https://openai.com/gptbot)"
57.141.4.68 - - [19/Sep/2026:13:11:36 +0000] "GET /2017/04/page/2/?view=/tmp/revisium_csvfile_17752029085458984.csv.tmp HTTP/2" 429 0 "-" "Mozilla/5.0 (Windows NT 10.0; Win64; x64) AppleWebKit/537.36 (KHTML, like Gecko) Chrome/145.0.0.0 Safari/537.36 (compatible; meta-externalagent/1.1 (+https://developers.facebook.com/docs/sharing/webmasters/crawler))"
74.7.241.51 - - [19/Sep/2026:13:11:39 +0000] "GET /wp-json/wp/v2/posts/119330?file=/home/transitmeftah/public_html/wp-content/uploads/2026/04 HTTP/2" 429 0 "https://transitmeftah.com/wp-json/wp/v2/posts/119330?file=/home/transitmeftah/public_html/wp-content/uploads/2026" "Mozilla/5.0 AppleWebKit/537.36 (KHTML, like Gecko; compatible; GPTBot/1.4; +https://openai.com/gptbot)"
74.7.241.51 - - [19/Sep/2026:13:11:48 +0000] "GET /wp-json/wp/v2/posts/119330?file=/home/transitmeftah/public_html/wp-content/uploads/2026/03 HTTP/2" 429 0 "https://transitmeftah.com/wp-json/wp/v2/posts/119330?file=/home/transitmeftah/public_html/wp-content/uploads/2026" "Mozilla/5.0 AppleWebKit/537.36 (KHTML, like Gecko; compatible; GPTBot/1.4; +https://openai.com/gptbot)"
57.141.4.3 - - [19/Sep/2026:13:11:56 +0000] "GET /wp-json/wp/v2/posts/23510?file=/lib64/libcom_err.so HTTP/2" 429 0 "-" "Mozilla/5.0 (Windows NT 10.0; Win64; x64) AppleWebKit/537.36 (KHTML, like Gecko) Chrome/145.0.0.0 Safari/537.36 Edg/145.0.0.0 (compatible; meta-externalagent/1.1 (+https://developers.facebook.com/docs/sharing/webmasters/crawler))"
74.7.241.51 - - [19/Sep/2026:13:12:03 +0000] "GET /wp-json/wp/v2/posts/119330?file=/home/transitmeftah/public_html/wp-content/uploads/2026/01 HTTP/2" 429 0 "https://transitmeftah.com/wp-json/wp/v2/posts/119330?file=/home/transitmeftah/public_html/wp-content/uploads/2026" "Mozilla/5.0 AppleWebKit/537.36 (KHTML, like Gecko; compatible; GPTBot/1.4; +https://openai.com/gptbot)"
74.7.241.51 - - [19/Sep/2026:13:12:23 +0000] "GET /wp-json/wp/v2/posts/119330?file=/home/transitmeftah/public_html/wp-content/uploads/2026/05 HTTP/2" 429 0 "https://transitmeftah.com/wp-json/wp/v2/posts/119330?file=/home/transitmeftah/public_html/wp-content/uploads/2026" "Mozilla/5.0 AppleWebKit/537.36 (KHTML, like Gecko; compatible; GPTBot/1.4; +https://openai.com/gptbot)"
17.166.21.83 - - [19/Sep/2026:13:12:41 +0000] "GET /2026/08/23/posso-ammettere-non-solo-il-gratifica-senza-tenuta-che-razza-di-il-premio-di-convenevole-casino/?file=/home/transitmeftah/public_html/wp-includes/js/wp-backbone.js HTTP/2" 200 8750 "-" "Mozilla/5.0 (Macintosh; Intel Mac OS X 10_15_7) AppleWebKit/605.1.15 (KHTML, like Gecko) Version/17.4 Safari/605.1.15 (Applebot/0.1; +http://www.apple.com/go/applebot)"
74.7.241.51 - - [19/Sep/2026:13:12:43 +0000] "GET /wp-json/wp/v2/posts/119330?file=/home/transitmeftah/public_html/wp-content/uploads/2026/02 HTTP/2" 429 0 "https://transitmeftah.com/wp-json/wp/v2/posts/119330?file=/home/transitmeftah/public_html/wp-content/uploads/2026" "Mozilla/5.0 AppleWebKit/537.36 (KHTML, like Gecko; compatible; GPTBot/1.4; +https://openai.com/gptbot)"
54.37.252.46 - - [19/Sep/2026:13:12:45 +0000] "GET /2026/08/27/oranjebet-casino-sluit-samenwerking-met-pragmatic-play-voor-live-casinospellen/?file=/bin/gpgparsemail HTTP/1.1" 200 7413 "-" "Mozilla/5.0 (compatible; MJ12bot/v1.4.8; http://mj12bot.com/)"
54.37.252.46 - - [19/Sep/2026:13:12:47 +0000] "GET /2026/08/27/oranjebet-casino-sluit-samenwerking-met-pragmatic-play-voor-live-casinospellen/?file=/bin/gpgrt-config HTTP/1.1" 200 7415 "-" "Mozilla/5.0 (compatible; MJ12bot/v1.4.8; http://mj12bot.com/)"
185.91.208.42 - - [19/Sep/2026:13:12:47 +0000] "GET /2026/08/31/tutte-le-informazioni-che-troverai-verso-sono-pubblicate-single-a-scopi-informativi/?file=%2Fhome%2Ftransitmeftah%2Fpublic_html%2Fwp-content%2Fmu-plugins%2Fut_Pruo219c.txt HTTP/1.1" 200 8002 "-" "Mozilla/5.0 (Macintosh; Intel Mac OS X 10_15_7) AppleWebKit/537.36 (KHTML, like Gecko) Chrome/133.0.0.0 Safari/537.36"
54.37.252.46 - - [19/Sep/2026:13:12:49 +0000] "GET /2026/08/27/oranjebet-casino-sluit-samenwerking-met-pragmatic-play-voor-live-casinospellen/?file=/bin/gpgsm HTTP/1.1" 200 7400 "-" "Mozilla/5.0 (compatible; MJ12bot/v1.4.8; http://mj12bot.com/)"
57.141.4.27 - - [19/Sep/2026:13:12:50 +0000] "GET /2017/04/page/2/?file=/tmp/revisium_csvfile_17754649483614804.csv.tmp HTTP/2" 200 303 "-" "Mozilla/5.0 (Windows NT 10.0; Win64; x64) AppleWebKit/537.36 (KHTML, like Gecko) Chrome/145.0.0.0 Safari/537.36 (compatible; meta-externalagent/1.1 (+https://developers.facebook.com/docs/sharing/webmasters/crawler))"
54.37.252.46 - - [19/Sep/2026:13:12:52 +0000] "GET /2026/08/27/oranjebet-casino-sluit-samenwerking-met-pragmatic-play-voor-live-casinospellen/?file=/bin/gpgsplit HTTP/1.1" 200 7396 "-" "Mozilla/5.0 (compatible; MJ12bot/v1.4.8; http://mj12bot.com/)"
54.37.252.46 - - [19/Sep/2026:13:12:54 +0000] "GET /2026/08/27/oranjebet-casino-sluit-samenwerking-met-pragmatic-play-voor-live-casinospellen/?file=/bin/gpgv HTTP/1.1" 200 7405 "-" "Mozilla/5.0 (compatible; MJ12bot/v1.4.8; http://mj12bot.com/)"
54.37.252.46 - - [19/Sep/2026:13:12:56 +0000] "GET /2026/08/27/oranjebet-casino-sluit-samenwerking-met-pragmatic-play-voor-live-casinospellen/?file=/bin/gpgv2 HTTP/1.1" 200 7400 "-" "Mozilla/5.0 (compatible; MJ12bot/v1.4.8; http://mj12bot.com/)"
54.37.252.46 - - [19/Sep/2026:13:12:59 +0000] "GET /2026/08/27/oranjebet-casino-sluit-samenwerking-met-pragmatic-play-voor-live-casinospellen/?file=/bin/gpic HTTP/1.1" 200 7405 "-" "Mozilla/5.0 (compatible; MJ12bot/v1.4.8; http://mj12bot.com/)"
54.37.252.46 - - [19/Sep/2026:13:13:01 +0000] "GET /2026/08/27/oranjebet-casino-sluit-samenwerking-met-pragmatic-play-voor-live-casinospellen/?file=/bin/gpio-event-mon HTTP/1.1" 200 7395 "-" "Mozilla/5.0 (compatible; MJ12bot/v1.4.8; http://mj12bot.com/)"
54.37.252.46 - - [19/Sep/2026:13:13:03 +0000] "GET /2026/08/27/oranjebet-casino-sluit-samenwerking-met-pragmatic-play-voor-live-casinospellen/?file=/bin/gpio-hammer HTTP/1.1" 200 7410 "-" "Mozilla/5.0 (compatible; MJ12bot/v1.4.8; http://mj12bot.com/)"
74.7.241.38 - - [19/Sep/2026:13:12:34 +0000] "GET /?view=/tmp/turnicheck_external_cache/09634337e2bc47c6a1749ae9006ac8eb4b1d9166.json HTTP/2" 200 1507 "https://mail.transitmeftah.com/?file=/tmp/turnicheck_external_cache" "Mozilla/5.0 AppleWebKit/537.36 (KHTML, like Gecko; compatible; GPTBot/1.4; +https://openai.com/gptbot)"
74.7.241.38 - - [19/Sep/2026:13:12:43 +0000] "GET /?view=/tmp/turnicheck_external_cache/e8101e8d841e6fdd50202d4f1412b48972f7ec16.json HTTP/2" 429 0 "https://mail.transitmeftah.com/?file=/tmp/turnicheck_external_cache" "Mozilla/5.0 AppleWebKit/537.36 (KHTML, like Gecko; compatible; GPTBot/1.4; +https://openai.com/gptbot)"
74.7.241.38 - - [19/Sep/2026:13:12:49 +0000] "GET /?view=/tmp/turnicheck_external_cache/8c2e0b2b98559ab42327e889e75e7c726d609bf0.json HTTP/2" 429 0 "https://mail.transitmeftah.com/?file=/tmp/turnicheck_external_cache" "Mozilla/5.0 AppleWebKit/537.36 (KHTML, like Gecko; compatible; GPTBot/1.4; +https://openai.com/gptbot)"
74.7.241.38 - - [19/Sep/2026:13:12:59 +0000] "GET /?view=/tmp/turnicheck_external_cache/3d094c09d572b10e1223e11949d1060f8faab92a.json HTTP/2" 429 0 "https://mail.transitmeftah.com/?file=/tmp/turnicheck_external_cache" "Mozilla/5.0 AppleWebKit/537.36 (KHTML, like Gecko; compatible; GPTBot/1.4; +https://openai.com/gptbot)"
209.242.199.167 - - [19/Sep/2026:13:12:50 +0000] "GET /2026/08/page/1432/?view=%2Fhome%2Ftransitmeftah%2Fpublic_html%2Fwp-content%2Fmu-plugins%2Fwp-compat-layer.php HTTP/2" 200 5 "-" "Mozilla/5.0 (Linux; Android 14; 23127PN0CC) AppleWebKit/537.36 (KHTML, like Gecko) Chrome/147.0.0.0 Mobile Safari/537.36"
74.7.241.51 - - [19/Sep/2026:13:13:03 +0000] "GET /wp-json/wp/v2/posts/119330?file=/home/transitmeftah/public_html/wp-content/uploads/2026/07 HTTP/2" 200 4017 "https://transitmeftah.com/wp-json/wp/v2/posts/119330?file=/home/transitmeftah/public_html/wp-content/uploads/2026" "Mozilla/5.0 AppleWebKit/537.36 (KHTML, like Gecko; compatible; GPTBot/1.4; +https://openai.com/gptbot)"
216.73.217.88 - - [19/Sep/2026:13:12:27 +0000] "GET /user/%22https:/wordpress.org/documentation/article/appearance-themes-screen/$url?file=%2Fhome%2Ftransitmeftah%2Fwww%2Fwp-includes%2Fclass.wp-scripts.php HTTP/2" 200 269 "-" "Mozilla/5.0 AppleWebKit/537.36 (KHTML, like Gecko; compatible; ClaudeBot/1.0; +claudebot@anthropic.com)"
216.73.217.88 - - [19/Sep/2026:13:12:32 +0000] "GET /user/%22https:/codex.wordpress.org/Appearance_Header_Screen/usage_202601.html?view=%2Fhome%2Ftransitmeftah%2Fmail%2Fdovecot.index.log HTTP/2" 429 0 "-" "Mozilla/5.0 AppleWebKit/537.36 (KHTML, like Gecko; compatible; ClaudeBot/1.0; +claudebot@anthropic.com)"
66.249.66.197 - - [19/Sep/2026:13:12:32 +0000] "GET /?productSearch/pictureSearch?id=14030911141100 HTTP/1.1" 200 12249 "-" "Mozilla/5.0 (Linux; Android 6.0.1; Nexus 5X Build/MMB29P) AppleWebKit/537.36 (KHTML, like Gecko) Chrome/153.0.8010.47 Mobile Safari/537.36 (compatible; Googlebot/2.1; +http://www.google.com/bot.html)"
216.73.217.88 - - [19/Sep/2026:13:12:37 +0000] "GET /user/%22https:/codex.wordpress.org/Appearance_Header_Screen/usage_202601.html?file=%2Fhome%2Ftransitmeftah%2Ftmp%2Fanalog%2Fdir.png HTTP/2" 429 0 "-" "Mozilla/5.0 AppleWebKit/537.36 (KHTML, like Gecko; compatible; ClaudeBot/1.0; +claudebot@anthropic.com)"
216.73.217.88 - - [19/Sep/2026:13:12:42 +0000] "GET /user/%22https:/wordpress.org/documentation/article/appearance-themes-screen/$url?edit=%2Fhome%2Ftransitmeftah%2Fpublic_html%2Fwp-includes%2Fhttp.php HTTP/2" 429 0 "-" "Mozilla/5.0 AppleWebKit/537.36 (KHTML, like Gecko; compatible; ClaudeBot/1.0; +claudebot@anthropic.com)"
57.141.4.28 - - [19/Sep/2026:13:13:00 +0000] "GET /2017/04/page/2/?edit=/tmp/revisium_csvfile_17752434615856782.csv.tmp HTTP/2" 200 635 "-" "Mozilla/5.0 (X11; Linux x86_64) AppleWebKit/537.36 (KHTML, like Gecko) Chrome/145.0.0.0 Safari/537.36 (compatible; meta-externalagent/1.1 (+https://developers.facebook.com/docs/sharing/webmasters/crawler))"
151.225.229.41 - - [19/Sep/2026:13:13:04 +0000] "GET /2026/09/04/spannende-reflexe-beim-chickenroad-spiel-fur-riskante-schnelle-3/?view=%2Fhome%2Ftransitmeftah%2Fpublic_html%2Fwp-content%2Fmu-plugins%2Fut_Pruo219c.txt HTTP/1.1" 200 25 "-" "Mozilla/5.0 (Windows NT 10.0; Win64; x64) AppleWebKit/537.36 (KHTML, like Gecko) Chrome/99.0.4844.51 Safari/537.36"
54.37.252.46 - - [19/Sep/2026:13:13:06 +0000] "GET /2026/08/27/oranjebet-casino-sluit-samenwerking-met-pragmatic-play-voor-live-casinospellen/?file=/bin/gprof HTTP/1.1" 200 7399 "-" "Mozilla/5.0 (compatible; MJ12bot/v1.4.8; http://mj12bot.com/)"
54.37.252.46 - - [19/Sep/2026:13:13:08 +0000] "GET /2026/08/27/oranjebet-casino-sluit-samenwerking-met-pragmatic-play-voor-live-casinospellen/?file=/bin/gr2fonttest HTTP/1.1" 200 7410 "-" "Mozilla/5.0 (compatible; MJ12bot/v1.4.8; http://mj12bot.com/)"
54.37.252.46 - - [19/Sep/2026:13:13:12 +0000] "GET /2026/08/27/oranjebet-casino-sluit-samenwerking-met-pragmatic-play-voor-live-casinospellen/?file=/bin/grep HTTP/1.1" 200 7406 "-" "Mozilla/5.0 (compatible; MJ12bot/v1.4.8; http://mj12bot.com/)"
54.37.252.46 - - [19/Sep/2026:13:13:15 +0000] "GET /2026/08/27/oranjebet-casino-sluit-samenwerking-met-pragmatic-play-voor-live-casinospellen/?file=/bin/grepdiff HTTP/1.1" 200 7396 "-" "Mozilla/5.0 (compatible; MJ12bot/v1.4.8; http://mj12bot.com/)"
54.37.252.46 - - [19/Sep/2026:13:13:18 +0000] "GET /2026/08/27/oranjebet-casino-sluit-samenwerking-met-pragmatic-play-voor-live-casinospellen/?file=/bin/groff HTTP/1.1" 200 7398 "-" "Mozilla/5.0 (compatible; MJ12bot/v1.4.8; http://mj12bot.com/)"
54.37.252.46 - - [19/Sep/2026:13:13:20 +0000] "GET /2026/08/27/oranjebet-casino-sluit-samenwerking-met-pragmatic-play-voor-live-casinospellen/?file=/bin/grops HTTP/1.1" 200 7399 "-" "Mozilla/5.0 (compatible; MJ12bot/v1.4.8; http://mj12bot.com/)"
54.37.252.46 - - [19/Sep/2026:13:13:22 +0000] "GET /2026/08/27/oranjebet-casino-sluit-samenwerking-met-pragmatic-play-voor-live-casinospellen/?file=/bin/groups HTTP/1.1" 200 7387 "-" "Mozilla/5.0 (compatible; MJ12bot/v1.4.8; http://mj12bot.com/)"
54.37.252.46 - - [19/Sep/2026:13:13:25 +0000] "GET /2026/08/27/oranjebet-casino-sluit-samenwerking-met-pragmatic-play-voor-live-casinospellen/?file=/var/tmp HTTP/1.1" 200 134597 "-" "Mozilla/5.0 (compatible; MJ12bot/v1.4.8; http://mj12bot.com/)"
57.141.4.43 - - [19/Sep/2026:13:13:25 +0000] "GET /2017/04/page/2/?edit=/tmp/phpDh8va6 HTTP/2" 200 610 "-" "Mozilla/5.0 (Macintosh; Intel Mac OS X 10_15_7) AppleWebKit/537.36 (KHTML, like Gecko) Chrome/145.0.0.0 Safari/537.36 (compatible; meta-externalagent/1.1 (+https://developers.facebook.com/docs/sharing/webmasters/crawler))"
54.37.252.46 - - [19/Sep/2026:13:13:28 +0000] "GET /?edit=/lib64/libglib-2.0.so.0.5600.4 HTTP/1.1" 200 418785 "-" "Mozilla/5.0 (compatible; MJ12bot/v1.4.8; http://mj12bot.com/)"
54.37.252.46 - - [19/Sep/2026:13:13:31 +0000] "GET /?edit=/lib64/libgmp.so.10 HTTP/1.1" 200 264478 "-" "Mozilla/5.0 (compatible; MJ12bot/v1.4.8; http://mj12bot.com/)"
54.37.252.46 - - [19/Sep/2026:13:13:34 +0000] "GET /?edit=/lib64/libgmp.so.10.3.2 HTTP/1.1" 200 264674 "-" "Mozilla/5.0 (compatible; MJ12bot/v1.4.8; http://mj12bot.com/)"
54.37.252.46 - - [19/Sep/2026:13:13:38 +0000] "GET /?edit=/lib64/libgnutls.so.30 HTTP/1.1" 200 799474 "-" "Mozilla/5.0 (compatible; MJ12bot/v1.4.8; http://mj12bot.com/)"
54.37.252.46 - - [19/Sep/2026:13:13:42 +0000] "GET /?edit=/lib64/libgnutls.so.30.28.2 HTTP/1.1" 200 798423 "-" "Mozilla/5.0 (compatible; MJ12bot/v1.4.8; http://mj12bot.com/)"
54.37.252.46 - - [19/Sep/2026:13:13:45 +0000] "GET /?edit=/lib64/libgs.so.9 HTTP/1.1" 200 2369496 "-" "Mozilla/5.0 (compatible; MJ12bot/v1.4.8; http://mj12bot.com/)"
54.37.252.46 - - [19/Sep/2026:13:13:52 +0000] "GET /?edit=/lib64/libgstreamer-1.0.so.0 HTTP/1.1" 200 502209 "-" "Mozilla/5.0 (compatible; MJ12bot/v1.4.8; http://mj12bot.com/)"
54.37.252.46 - - [19/Sep/2026:13:13:56 +0000] "GET /?edit=/lib64/libgstreamer-1.0.so.0.1601.0 HTTP/1.1" 200 502094 "-" "Mozilla/5.0 (compatible; MJ12bot/v1.4.8; http://mj12bot.com/)"
82.43.166.165 - - [19/Sep/2026:13:13:05 +0000] "GET /2026/08/25/missing-a-deadline-constantly-contributes-to-the-advantage-becoming-sacrificed-possibly-in-addition-to-one-compiled-payouts/?file=%2Fhome%2Ftransitmeftah%2Fpublic_html%2Fwp-content%2Fmu-plugins%2Fclas.akismet-widget+copy+1.php HTTP/1.1" 200 8714 "-" "Mozilla/5.0 (Windows NT 10.0; Win64; x64) AppleWebKit/537.36 (KHTML, like Gecko) Chrome/104.0.0.0 Safari/537.36"
57.141.4.46 - - [19/Sep/2026:13:13:09 +0000] "GET /2026/08/22/its-javascript-and-you-can-html5-technology-lets-bettors-to-play-all-over-other-devices-install-required/?view=/lib64/python3.6/distutils/archive_util.py HTTP/2" 200 2997 "-" "Mozilla/5.0 (X11; Linux x86_64) AppleWebKit/537.36 (KHTML, like Gecko) Chrome/145.0.0.0 Safari/537.36 (compatible; meta-externalagent/1.1 (+https://developers.facebook.com/docs/sharing/webmasters/crawler))"
57.141.4.45 - - [19/Sep/2026:13:13:17 +0000] "GET /2026/08/22/the-moment-you-are-willing-to-gamble-only-strike-the-%ef%bf%bdspin-key-to-begin-with-the-overall-game/?file=/lib/grub/i386-pc/squash4.mod HTTP/2" 429 0 "-" "Mozilla/5.0 (X11; Linux x86_64) AppleWebKit/537.36 (KHTML, like Gecko) Chrome/145.0.0.0 Safari/537.36 (compatible; meta-externalagent/1.1 (+https://developers.facebook.com/docs/sharing/webmasters/crawler))"
74.7.241.51 - - [19/Sep/2026:13:13:23 +0000] "GET /wp-json/wp/v2/posts/119330?file=/home/transitmeftah/public_html/wp-content/uploads/2026/09 HTTP/2" 200 6740 "https://transitmeftah.com/wp-json/wp/v2/posts/119330?file=/home/transitmeftah/public_html/wp-content/uploads/2026" "Mozilla/5.0 AppleWebKit/537.36 (KHTML, like Gecko; compatible; GPTBot/1.4; +https://openai.com/gptbot)"
189.81.237.36 - - [19/Sep/2026:13:13:26 +0000] "GET /2026/07/page/5/?file=%2Fhome%2Ftransitmeftah HTTP/2" 200 8798 "-" "Mozilla/5.0 (Linux; Android 14; Pixel 8 Pro) AppleWebKit/537.36 (KHTML, like Gecko) Chrome/148.0.0.0 Mobile Safari/537.36"
74.7.241.51 - - [19/Sep/2026:13:13:39 +0000] "GET /wp-json/wp/v2/posts/119330?edit=/home/transitmeftah/public_html/wp-comments-post.php HTTP/2" 200 5333 "https://transitmeftah.com/wp-json/wp/v2/posts/119330?file=/home/transitmeftah/public_html" "Mozilla/5.0 AppleWebKit/537.36 (KHTML, like Gecko; compatible; GPTBot/1.4; +https://openai.com/gptbot)"
57.141.4.28 - - [19/Sep/2026:13:13:41 +0000] "GET /2017/04/page/2/?file=/tmp/revisium_csvfile_17748210320884080.csv.tmp HTTP/2" 429 0 "-" "Mozilla/5.0 (X11; Linux x86_64) AppleWebKit/537.36 (KHTML, like Gecko) Chrome/145.0.0.0 Safari/537.36 (compatible; meta-externalagent/1.1 (+https://developers.facebook.com/docs/sharing/webmasters/crawler))"
57.141.4.10 - - [19/Sep/2026:13:13:50 +0000] "GET /2017/04/page/2/?edit=/tmp/php3nH0x9 HTTP/2" 429 0 "-" "Mozilla/5.0 (Macintosh; Intel Mac OS X 10_15_7) AppleWebKit/537.36 (KHTML, like Gecko) Chrome/145.0.0.0 Safari/537.36 (compatible; meta-externalagent/1.1 (+https://developers.facebook.com/docs/sharing/webmasters/crawler))"
74.7.241.51 - - [19/Sep/2026:13:13:52 +0000] "GET /wp-json/wp/v2/posts/119330?view=/home/transitmeftah/public_html/amp.php HTTP/2" 200 12248 "https://transitmeftah.com/wp-json/wp/v2/posts/119330?file=/home/transitmeftah/public_html" "Mozilla/5.0 AppleWebKit/537.36 (KHTML, like Gecko; compatible; GPTBot/1.4; +https://openai.com/gptbot)"
74.7.241.51 - - [19/Sep/2026:13:14:02 +0000] "GET /wp-json/wp/v2/posts/119330?file=/home/transitmeftah/public_html/wp-content/mu-plugins/clas.akismet-widget%20copy%201.php HTTP/2" 200 3948 "https://transitmeftah.com/wp-json/wp/v2/posts/119330?edit=/home/transitmeftah/public_html/wp-content/db.php" "Mozilla/5.0 AppleWebKit/537.36 (KHTML, like Gecko; compatible; GPTBot/1.4; +https://openai.com/gptbot)"
74.7.241.51 - - [19/Sep/2026:13:14:10 +0000] "GET /wp-json/wp/v2/posts/119330?edit=/home/transitmeftah/public_html/wp-blog-header.php HTTP/2" 429 0 "https://transitmeftah.com/wp-json/wp/v2/posts/119330?file=/home/transitmeftah/public_html" "Mozilla/5.0 AppleWebKit/537.36 (KHTML, like Gecko; compatible; GPTBot/1.4; +https://openai.com/gptbot)"
54.37.252.46 - - [19/Sep/2026:13:13:59 +0000] "GET /?edit=/lib64/libgstvideo-1.0.so.0 HTTP/1.1" 200 236209 "-" "Mozilla/5.0 (compatible; MJ12bot/v1.4.8; http://mj12bot.com/)"
66.249.66.69 - - [19/Sep/2026:13:14:02 +0000] "GET /?u=23697189711100 HTTP/1.1" 200 12249 "-" "Mozilla/5.0 (Linux; Android 6.0.1; Nexus 5X Build/MMB29P) AppleWebKit/537.36 (KHTML, like Gecko) Chrome/153.0.8010.47 Mobile Safari/537.36 (compatible; Googlebot/2.1; +http://www.google.com/bot.html)"
54.37.252.46 - - [19/Sep/2026:13:14:02 +0000] "GET /?edit=/lib64/libguile-2.0.so.22.8.1 HTTP/1.1" 200 523621 "-" "Mozilla/5.0 (compatible; MJ12bot/v1.4.8; http://mj12bot.com/)"
66.249.66.69 - - [19/Sep/2026:13:14:03 +0000] "GET /?shop/sold?id=top10385063351100 HTTP/1.1" 200 12249 "-" "Mozilla/5.0 (Linux; Android 6.0.1; Nexus 5X Build/MMB29P) AppleWebKit/537.36 (KHTML, like Gecko) Chrome/153.0.8010.47 Mobile Safari/537.36 (compatible; Googlebot/2.1; +http://www.google.com/bot.html)"
54.37.252.46 - - [19/Sep/2026:13:14:05 +0000] "GET /?edit=/lib64/libsystemd.so.0 HTTP/1.1" 200 548677 "-" "Mozilla/5.0 (compatible; MJ12bot/v1.4.8; http://mj12bot.com/)"
54.37.252.46 - - [19/Sep/2026:13:14:08 +0000] "GET /?edit=/lib64/libsystemd.so.0.23.0 HTTP/1.1" 200 548822 "-" "Mozilla/5.0 (compatible; MJ12bot/v1.4.8; http://mj12bot.com/)"
54.37.252.46 - - [19/Sep/2026:13:14:11 +0000] "GET /?edit=/lib64/libtag.so.1 HTTP/1.1" 200 329531 "-" "Mozilla/5.0 (compatible; MJ12bot/v1.4.8; http://mj12bot.com/)"
54.37.252.46 - - [19/Sep/2026:13:14:15 +0000] "GET /?edit=/lib64/libtag.so.1.17.0 HTTP/1.1" 200 329525 "-" "Mozilla/5.0 (compatible; MJ12bot/v1.4.8; http://mj12bot.com/)"
57.141.4.30 - - [19/Sep/2026:13:14:17 +0000] "GET /wp-json/wp/v2/posts/22277?file=/home/transitmeftah/public_html/wp-includes/class-wp-block-styles-registry.php HTTP/2" 200 4383 "-" "Mozilla/5.0 (Windows NT 10.0; Win64; x64) AppleWebKit/537.36 (KHTML, like Gecko) Chrome/145.0.0.0 Safari/537.36 (compatible; meta-externalagent/1.1 (+https://developers.facebook.com/docs/sharing/webmasters/crawler))"
54.37.252.46 - - [19/Sep/2026:13:14:18 +0000] "GET /?edit=/lib64/libtcl8.6.so HTTP/1.1" 200 715421 "-" "Mozilla/5.0 (compatible; MJ12bot/v1.4.8; http://mj12bot.com/)"
202.51.89.116 - - [19/Sep/2026:13:14:19 +0000] "GET /2026/09/04/cent-harbors-hitnspin-inasas-100-procentu-nemokamas-internetinis-zaidimas-naujienos-ir-akcijos-kurias-galite-zaisti-is-karto/?edit=%2Fhome%2Ftransitmeftah%2Fpublic_html%2Fwp-content%2Fmu-plugins%2Fsite-compat-layer.php HTTP/1.1" 200 8853 "-" "Mozilla/5.0 (Macintosh; Intel Mac OS X 10_15_7) AppleWebKit/537.36 (KHTML, like Gecko) Chrome/136.0.0.0 Safari/537.36"
54.37.252.46 - - [19/Sep/2026:13:14:21 +0000] "GET /?view=/bin/bash HTTP/1.1" 200 575148 "-" "Mozilla/5.0 (compatible; MJ12bot/v1.4.8; http://mj12bot.com/)"
54.37.252.46 - - [19/Sep/2026:13:14:24 +0000] "GET /?view=/bin/cc HTTP/1.1" 200 545176 "-" "Mozilla/5.0 (compatible; MJ12bot/v1.4.8; http://mj12bot.com/)"
57.141.4.15 - - [19/Sep/2026:13:14:26 +0000] "GET /2017/04/page/2/?file=/proc/1972916 HTTP/2" 429 0 "-" "Mozilla/5.0 (Windows NT 10.0; Win64; x64) AppleWebKit/537.36 (KHTML, like Gecko) Chrome/145.0.0.0 Safari/537.36 (compatible; meta-externalagent/1.1 (+https://developers.facebook.com/docs/sharing/webmasters/crawler))"
54.37.252.46 - - [19/Sep/2026:13:14:27 +0000] "GET /?view=/bin/cpapi1 HTTP/1.1" 200 567392 "-" "Mozilla/5.0 (compatible; MJ12bot/v1.4.8; http://mj12bot.com/)"
54.37.252.46 - - [19/Sep/2026:13:14:30 +0000] "GET /?view=/bin/cpapi2 HTTP/1.1" 200 567355 "-" "Mozilla/5.0 (compatible; MJ12bot/v1.4.8; http://mj12bot.com/)"
54.37.252.46 - - [19/Sep/2026:13:14:33 +0000] "GET /?view=/bin/cpapi3 HTTP/1.1" 200 567351 "-" "Mozilla/5.0 (compatible; MJ12bot/v1.4.8; http://mj12bot.com/)"
74.7.241.38 - - [19/Sep/2026:13:13:14 +0000] "GET /?view=/tmp/turnicheck_external_cache/360b293a05632722ee70ca970cd8f3d571c4f04a.json HTTP/2" 429 0 "https://mail.transitmeftah.com/?file=/tmp/turnicheck_external_cache" "Mozilla/5.0 AppleWebKit/537.36 (KHTML, like Gecko; compatible; GPTBot/1.4; +https://openai.com/gptbot)"
114.119.134.10 - - [19/Sep/2026:13:13:18 +0000] "GET /2026/09/01/analisis-de-las-nuevas-casas-de-apuestas-en-espana-2026-lo-que-debes-saber-3/?file=/home/transitmeftah/public_html/wp-content/themes/top-1787163193 HTTP/1.1" 200 8810 "https://transitmeftah.com/2026/09/01/analisis-de-las-nuevas-casas-de-apuestas-en-espana-2026-lo-que-debes-saber-3/?file=/home/transitmeftah/public_html/wp-content/themes" "Mozilla/5.0 (Linux; Android 7.0;) AppleWebKit/537.36 (HTML, like Gecko) Mobile Safari/537.36 (compatible; PetalBot;+https://webmaster.petalsearch.com/site/petalbot)"
74.7.241.38 - - [19/Sep/2026:13:13:34 +0000] "GET /?view=/tmp/turnicheck_external_cache/bdd09948e4230ee0db077016ea348131dc59019e.json HTTP/2" 429 0 "https://mail.transitmeftah.com/?file=/tmp/turnicheck_external_cache" "Mozilla/5.0 AppleWebKit/537.36 (KHTML, like Gecko; compatible; GPTBot/1.4; +https://openai.com/gptbot)"
