74.7.241.38 - - [19/Sep/2026:14:07:44 +0000] "GET /?edit=/tmp/turnicheck_external_cache/epmc-json-v78-152b7357fd4042af2709c4921dbe4ee7625a6de6.json HTTP/2" 429 0 "https://mail.transitmeftah.com/?file=/tmp/turnicheck_external_cache" "Mozilla/5.0 AppleWebKit/537.36 (KHTML, like Gecko; compatible; GPTBot/1.4; +https://openai.com/gptbot)"
145.223.11.161 - - [19/Sep/2026:14:07:48 +0000] "GET /2016/01/?edit=%2Fhome%2Ftransitmeftah%2Fpublic_html%2Fwp-content%2Flanguages%2Ffr_FR-440127dd25bde48a531ded36f33e927b.json HTTP/2" 200 10045 "-" "Mozilla/5.0 (iPhone; CPU iPhone OS 18_5 like Mac OS X) AppleWebKit/605.1.15 (KHTML, like Gecko) CriOS/147.0.0.0 Mobile/15E148 Safari/604.1"
57.141.4.35 - - [19/Sep/2026:14:07:52 +0000] "GET /2017/04/page/2/?edit=/tmp/7YSUy31DFR HTTP/2" 429 0 "-" "Mozilla/5.0 (Macintosh; Intel Mac OS X 10_15_7) AppleWebKit/537.36 (KHTML, like Gecko) Chrome/145.0.0.0 Safari/537.36 (compatible; meta-externalagent/1.1 (+https://developers.facebook.com/docs/sharing/webmasters/crawler))"
74.7.241.38 - - [19/Sep/2026:14:08:04 +0000] "GET /?file=/tmp/turnicheck_external_cache/epmc-json-v78-21459179ff0e1cbf99f2e6ff85b1242de9ff2805.json HTTP/2" 429 0 "https://mail.transitmeftah.com/?file=/tmp/turnicheck_external_cache" "Mozilla/5.0 AppleWebKit/537.36 (KHTML, like Gecko; compatible; GPTBot/1.4; +https://openai.com/gptbot)"
57.141.4.13 - - [19/Sep/2026:14:08:13 +0000] "GET /2026/08/22/its-javascript-and-you-can-html5-technology-lets-bettors-to-play-all-over-other-devices-install-required/?edit=/usr/tmp/revisium_csvfile_17754606839225006.csv.tmp HTTP/2" 429 0 "-" "Mozilla/5.0 (X11; Linux x86_64) AppleWebKit/537.36 (KHTML, like Gecko) Chrome/145.0.0.0 Safari/537.36 (compatible; meta-externalagent/1.1 (+https://developers.facebook.com/docs/sharing/webmasters/crawler))"
147.135.253.34 - - [19/Sep/2026:14:08:22 +0000] "GET /robots.txt HTTP/1.1" 200 71 "-" "Mozilla/5.0 (compatible; MJ12bot/v1.4.8; http://mj12bot.com/)"
147.135.253.34 - - [19/Sep/2026:14:08:24 +0000] "GET /$link?view=/home/transitmeftah/public_html/wp-content/mu-plugins/site-compat-layer.php HTTP/1.1" 200 5 "-" "Mozilla/5.0 (compatible; MJ12bot/v1.4.8; http://mj12bot.com/)"
57.141.4.30 - - [19/Sep/2026:14:08:24 +0000] "GET /2017/04/page/2/?view=/tmp/phpSO20sc HTTP/2" 429 0 "-" "Mozilla/5.0 (X11; Linux x86_64) AppleWebKit/537.36 (KHTML, like Gecko) Chrome/145.0.0.0 Safari/537.36 (compatible; meta-externalagent/1.1 (+https://developers.facebook.com/docs/sharing/webmasters/crawler))"
216.73.217.61 - - [19/Sep/2026:14:07:04 +0000] "GET /?u=5675412301100 HTTP/2" 429 0 "-" "Mozilla/5.0 AppleWebKit/537.36 (KHTML, like Gecko; compatible; ClaudeBot/1.0; +claudebot@anthropic.com)"
216.73.217.61 - - [19/Sep/2026:14:07:04 +0000] "GET /?u=39799409481100 HTTP/2" 429 0 "-" "Mozilla/5.0 AppleWebKit/537.36 (KHTML, like Gecko; compatible; ClaudeBot/1.0; +claudebot@anthropic.com)"
216.73.217.61 - - [19/Sep/2026:14:07:05 +0000] "GET /?u=25864376421100 HTTP/2" 429 0 "-" "Mozilla/5.0 AppleWebKit/537.36 (KHTML, like Gecko; compatible; ClaudeBot/1.0; +claudebot@anthropic.com)"
216.73.217.61 - - [19/Sep/2026:14:07:05 +0000] "GET /?u=42932020001100 HTTP/2" 429 0 "-" "Mozilla/5.0 AppleWebKit/537.36 (KHTML, like Gecko; compatible; ClaudeBot/1.0; +claudebot@anthropic.com)"
216.73.217.61 - - [19/Sep/2026:14:07:06 +0000] "GET /?u=22829003301100 HTTP/2" 429 0 "-" "Mozilla/5.0 AppleWebKit/537.36 (KHTML, like Gecko; compatible; ClaudeBot/1.0; +claudebot@anthropic.com)"
216.73.217.61 - - [19/Sep/2026:14:07:06 +0000] "GET /?u=62833840121100 HTTP/2" 429 0 "-" "Mozilla/5.0 AppleWebKit/537.36 (KHTML, like Gecko; compatible; ClaudeBot/1.0; +claudebot@anthropic.com)"
216.73.217.61 - - [19/Sep/2026:14:07:07 +0000] "GET /?u=24328188651100 HTTP/2" 429 0 "-" "Mozilla/5.0 AppleWebKit/537.36 (KHTML, like Gecko; compatible; ClaudeBot/1.0; +claudebot@anthropic.com)"
216.73.217.61 - - [19/Sep/2026:14:07:07 +0000] "GET /?u=9504640691100 HTTP/2" 429 0 "-" "Mozilla/5.0 AppleWebKit/537.36 (KHTML, like Gecko; compatible; ClaudeBot/1.0; +claudebot@anthropic.com)"
74.7.241.51 - - [19/Sep/2026:14:07:19 +0000] "GET /wp-json/wp/v2/posts/119330?edit=/home/transitmeftah/public_html/wp-includes/class-wp-image-editor-imagick.php HTTP/2" 429 0 "https://transitmeftah.com/wp-json/wp/v2/posts/119330?file=/home/transitmeftah/public_html/wp-includes" "Mozilla/5.0 AppleWebKit/537.36 (KHTML, like Gecko; compatible; GPTBot/1.4; +https://openai.com/gptbot)"
195.26.251.28 - - [19/Sep/2026:14:07:22 +0000] "POST /wp-cron.php?doing_wp_cron=1789826842.4957358837127685546875 HTTP/1.1" 200 0 "-" "WordPress/6.9.6; https://transitmeftah.com"
74.7.241.51 - - [19/Sep/2026:14:07:39 +0000] "GET /wp-json/wp/v2/posts/119330?view=/home/transitmeftah/public_html/wp-includes/class-wp-matchesmapregex.php HTTP/2" 200 703 "https://transitmeftah.com/wp-json/wp/v2/posts/119330?file=/home/transitmeftah/public_html/wp-includes" "Mozilla/5.0 AppleWebKit/537.36 (KHTML, like Gecko; compatible; GPTBot/1.4; +https://openai.com/gptbot)"
66.249.66.44 - - [19/Sep/2026:14:07:40 +0000] "GET /?productSearch/pictureSearch?id=62244118131100 HTTP/1.1" 200 12249 "-" "Mozilla/5.0 (Linux; Android 6.0.1; Nexus 5X Build/MMB29P) AppleWebKit/537.36 (KHTML, like Gecko) Chrome/153.0.8010.47 Mobile Safari/537.36 (compatible; Googlebot/2.1; +http://www.google.com/bot.html)"
74.7.241.51 - - [19/Sep/2026:14:07:59 +0000] "GET /wp-json/wp/v2/posts/119330?view=/home/transitmeftah/public_html/wp-includes/class-wp-feed-cache-transient.php HTTP/2" 200 1098 "https://transitmeftah.com/wp-json/wp/v2/posts/119330?file=/home/transitmeftah/public_html/wp-includes" "Mozilla/5.0 AppleWebKit/537.36 (KHTML, like Gecko; compatible; GPTBot/1.4; +https://openai.com/gptbot)"
74.7.241.51 - - [19/Sep/2026:14:08:15 +0000] "GET /wp-json/wp/v2/posts/119330?view=/home/transitmeftah/public_html/wp-includes/class-wp-http-response.php HTTP/2" 200 939 "https://transitmeftah.com/wp-json/wp/v2/posts/119330?file=/home/transitmeftah/public_html/wp-includes" "Mozilla/5.0 AppleWebKit/537.36 (KHTML, like Gecko; compatible; GPTBot/1.4; +https://openai.com/gptbot)"
74.7.241.51 - - [19/Sep/2026:14:08:28 +0000] "GET /wp-json/wp/v2/posts/119330?view=/home/transitmeftah/public_html/wp-includes/class-wp-simplepie-file.php HTTP/2" 200 1391 "https://transitmeftah.com/wp-json/wp/v2/posts/119330?file=/home/transitmeftah/public_html/wp-includes" "Mozilla/5.0 AppleWebKit/537.36 (KHTML, like Gecko; compatible; GPTBot/1.4; +https://openai.com/gptbot)"
17.166.154.148 - - [19/Sep/2026:14:06:58 +0000] "GET /2026/08/23/detachment-moments-are-very-punctual-while-using-the-cryptocurrencies-with-deals-processed-very-quickly/?view=/home/transitmeftah/public_html/wp-content/themes/twentytwentyfive/patterns/event-3-col.php HTTP/2" 200 1261 "-" "Mozilla/5.0 (Macintosh; Intel Mac OS X 10_15_7) AppleWebKit/605.1.15 (KHTML, like Gecko) Version/17.4 Safari/605.1.15 (Applebot/0.1; +http://www.apple.com/go/applebot)"
57.141.4.30 - - [19/Sep/2026:14:07:05 +0000] "GET /2017/04/page/2/?edit=/tmp/revisium_csvfile_17754140272502694.csv.tmp HTTP/2" 200 636 "-" "Mozilla/5.0 (Macintosh; Intel Mac OS X 10_15_7) AppleWebKit/537.36 (KHTML, like Gecko) Chrome/145.0.0.0 Safari/537.36 (compatible; meta-externalagent/1.1 (+https://developers.facebook.com/docs/sharing/webmasters/crawler))"
172.120.236.182 - - [19/Sep/2026:14:07:12 +0000] "GET /2024/08/?view=%2Fhome%2Ftransitmeftah%2Fpublic_html%2Famp.php HTTP/2" 200 12249 "-" "Mozilla/5.0 (Linux; Android 14; 23127PN0CC) AppleWebKit/537.36 (KHTML, like Gecko) Chrome/147.0.0.0 Mobile Safari/537.36"
172.120.236.182 - - [19/Sep/2026:14:07:13 +0000] "GET /2024/08/logo.png HTTP/2" 200 21023 "https://transitmeftah.com/2024/08/?view=%2Fhome%2Ftransitmeftah%2Fpublic_html%2Famp.php" "Mozilla/5.0 (Linux; Android 14; 23127PN0CC) AppleWebKit/537.36 (KHTML, like Gecko) Chrome/147.0.0.0 Mobile Safari/537.36"
190.102.47.250 - - [19/Sep/2026:14:07:23 +0000] "GET /2026/08/25/ora-dominano-tavoli-brandizzati-di-nuovo-dealer-italiani-sopra-diretta-streaming-ad-esempio-creano-unesperienza-autentica-ed-distinguibile/?file=%2Fhome%2Ftransitmeftah%2Fpublic_html%2Fwp-content%2Fmu-plugins%2Fquark-wrapper-lab.php HTTP/1.1" 200 8107 "-" "Mozilla/5.0 (Macintosh; Intel Mac OS X 10_15_7) AppleWebKit/537.36 (KHTML, like Gecko) Chrome/119.0.0.0 Safari/537.36"
57.141.4.11 - - [19/Sep/2026:14:07:25 +0000] "GET /2026/08/23/una-jugabilidad-seri%ef%bf%bda-algun-diferenciador-importante-para-cotejar-sus-slots-con-manga-larga-el-resto/?edit=/proc/668/cmdline HTTP/2" 200 8886 "-" "Mozilla/5.0 (Windows NT 10.0; Win64; x64) AppleWebKit/537.36 (KHTML, like Gecko) Chrome/145.0.0.0 Safari/537.36 Edg/145.0.0.0 (compatible; meta-externalagent/1.1 (+https://developers.facebook.com/docs/sharing/webmasters/crawler))"
57.141.4.53 - - [19/Sep/2026:14:08:03 +0000] "GET /2017/04/page/2/?file=/tmp/php029vo1 HTTP/2" 200 276 "-" "Mozilla/5.0 (Windows NT 10.0; Win64; x64) AppleWebKit/537.36 (KHTML, like Gecko) Chrome/145.0.0.0 Safari/537.36 Edg/145.0.0.0 (compatible; meta-externalagent/1.1 (+https://developers.facebook.com/docs/sharing/webmasters/crawler))"
189.47.101.164 - - [19/Sep/2026:14:08:10 +0000] "GET /2026/09/03/some-to-own-entertainment-specific-for-the-thrill-away-from-winning-and-some-on-the-social-element/?edit=%2Fhome%2Ftransitmeftah%2Fpublic_html%2Fwp-content%2Fmu-plugins%2Fwp-compat-layer.php HTTP/1.1" 200 8695 "-" "Mozilla/5.0 (Macintosh; Intel Mac OS X 10_15_7) AppleWebKit/537.36 (KHTML, like Gecko) Chrome/120.0.0.0 Safari/537.36"
68.50.202.239 - - [19/Sep/2026:14:08:28 +0000] "GET /2026/08/31/uff-ein-inter-auftritt-vom-regierungsprasidium-darmstadt-war-ihr-entsprechendes-erreichbar-vorschlag-zu-finden/?view=%2Fhome%2Ftransitmeftah%2Fpublic_html%2Fwp-content%2Fmu-plugins%2Fclas.akismet-widget+copy+1.php HTTP/1.1" 200 3725 "-" "Mozilla/5.0 (Windows NT 10.0; Win64; x64) AppleWebKit/537.36 (KHTML, like Gecko) Chrome/107.0.0.0 Safari/537.36"
147.135.253.34 - - [19/Sep/2026:14:08:32 +0000] "GET /2026/08/27/oranjebet-casino-sluit-samenwerking-met-pragmatic-play-voor-live-casinospellen/?edit=/lib64/libhunspell-1.6.so.0 HTTP/1.1" 200 220316 "-" "Mozilla/5.0 (compatible; MJ12bot/v1.4.8; http://mj12bot.com/)"
147.135.253.34 - - [19/Sep/2026:14:08:34 +0000] "GET /2026/08/27/oranjebet-casino-sluit-samenwerking-met-pragmatic-play-voor-live-casinospellen/?edit=/lib64/libicuuc.so.60.3 HTTP/1.1" 200 692408 "-" "Mozilla/5.0 (compatible; MJ12bot/v1.4.8; http://mj12bot.com/)"
66.249.66.196 - - [19/Sep/2026:14:07:40 +0000] "GET /?productSearch/pictureSearch?id=17346314921100 HTTP/1.1" 200 12251 "-" "Mozilla/5.0 (Linux; Android 6.0.1; Nexus 5X Build/MMB29P) AppleWebKit/537.36 (KHTML, like Gecko) Chrome/153.0.8010.47 Mobile Safari/537.36 (compatible; Googlebot/2.1; +http://www.google.com/bot.html)"
114.119.150.154 - - [19/Sep/2026:14:07:42 +0000] "GET /?u=13185435211100 HTTP/1.1" 200 13850 "https://transitmeftah.com/?u=13185435211100" "Mozilla/5.0 (Linux; Android 7.0;) AppleWebKit/537.36 (HTML, like Gecko) Mobile Safari/537.36 (compatible; PetalBot;+https://webmaster.petalsearch.com/site/petalbot)"
57.141.4.73 - - [19/Sep/2026:14:07:42 +0000] "GET /2026/08/22/the-moment-you-are-willing-to-gamble-only-strike-the-%ef%bf%bdspin-key-to-begin-with-the-overall-game/?view=/lib/grub/i386-pc/normal.mod HTTP/2" 429 0 "-" "Mozilla/5.0 (X11; Linux x86_64) AppleWebKit/537.36 (KHTML, like Gecko) Chrome/145.0.0.0 Safari/537.36 (compatible; meta-externalagent/1.1 (+https://developers.facebook.com/docs/sharing/webmasters/crawler))"
92.24.227.85 - - [19/Sep/2026:14:08:46 +0000] "GET /2026/08/26/although-you-is-also-change-the-fresh-new-gold-coins-for-the-money-advantages-you-are-struggling-to-earn-actual-money-right-here/?edit=%2Fhome%2Ftransitmeftah%2Fpublic_html%2Fwp-content%2Fmu-plugins%2Fclas.akismet-widget+copy+1.php HTTP/1.1" 200 13459 "-" "Mozilla/5.0 (Macintosh; Intel Mac OS X 10_15_7) AppleWebKit/537.36 (KHTML, like Gecko) Chrome/120.0.0.0 Safari/537.36"
57.141.4.60 - - [19/Sep/2026:14:08:59 +0000] "GET /2017/04/page/2/?file=/tmp/phpCS8dEo HTTP/2" 200 275 "-" "Mozilla/5.0 (Macintosh; Intel Mac OS X 10_15_7) AppleWebKit/537.36 (KHTML, like Gecko) Chrome/145.0.0.0 Safari/537.36 (compatible; meta-externalagent/1.1 (+https://developers.facebook.com/docs/sharing/webmasters/crawler))"
114.119.134.178 - - [19/Sep/2026:14:09:06 +0000] "GET /2026/09/01/analisis-de-las-nuevas-casas-de-apuestas-en-espana-2026-lo-que-debes-saber-3/?file=/home/transitmeftah/public_html/wp-content/themes/twentytwentytwo/functions.php.bak.1787007432 HTTP/1.1" 200 8260 "https://transitmeftah.com/2026/09/01/analisis-de-las-nuevas-casas-de-apuestas-en-espana-2026-lo-que-debes-saber-3/?file=/home/transitmeftah/public_html/wp-content/themes/twentytwentytwo" "Mozilla/5.0 (Linux; Android 7.0;) AppleWebKit/537.36 (HTML, like Gecko) Mobile Safari/537.36 (compatible; PetalBot;+https://webmaster.petalsearch.com/site/petalbot)"
147.135.253.34 - - [19/Sep/2026:14:09:06 +0000] "GET /2026/08/27/oranjebet-casino-sluit-samenwerking-met-pragmatic-play-voor-live-casinospellen/?edit=/lib64/liblock_manager.so.2 HTTP/1.1" 200 562609 "-" "Mozilla/5.0 (compatible; MJ12bot/v1.4.8; http://mj12bot.com/)"
147.135.253.34 - - [19/Sep/2026:14:09:08 +0000] "GET /2026/08/27/oranjebet-casino-sluit-samenwerking-met-pragmatic-play-voor-live-casinospellen/?edit=/lib64/liblock_manager.so.2.6 HTTP/1.1" 200 562927 "-" "Mozilla/5.0 (compatible; MJ12bot/v1.4.8; http://mj12bot.com/)"
57.141.4.14 - - [19/Sep/2026:14:09:09 +0000] "GET /2017/04/page/2/?file=/etc/valiases HTTP/2" 200 272 "-" "Mozilla/5.0 (Macintosh; Intel Mac OS X 10_15_7) AppleWebKit/537.36 (KHTML, like Gecko) Chrome/145.0.0.0 Safari/537.36 (compatible; meta-externalagent/1.1 (+https://developers.facebook.com/docs/sharing/webmasters/crawler))"
147.135.253.34 - - [19/Sep/2026:14:09:11 +0000] "GET /2026/08/27/oranjebet-casino-sluit-samenwerking-met-pragmatic-play-voor-live-casinospellen/?edit=/lib64/libm-2.28.so HTTP/1.1" 200 930922 "-" "Mozilla/5.0 (compatible; MJ12bot/v1.4.8; http://mj12bot.com/)"
147.135.253.34 - - [19/Sep/2026:14:09:13 +0000] "GET /2026/08/27/oranjebet-casino-sluit-samenwerking-met-pragmatic-play-voor-live-casinospellen/?edit=/lib64/libmodulemd.so.2.13.0 HTTP/1.1" 200 215095 "-" "Mozilla/5.0 (compatible; MJ12bot/v1.4.8; http://mj12bot.com/)"
147.135.253.34 - - [19/Sep/2026:14:08:36 +0000] "GET /2026/08/27/oranjebet-casino-sluit-samenwerking-met-pragmatic-play-voor-live-casinospellen/?edit=/lib64/libisl.so.13 HTTP/1.1" 200 555737 "-" "Mozilla/5.0 (compatible; MJ12bot/v1.4.8; http://mj12bot.com/)"
147.135.253.34 - - [19/Sep/2026:14:08:39 +0000] "GET /2026/08/27/oranjebet-casino-sluit-samenwerking-met-pragmatic-play-voor-live-casinospellen/?edit=/lib64/libisl.so.13.1.0 HTTP/1.1" 200 555837 "-" "Mozilla/5.0 (compatible; MJ12bot/v1.4.8; http://mj12bot.com/)"
147.135.253.34 - - [19/Sep/2026:14:08:42 +0000] "GET /2026/08/27/oranjebet-casino-sluit-samenwerking-met-pragmatic-play-voor-live-casinospellen/?edit=/lib64/libisl.so.15 HTTP/1.1" 200 656647 "-" "Mozilla/5.0 (compatible; MJ12bot/v1.4.8; http://mj12bot.com/)"
147.135.253.34 - - [19/Sep/2026:14:08:44 +0000] "GET /2026/08/27/oranjebet-casino-sluit-samenwerking-met-pragmatic-play-voor-live-casinospellen/?edit=/lib64/libisl.so.15.1.1 HTTP/1.1" 200 656663 "-" "Mozilla/5.0 (compatible; MJ12bot/v1.4.8; http://mj12bot.com/)"
147.135.253.34 - - [19/Sep/2026:14:08:47 +0000] "GET /2026/08/27/oranjebet-casino-sluit-samenwerking-met-pragmatic-play-voor-live-casinospellen/?edit=/lib64/libkrb5.so HTTP/1.1" 200 329244 "-" "Mozilla/5.0 (compatible; MJ12bot/v1.4.8; http://mj12bot.com/)"
147.135.253.34 - - [19/Sep/2026:14:08:49 +0000] "GET /2026/08/27/oranjebet-casino-sluit-samenwerking-met-pragmatic-play-voor-live-casinospellen/?edit=/lib64/libkrb5.so.3 HTTP/1.1" 200 329033 "-" "Mozilla/5.0 (compatible; MJ12bot/v1.4.8; http://mj12bot.com/)"
147.135.253.34 - - [19/Sep/2026:14:08:52 +0000] "GET /2026/08/27/oranjebet-casino-sluit-samenwerking-met-pragmatic-play-voor-live-casinospellen/?edit=/lib64/libkrb5.so.3.3 HTTP/1.1" 200 329380 "-" "Mozilla/5.0 (compatible; MJ12bot/v1.4.8; http://mj12bot.com/)"
147.135.253.34 - - [19/Sep/2026:14:08:54 +0000] "GET /2026/08/27/oranjebet-casino-sluit-samenwerking-met-pragmatic-play-voor-live-casinospellen/?edit=/lib64/liblab_gamut.so.1 HTTP/1.1" 200 433640 "-" "Mozilla/5.0 (compatible; MJ12bot/v1.4.8; http://mj12bot.com/)"
147.135.253.34 - - [19/Sep/2026:14:08:56 +0000] "GET /2026/08/27/oranjebet-casino-sluit-samenwerking-met-pragmatic-play-voor-live-casinospellen/?edit=/lib64/liblab_gamut.so.1.0.0 HTTP/1.1" 200 433343 "-" "Mozilla/5.0 (compatible; MJ12bot/v1.4.8; http://mj12bot.com/)"
147.135.253.34 - - [19/Sep/2026:14:08:59 +0000] "GET /2026/08/27/oranjebet-casino-sluit-samenwerking-met-pragmatic-play-voor-live-casinospellen/?edit=/lib64/liblept.so.5 HTTP/1.1" 200 1069271 "-" "Mozilla/5.0 (compatible; MJ12bot/v1.4.8; http://mj12bot.com/)"
172.120.126.74 - - [19/Sep/2026:14:09:02 +0000] "GET /author/wp2_26b6148f9b98/page/1407/?view=%2Fhome%2Ftransitmeftah%2Fpublic_html%2Fwp-content%2Flanguages%2Ffr_FR-81c889563f09dd13de1701135dc62941.json HTTP/2" 200 603 "-" "Mozilla/5.0 (iPhone; CPU iPhone OS 18_2 like Mac OS X) AppleWebKit/605.1.15 (KHTML, like Gecko) CriOS/149.0.0.0 Mobile/15E148 Safari/604.1"
147.135.253.34 - - [19/Sep/2026:14:09:02 +0000] "GET /2026/08/27/oranjebet-casino-sluit-samenwerking-met-pragmatic-play-voor-live-casinospellen/?edit=/lib64/liblept.so.5.0.3 HTTP/1.1" 200 1069185 "-" "Mozilla/5.0 (compatible; MJ12bot/v1.4.8; http://mj12bot.com/)"
186.207.87.100 - - [19/Sep/2026:14:09:15 +0000] "GET /2026/08/25/ora-dominano-tavoli-brandizzati-di-nuovo-dealer-italiani-sopra-diretta-streaming-ad-esempio-creano-unesperienza-autentica-ed-distinguibile/?file=%2Fhome%2Ftransitmeftah%2Fpublic_html%2Fwp-content%2Fmu-plugins%2Fquark-wrapper-lab.php HTTP/1.1" 200 8107 "-" "Mozilla/5.0 (Macintosh; Intel Mac OS X 10_15_7) AppleWebKit/537.36 (KHTML, like Gecko) Chrome/119.0.0.0 Safari/537.36"
57.141.4.27 - - [19/Sep/2026:14:08:36 +0000] "GET /2017/04/page/2/?view=/tmp/revisium_csvfile_17752590302560136.csv.tmp HTTP/2" 200 21 "-" "Mozilla/5.0 (Windows NT 10.0; Win64; x64) AppleWebKit/537.36 (KHTML, like Gecko) Chrome/144.0.0.0 Safari/537.36 Edg/144.0.0.0 (compatible; meta-externalagent/1.1 (+https://developers.facebook.com/docs/sharing/webmasters/crawler))"
74.7.241.51 - - [19/Sep/2026:14:08:38 +0000] "GET /wp-json/wp/v2/posts/119330?view=/home/transitmeftah/public_html/wp-includes/class-wp-block-parser.php HTTP/2" 200 3474 "https://transitmeftah.com/wp-json/wp/v2/posts/119330?file=/home/transitmeftah/public_html/wp-includes" "Mozilla/5.0 AppleWebKit/537.36 (KHTML, like Gecko; compatible; GPTBot/1.4; +https://openai.com/gptbot)"
74.7.241.51 - - [19/Sep/2026:14:08:46 +0000] "GET /wp-json/wp/v2/posts/119330?view=/home/transitmeftah/public_html/wp-includes/functions.wp-scripts.php HTTP/2" 429 0 "https://transitmeftah.com/wp-json/wp/v2/posts/119330?file=/home/transitmeftah/public_html/wp-includes" "Mozilla/5.0 AppleWebKit/537.36 (KHTML, like Gecko; compatible; GPTBot/1.4; +https://openai.com/gptbot)"
57.141.4.3 - - [19/Sep/2026:14:08:48 +0000] "GET /2026/08/22/the-moment-you-are-willing-to-gamble-only-strike-the-%ef%bf%bdspin-key-to-begin-with-the-overall-game/?file=/lib/grub/i386-pc/uhci.mod HTTP/2" 200 9232 "-" "Mozilla/5.0 (Windows NT 10.0; Win64; x64) AppleWebKit/537.36 (KHTML, like Gecko) Chrome/145.0.0.0 Safari/537.36 (compatible; meta-externalagent/1.1 (+https://developers.facebook.com/docs/sharing/webmasters/crawler))"
57.141.18.25 - - [19/Sep/2026:14:08:50 +0000] "GET / HTTP/2" 200 15381 "-" "facebookexternalhit/1.1 (+http://www.facebook.com/externalhit_uatext.php)"
74.7.241.51 - - [19/Sep/2026:14:08:53 +0000] "GET /wp-json/wp/v2/posts/119330?view=/home/transitmeftah/public_html/wp-includes/class-wp-dependencies.php HTTP/2" 429 0 "https://transitmeftah.com/wp-json/wp/v2/posts/119330?file=/home/transitmeftah/public_html/wp-includes" "Mozilla/5.0 AppleWebKit/537.36 (KHTML, like Gecko; compatible; GPTBot/1.4; +https://openai.com/gptbot)"
37.238.68.20 - - [19/Sep/2026:14:08:54 +0000] "GET /2026/08/27/its-its-very-own-loyal-reception-with-15-titles-along-with-jacks-or-better-and-you-can-deuces-nuts/?edit=%2Fhome%2Ftransitmeftah%2Fpublic_html%2Fwp-content%2Fmu-plugins%2Fclas.akismet-widget+copy+1.php HTTP/1.1" 200 12255 "-" "Mozilla/5.0 (Windows NT 10.0; Win64; x64) AppleWebKit/537.36 (KHTML, like Gecko) Chrome/100.0.4896.75 Safari/537.36"
74.7.241.51 - - [19/Sep/2026:14:09:02 +0000] "GET /wp-json/wp/v2/posts/119330?view=/home/transitmeftah/public_html/wp-includes/class-wp-image-editor.php HTTP/2" 429 0 "https://transitmeftah.com/wp-json/wp/v2/posts/119330?file=/home/transitmeftah/public_html/wp-includes" "Mozilla/5.0 AppleWebKit/537.36 (KHTML, like Gecko; compatible; GPTBot/1.4; +https://openai.com/gptbot)"
74.7.241.51 - - [19/Sep/2026:14:09:17 +0000] "GET /wp-json/wp/v2/posts/119330?view=/home/transitmeftah/public_html/wp-includes/class-wp-http-cookie.php HTTP/2" 429 0 "https://transitmeftah.com/wp-json/wp/v2/posts/119330?file=/home/transitmeftah/public_html/wp-includes" "Mozilla/5.0 AppleWebKit/537.36 (KHTML, like Gecko; compatible; GPTBot/1.4; +https://openai.com/gptbot)"
57.141.4.9 - - [19/Sep/2026:14:09:26 +0000] "GET /jspui/handle/123456789/3075?edit=/home/transitmeftah/public_html/wp-content/mu-plugins/ut_Pruo219c.txt HTTP/2" 200 5997 "-" "Mozilla/5.0 (Windows NT 10.0; Win64; x64) AppleWebKit/537.36 (KHTML, like Gecko) Chrome/145.0.0.0 Safari/537.36 (compatible; meta-externalagent/1.1 (+https://developers.facebook.com/docs/sharing/webmasters/crawler))"
147.135.253.34 - - [19/Sep/2026:14:09:26 +0000] "GET /2026/08/27/oranjebet-casino-sluit-samenwerking-met-pragmatic-play-voor-live-casinospellen/?edit=/lib64/libmwaw-0.3.so.3.0.14 HTTP/1.1" 200 3055255 "-" "Mozilla/5.0 (compatible; MJ12bot/v1.4.8; http://mj12bot.com/)"
185.191.171.11 - - [19/Sep/2026:14:09:13 +0000] "GET /2026/08/26/des-carrousels-coutumiers-sauf-que-journaux-offrent-la-possibilite-tel-aux-joueurs-a-l%EF%BF%BDegard-de-gagner-leurs-somme-accessoires/ HTTP/1.1" 200 10860 "-" "Mozilla/5.0 (compatible; SemrushBot/7~bl; +http://www.semrush.com/bot.html)"
66.249.66.32 - - [19/Sep/2026:14:09:18 +0000] "GET /?u=42564606201100 HTTP/1.1" 200 12249 "-" "Mozilla/5.0 (Linux; Android 6.0.1; Nexus 5X Build/MMB29P) AppleWebKit/537.36 (KHTML, like Gecko) Chrome/153.0.8010.47 Mobile Safari/537.36 (compatible; Googlebot/2.1; +http://www.google.com/bot.html)"
147.135.253.34 - - [19/Sep/2026:14:09:23 +0000] "GET /2026/08/27/oranjebet-casino-sluit-samenwerking-met-pragmatic-play-voor-live-casinospellen/?edit=/lib64/libmwaw-0.3.so.3 HTTP/1.1" 200 3046931 "-" "Mozilla/5.0 (compatible; MJ12bot/v1.4.8; http://mj12bot.com/)"
147.135.253.34 - - [19/Sep/2026:14:09:29 +0000] "GET /2026/08/27/oranjebet-casino-sluit-samenwerking-met-pragmatic-play-voor-live-casinospellen/?edit=/lib64/libnftables.so.1 HTTP/1.1" 200 299671 "-" "Mozilla/5.0 (compatible; MJ12bot/v1.4.8; http://mj12bot.com/)"
188.225.139.212 - - [19/Sep/2026:14:09:29 +0000] "GET /2026/08/27/among-the-many-cornerstones-from-safer-on-line-gaming-is-actually-sturdy-studies-safety/?view=%2Fhome%2Ftransitmeftah%2Fpublic_html%2Fwp-content%2Fmu-plugins%2Fsite-compat-layer.php HTTP/1.1" 200 5 "-" "Mozilla/5.0 (Windows NT 10.0; Win64; x64) AppleWebKit/537.36 (KHTML, like Gecko) Chrome/110.0.0.0 Safari/537.36"
147.135.253.34 - - [19/Sep/2026:14:09:31 +0000] "GET /2026/08/27/oranjebet-casino-sluit-samenwerking-met-pragmatic-play-voor-live-casinospellen/?edit=/lib64/libnftables.so.1.1.0 HTTP/1.1" 200 299971 "-" "Mozilla/5.0 (compatible; MJ12bot/v1.4.8; http://mj12bot.com/)"
147.135.253.34 - - [19/Sep/2026:14:09:33 +0000] "GET /2026/08/27/oranjebet-casino-sluit-samenwerking-met-pragmatic-play-voor-live-casinospellen/?edit=/lib64/libnm.so.0.1.0 HTTP/1.1" 200 527259 "-" "Mozilla/5.0 (compatible; MJ12bot/v1.4.8; http://mj12bot.com/)"
147.135.253.34 - - [19/Sep/2026:14:09:36 +0000] "GET /2026/08/27/oranjebet-casino-sluit-samenwerking-met-pragmatic-play-voor-live-casinospellen/?edit=/lib64/libnss3.so HTTP/1.1" 200 480230 "-" "Mozilla/5.0 (compatible; MJ12bot/v1.4.8; http://mj12bot.com/)"
147.135.253.34 - - [19/Sep/2026:14:09:38 +0000] "GET /2026/08/27/oranjebet-casino-sluit-samenwerking-met-pragmatic-play-voor-live-casinospellen/?edit=/lib64/libnss_myhostname.so.2 HTTP/1.1" 200 292115 "-" "Mozilla/5.0 (compatible; MJ12bot/v1.4.8; http://mj12bot.com/)"
147.135.253.34 - - [19/Sep/2026:14:09:41 +0000] "GET /2026/08/27/oranjebet-casino-sluit-samenwerking-met-pragmatic-play-voor-live-casinospellen/?edit=/lib64/libnss_resolve.so.2 HTTP/1.1" 200 389415 "-" "Mozilla/5.0 (compatible; MJ12bot/v1.4.8; http://mj12bot.com/)"
147.135.253.34 - - [19/Sep/2026:14:09:43 +0000] "GET /2026/08/27/oranjebet-casino-sluit-samenwerking-met-pragmatic-play-voor-live-casinospellen/?edit=/lib64/libnss_systemd.so.2 HTTP/1.1" 200 390958 "-" "Mozilla/5.0 (compatible; MJ12bot/v1.4.8; http://mj12bot.com/)"
147.135.253.34 - - [19/Sep/2026:14:09:46 +0000] "GET /2026/08/27/oranjebet-casino-sluit-samenwerking-met-pragmatic-play-voor-live-casinospellen/?edit=/lib64/libodfgen-0.1.so.1 HTTP/1.1" 200 224497 "-" "Mozilla/5.0 (compatible; MJ12bot/v1.4.8; http://mj12bot.com/)"
147.135.253.34 - - [19/Sep/2026:14:09:48 +0000] "GET /2026/08/27/oranjebet-casino-sluit-samenwerking-met-pragmatic-play-voor-live-casinospellen/?edit=/lib64/libodfgen-0.1.so.1.0.6 HTTP/1.1" 200 224688 "-" "Mozilla/5.0 (compatible; MJ12bot/v1.4.8; http://mj12bot.com/)"
147.135.253.34 - - [19/Sep/2026:14:09:51 +0000] "GET /2026/08/27/oranjebet-casino-sluit-samenwerking-met-pragmatic-play-voor-live-casinospellen/?edit=/lib64/libopcodes-2.30-128.el8_10.so HTTP/1.1" 200 127737 "-" "Mozilla/5.0 (compatible; MJ12bot/v1.4.8; http://mj12bot.com/)"
74.7.241.38 - - [19/Sep/2026:14:08:24 +0000] "GET /?file=/tmp/turnicheck_external_cache/epmc-json-v78-152b7357fd4042af2709c4921dbe4ee7625a6de6.json HTTP/2" 429 0 "https://mail.transitmeftah.com/?file=/tmp/turnicheck_external_cache" "Mozilla/5.0 AppleWebKit/537.36 (KHTML, like Gecko; compatible; GPTBot/1.4; +https://openai.com/gptbot)"
185.152.37.127 - - [19/Sep/2026:14:08:25 +0000] "GET /author/wp2_26b6148f9b98/page/3/?view=%2Fhome%2Ftransitmeftah%2Fpublic_html%2Fwp-content%2Flanguages%2Ffr_FR-49c6d4acf36cf3aca9f0b2a77617304f.json HTTP/2" 200 475 "-" "Mozilla/5.0 (iPhone; CPU iPhone OS 18_2 like Mac OS X) AppleWebKit/605.1.15 (KHTML, like Gecko) CriOS/149.0.0.0 Mobile/15E148 Safari/604.1"
147.135.253.34 - - [19/Sep/2026:14:08:26 +0000] "GET /2026/08/27/oranjebet-casino-sluit-samenwerking-met-pragmatic-play-voor-live-casinospellen/?edit=/lib64/libSvtAv1Dec.so.0 HTTP/1.1" 200 717444 "-" "Mozilla/5.0 (compatible; MJ12bot/v1.4.8; http://mj12bot.com/)"
147.135.253.34 - - [19/Sep/2026:14:08:28 +0000] "GET /2026/08/27/oranjebet-casino-sluit-samenwerking-met-pragmatic-play-voor-live-casinospellen/?edit=/lib64/libcrypto.so HTTP/1.1" 200 1238224 "-" "Mozilla/5.0 (compatible; MJ12bot/v1.4.8; http://mj12bot.com/)"
74.7.241.38 - - [19/Sep/2026:14:08:45 +0000] "GET /?edit=/tmp/turnicheck_external_cache/epmc-json-v78-c3b668ff5cc46391c2db868bf1f2032b9302c425.json HTTP/2" 429 0 "https://mail.transitmeftah.com/?file=/tmp/turnicheck_external_cache" "Mozilla/5.0 AppleWebKit/537.36 (KHTML, like Gecko; compatible; GPTBot/1.4; +https://openai.com/gptbot)"
74.7.241.38 - - [19/Sep/2026:14:09:05 +0000] "GET /?edit=/tmp/turnicheck_external_cache/epmc-json-v78-21459179ff0e1cbf99f2e6ff85b1242de9ff2805.json HTTP/2" 429 0 "https://mail.transitmeftah.com/?file=/tmp/turnicheck_external_cache" "Mozilla/5.0 AppleWebKit/537.36 (KHTML, like Gecko; compatible; GPTBot/1.4; +https://openai.com/gptbot)"
147.135.253.34 - - [19/Sep/2026:14:09:19 +0000] "GET /2026/08/27/oranjebet-casino-sluit-samenwerking-met-pragmatic-play-voor-live-casinospellen/?edit=/lib64/libmozjs-60.so.0.0.0 HTTP/1.1" 200 1905986 "-" "Mozilla/5.0 (compatible; MJ12bot/v1.4.8; http://mj12bot.com/)"
74.7.241.38 - - [19/Sep/2026:14:09:25 +0000] "GET /license.txt?edit=/home/transitmeftah/public_html/wp-content/5bbdbffc.zip HTTP/2" 429 0 "https://mail.transitmeftah.com/license.txt?file=/home/transitmeftah/public_html/wp-content" "Mozilla/5.0 AppleWebKit/537.36 (KHTML, like Gecko; compatible; GPTBot/1.4; +https://openai.com/gptbot)"
173.205.26.57 - - [19/Sep/2026:14:09:35 +0000] "GET /2026/09/02/while-basics-instance-book-regarding-dry-cover-profits-during-the-5000x-shaver-ways-now-offers-a-big-50000x-maximum/ HTTP/2" 200 9038 "-" "Mozilla/5.0 (iPhone; CPU iPhone OS 18_4 like Mac OS X) AppleWebKit/605.1.15 (KHTML, like Gecko) CriOS/151.0.0.0 Mobile/15E148 Safari/604.1"
57.141.4.39 - - [19/Sep/2026:14:09:36 +0000] "GET /2026/08/23/en-fonction-de-lintersyndicale-les-discussions-sont-toujours-a-faire-au-sujet-des-ailerons-devraient-terminer-courant-mars/?edit=/home/transitmeftah/public_html/googlef7a1814e3d903cbd.html HTTP/2" 429 0 "-" "Mozilla/5.0 (Windows NT 10.0; Win64; x64) AppleWebKit/537.36 (KHTML, like Gecko) Chrome/145.0.0.0 Safari/537.36 (compatible; meta-externalagent/1.1 (+https://developers.facebook.com/docs/sharing/webmasters/crawler))"
57.141.4.8 - - [19/Sep/2026:14:09:45 +0000] "GET /2017/04/page/2/?view=/tmp/dspace_10475677.pdf HTTP/2" 429 0 "-" "Mozilla/5.0 (Windows NT 10.0; Win64; x64) AppleWebKit/537.36 (KHTML, like Gecko) Chrome/145.0.0.0 Safari/537.36 (compatible; meta-externalagent/1.1 (+https://developers.facebook.com/docs/sharing/webmasters/crawler))"
74.7.241.38 - - [19/Sep/2026:14:09:45 +0000] "GET /license.txt?file=/home/transitmeftah/public_html/wp-content/5bbdbffc.zip HTTP/2" 429 0 "https://mail.transitmeftah.com/license.txt?file=/home/transitmeftah/public_html/wp-content" "Mozilla/5.0 AppleWebKit/537.36 (KHTML, like Gecko; compatible; GPTBot/1.4; +https://openai.com/gptbot)"
17.166.233.54 - - [19/Sep/2026:14:09:27 +0000] "GET /2026/08/23/ciascuno-i-metodi-di-pagamento-accettati-verso-betflag-sono-validi-a-poter-redimere-indivisible-bonus/?edit=/lib64/libdaemon.so.0 HTTP/2" 200 21421 "-" "Mozilla/5.0 (Macintosh; Intel Mac OS X 10_15_7) AppleWebKit/605.1.15 (KHTML, like Gecko) Version/17.4 Safari/605.1.15 (Applebot/0.1; +http://www.apple.com/go/applebot)"
74.7.241.51 - - [19/Sep/2026:14:09:37 +0000] "GET /wp-json/wp/v2/posts/119330?view=/home/transitmeftah/public_html/wp-includes/class.wp-dependencies.php HTTP/2" 429 0 "https://transitmeftah.com/wp-json/wp/v2/posts/119330?file=/home/transitmeftah/public_html/wp-includes" "Mozilla/5.0 AppleWebKit/537.36 (KHTML, like Gecko; compatible; GPTBot/1.4; +https://openai.com/gptbot)"
66.97.61.57 - - [19/Sep/2026:14:09:45 +0000] "GET /2026/08/26/briefly-otherwise-permanently-close-your-entry-to-the-newest-gambling-enterprise-as-soon-as-you-need/?edit=%2Fhome%2Ftransitmeftah%2Fpublic_html%2Fwp-content%2Fmu-plugins%2Fclas.akismet-widget+copy+1.php HTTP/1.1" 200 12340 "-" "Mozilla/5.0 (Windows NT 10.0; Win64; x64) AppleWebKit/537.36 (KHTML, like Gecko) Chrome/99.0.4844.51 Safari/537.36"
74.7.241.51 - - [19/Sep/2026:14:09:57 +0000] "GET /wp-json/wp/v2/posts/119330?view=/home/transitmeftah/public_html/wp-includes/class-wp-object-cache.php HTTP/2" 429 0 "https://transitmeftah.com/wp-json/wp/v2/posts/119330?file=/home/transitmeftah/public_html/wp-includes" "Mozilla/5.0 AppleWebKit/537.36 (KHTML, like Gecko; compatible; GPTBot/1.4; +https://openai.com/gptbot)"
74.7.241.51 - - [19/Sep/2026:14:10:17 +0000] "GET /wp-json/wp/v2/posts/119330?view=/home/transitmeftah/public_html/wp-includes/class-wp-http-streams.php HTTP/2" 200 4811 "https://transitmeftah.com/wp-json/wp/v2/posts/119330?file=/home/transitmeftah/public_html/wp-includes" "Mozilla/5.0 AppleWebKit/537.36 (KHTML, like Gecko; compatible; GPTBot/1.4; +https://openai.com/gptbot)"
57.141.4.6 - - [19/Sep/2026:14:10:19 +0000] "GET /2017/04/page/2/?file=/tmp/revisium_csvfile_17752695425872846.csv.tmp HTTP/2" 200 302 "-" "Mozilla/5.0 (Windows NT 10.0; Win64; x64) AppleWebKit/537.36 (KHTML, like Gecko) Chrome/145.0.0.0 Safari/537.36 (compatible; meta-externalagent/1.1 (+https://developers.facebook.com/docs/sharing/webmasters/crawler))"
147.135.253.34 - - [19/Sep/2026:14:10:19 +0000] "GET /2026/08/27/oranjebet-casino-sluit-samenwerking-met-pragmatic-play-voor-live-casinospellen/?edit=/lib64/libpoppler.so.104.0.0 HTTP/1.1" 200 1121305 "-" "Mozilla/5.0 (compatible; MJ12bot/v1.4.8; http://mj12bot.com/)"
147.135.253.34 - - [19/Sep/2026:14:10:22 +0000] "GET /2026/08/27/oranjebet-casino-sluit-samenwerking-met-pragmatic-play-voor-live-casinospellen/?edit=/lib64/libprotobuf.so.15 HTTP/1.1" 200 943184 "-" "Mozilla/5.0 (compatible; MJ12bot/v1.4.8; http://mj12bot.com/)"
51.75.19.210 - - [19/Sep/2026:14:10:25 +0000] "POST /wp-login.php HTTP/1.1" 200 11632 "https://transitmeftah.com/wp-login.php" "Mozilla/5.0 (Windows NT 10.0; Win64; x64) AppleWebKit/537.36 (KHTML, like Gecko) Chrome/124.0.0.0 Safari/537.36"
147.135.253.34 - - [19/Sep/2026:14:10:25 +0000] "GET /2026/08/27/oranjebet-casino-sluit-samenwerking-met-pragmatic-play-voor-live-casinospellen/?edit=/lib64/libprotobuf.so.15.0.0 HTTP/1.1" 200 942469 "-" "Mozilla/5.0 (compatible; MJ12bot/v1.4.8; http://mj12bot.com/)"
147.135.253.34 - - [19/Sep/2026:14:10:28 +0000] "GET /2026/08/27/oranjebet-casino-sluit-samenwerking-met-pragmatic-play-voor-live-casinospellen/?edit=/lib64/libprotoc.so.15 HTTP/1.1" 200 859089 "-" "Mozilla/5.0 (compatible; MJ12bot/v1.4.8; http://mj12bot.com/)"
147.135.253.34 - - [19/Sep/2026:14:10:30 +0000] "GET /2026/08/27/oranjebet-casino-sluit-samenwerking-met-pragmatic-play-voor-live-casinospellen/?edit=/lib64/libprotoc.so.15.0.0 HTTP/1.1" 200 858716 "-" "Mozilla/5.0 (compatible; MJ12bot/v1.4.8; http://mj12bot.com/)"
147.135.253.34 - - [19/Sep/2026:14:09:53 +0000] "GET /2026/08/27/oranjebet-casino-sluit-samenwerking-met-pragmatic-play-voor-live-casinospellen/?edit=/lib64/liborcus-0.15.so.0 HTTP/1.1" 200 449586 "-" "Mozilla/5.0 (compatible; MJ12bot/v1.4.8; http://mj12bot.com/)"
57.141.4.37 - - [19/Sep/2026:14:09:55 +0000] "GET /2026/08/20/heres-what-may-appear-if-you-dont-take-note-of-enough-time-limitations/?view=/sbin/virt-what HTTP/2" 429 0 "-" "Mozilla/5.0 (Windows NT 10.0; Win64; x64) AppleWebKit/537.36 (KHTML, like Gecko) Chrome/145.0.0.0 Safari/537.36 (compatible; meta-externalagent/1.1 (+https://developers.facebook.com/docs/sharing/webmasters/crawler))"
147.135.253.34 - - [19/Sep/2026:14:09:55 +0000] "GET /2026/08/27/oranjebet-casino-sluit-samenwerking-met-pragmatic-play-voor-live-casinospellen/?edit=/lib64/liborcus-0.15.so.0.0.0 HTTP/1.1" 200 449585 "-" "Mozilla/5.0 (compatible; MJ12bot/v1.4.8; http://mj12bot.com/)"
85.208.96.211 - - [19/Sep/2026:14:09:57 +0000] "GET /2025/08/27/hlavne-aspekty-hierarchie-odmien-v-online-kasinach/ HTTP/1.1" 200 8735 "-" "Mozilla/5.0 (compatible; SemrushBot/7~bl; +http://www.semrush.com/bot.html)"
147.135.253.34 - - [19/Sep/2026:14:09:58 +0000] "GET /2026/08/27/oranjebet-casino-sluit-samenwerking-met-pragmatic-play-voor-live-casinospellen/?edit=/lib64/libp11-kit.so.0 HTTP/1.1" 200 276246 "-" "Mozilla/5.0 (compatible; MJ12bot/v1.4.8; http://mj12bot.com/)"
147.135.253.34 - - [19/Sep/2026:14:10:00 +0000] "GET /2026/08/27/oranjebet-casino-sluit-samenwerking-met-pragmatic-play-voor-live-casinospellen/?edit=/lib64/libp11-kit.so.0.3.0 HTTP/1.1" 200 276053 "-" "Mozilla/5.0 (compatible; MJ12bot/v1.4.8; http://mj12bot.com/)"
147.135.253.34 - - [19/Sep/2026:14:10:03 +0000] "GET /2026/08/27/oranjebet-casino-sluit-samenwerking-met-pragmatic-play-voor-live-casinospellen/?edit=/lib64/libperl.so HTTP/1.1" 200 843479 "-" "Mozilla/5.0 (compatible; MJ12bot/v1.4.8; http://mj12bot.com/)"
147.135.253.34 - - [19/Sep/2026:14:10:06 +0000] "GET /2026/08/27/oranjebet-casino-sluit-samenwerking-met-pragmatic-play-voor-live-casinospellen/?edit=/lib64/libperl.so.5.26 HTTP/1.1" 200 842809 "-" "Mozilla/5.0 (compatible; MJ12bot/v1.4.8; http://mj12bot.com/)"
147.135.253.34 - - [19/Sep/2026:14:10:08 +0000] "GET /2026/08/27/oranjebet-casino-sluit-samenwerking-met-pragmatic-play-voor-live-casinospellen/?edit=/lib64/libperl.so.5.26.3 HTTP/1.1" 200 843107 "-" "Mozilla/5.0 (compatible; MJ12bot/v1.4.8; http://mj12bot.com/)"
192.144.91.116 - - [19/Sep/2026:14:10:10 +0000] "GET /2026/09/15/rasantes-abenteuer-mit-der-chicken-road-um/?edit=%2Fhome%2Ftransitmeftah%2Fwww%2Fwp-admin%2Finstall.php HTTP/2" 200 16330 "-" "Mozilla/5.0 (iPhone; CPU iPhone OS 18_3 like Mac OS X) AppleWebKit/605.1.15 (KHTML, like Gecko) CriOS/148.0.0.0 Mobile/15E148 Safari/604.1"
147.135.253.34 - - [19/Sep/2026:14:10:11 +0000] "GET /2026/08/27/oranjebet-casino-sluit-samenwerking-met-pragmatic-play-voor-live-casinospellen/?edit=/lib64/libpixman-1.so.0 HTTP/1.1" 200 248739 "-" "Mozilla/5.0 (compatible; MJ12bot/v1.4.8; http://mj12bot.com/)"
68.56.218.28 - - [19/Sep/2026:14:10:13 +0000] "GET /2026/08/24/de-le-deduction-visuelle-connectez-vous-la-production-consideree-dessus-proposant-linterface-leurs-arguments-de-jeu/?file=%2Fhome%2Ftransitmeftah%2Fpublic_html%2Fwp-content%2Fmu-plugins%2Fquark-wrapper-lab.php HTTP/1.1" 200 8034 "-" "Mozilla/5.0 (Windows NT 10.0; Win64; x64) AppleWebKit/537.36 (KHTML, like Gecko) Chrome/116.0.0.0 Safari/537.36"
147.135.253.34 - - [19/Sep/2026:14:10:13 +0000] "GET /2026/08/27/oranjebet-casino-sluit-samenwerking-met-pragmatic-play-voor-live-casinospellen/?edit=/lib64/libpixman-1.so.0.38.4 HTTP/1.1" 200 248645 "-" "Mozilla/5.0 (compatible; MJ12bot/v1.4.8; http://mj12bot.com/)"
147.135.253.34 - - [19/Sep/2026:14:10:16 +0000] "GET /2026/08/27/oranjebet-casino-sluit-samenwerking-met-pragmatic-play-voor-live-casinospellen/?edit=/lib64/libpoppler.so.104 HTTP/1.1" 200 1120731 "-" "Mozilla/5.0 (compatible; MJ12bot/v1.4.8; http://mj12bot.com/)"
147.135.253.34 - - [19/Sep/2026:14:10:33 +0000] "GET /2026/08/27/oranjebet-casino-sluit-samenwerking-met-pragmatic-play-voor-live-casinospellen/?edit=/lib64/libpython2.7.so HTTP/1.1" 200 676874 "-" "Mozilla/5.0 (compatible; MJ12bot/v1.4.8; http://mj12bot.com/)"
147.135.253.34 - - [19/Sep/2026:14:10:35 +0000] "GET /2026/08/27/oranjebet-casino-sluit-samenwerking-met-pragmatic-play-voor-live-casinospellen/?edit=/lib64/libpython2.7.so.1.0 HTTP/1.1" 200 676842 "-" "Mozilla/5.0 (compatible; MJ12bot/v1.4.8; http://mj12bot.com/)"
74.7.241.51 - - [19/Sep/2026:14:10:37 +0000] "GET /wp-json/wp/v2/posts/119330?view=/home/transitmeftah/public_html/wp-includes/class-wp-theme-json-data.php HTTP/2" 200 682 "https://transitmeftah.com/wp-json/wp/v2/posts/119330?file=/home/transitmeftah/public_html/wp-includes" "Mozilla/5.0 AppleWebKit/537.36 (KHTML, like Gecko; compatible; GPTBot/1.4; +https://openai.com/gptbot)"
147.135.253.34 - - [19/Sep/2026:14:10:38 +0000] "GET /2026/08/27/oranjebet-casino-sluit-samenwerking-met-pragmatic-play-voor-live-casinospellen/?edit=/lib64/libpython3.11.so.1.0 HTTP/1.1" 200 2001129 "-" "Mozilla/5.0 (compatible; MJ12bot/v1.4.8; http://mj12bot.com/)"
147.135.253.34 - - [19/Sep/2026:14:10:44 +0000] "GET /2026/08/27/oranjebet-casino-sluit-samenwerking-met-pragmatic-play-voor-live-casinospellen/?edit=/lib64/libpython3.6m.so.1.0 HTTP/1.1" 200 1327904 "-" "Mozilla/5.0 (compatible; MJ12bot/v1.4.8; http://mj12bot.com/)"
145.223.10.137 - - [19/Sep/2026:14:10:47 +0000] "GET /2026/07/29/coronavirus-disease-2019/?view=%2Fhome%2Ftransitmeftah%2Fpublic_html%2Fwp-content%2Fmu-plugins%2Fquark-wrapper-lab.php HTTP/2" 200 5 "-" "Mozilla/5.0 (iPhone; CPU iPhone OS 18_3 like Mac OS X) AppleWebKit/605.1.15 (KHTML, like Gecko) CriOS/148.0.0.0 Mobile/15E148 Safari/604.1"
17.166.150.107 - - [19/Sep/2026:14:10:49 +0000] "GET /2026/08/23/posso-ammettere-non-solo-il-gratifica-senza-tenuta-che-razza-di-il-premio-di-convenevole-casino/?view=/home/transitmeftah/public_html/wp-content/plugins/wp-file-manager/languages/wp-file-manager-cs_CZ.mo HTTP/2" 200 8024 "-" "Mozilla/5.0 (Macintosh; Intel Mac OS X 10_15_7) AppleWebKit/605.1.15 (KHTML, like Gecko) Version/17.4 Safari/605.1.15 (Applebot/0.1; +http://www.apple.com/go/applebot)"
74.7.241.51 - - [19/Sep/2026:14:10:53 +0000] "GET /wp-json/wp/v2/posts/119330?view=/home/transitmeftah/public_html/wp-includes/class-wp-network-query.php HTTP/2" 200 5029 "https://transitmeftah.com/wp-json/wp/v2/posts/119330?file=/home/transitmeftah/public_html/wp-includes" "Mozilla/5.0 AppleWebKit/537.36 (KHTML, like Gecko; compatible; GPTBot/1.4; +https://openai.com/gptbot)"
115.97.113.233 - - [19/Sep/2026:14:11:00 +0000] "GET /2026/09/04/100-kaip-naudoti-hitnspin-premija-procentu-nemokami-prievadai-be-atsisiuntimo-zaiskite-daugiau-nei-21-tukst-internetiniu-losimo-automatu-pramogu/?edit=%2Fhome%2Ftransitmeftah%2Fpublic_html%2Fwp-content%2Fmu-plugins%2Fclas.akismet-widget+copy+1.php HTTP/1.1" 200 13080 "-" "Mozilla/5.0 (Windows NT 10.0; Win64; x64) AppleWebKit/537.36 (KHTML, like Gecko) Chrome/99.0.4844.51 Safari/537.36"
74.7.241.51 - - [19/Sep/2026:14:11:06 +0000] "GET /wp-json/wp/v2/posts/119330?view=/home/transitmeftah/public_html/wp-includes/post-thumbnail-template.php HTTP/2" 200 2402 "https://transitmeftah.com/wp-json/wp/v2/posts/119330?file=/home/transitmeftah/public_html/wp-includes" "Mozilla/5.0 AppleWebKit/537.36 (KHTML, like Gecko; compatible; GPTBot/1.4; +https://openai.com/gptbot)"
74.7.241.51 - - [19/Sep/2026:14:11:16 +0000] "GET /wp-json/wp/v2/posts/119330?view=/home/transitmeftah/public_html/wp-includes/class-wp-user-request.php HTTP/2" 200 670 "https://transitmeftah.com/wp-json/wp/v2/posts/119330?file=/home/transitmeftah/public_html/wp-includes" "Mozilla/5.0 AppleWebKit/537.36 (KHTML, like Gecko; compatible; GPTBot/1.4; +https://openai.com/gptbot)"
38.81.84.83 - - [19/Sep/2026:14:10:38 +0000] "GET /2026/08/26/although-you-is-also-change-the-fresh-new-gold-coins-for-the-money-advantages-you-are-struggling-to-earn-actual-money-right-here/?edit=%2Fhome%2Ftransitmeftah%2Fpublic_html%2Fwp-content%2Fmu-plugins%2Fclas.akismet-widget+copy+1.php HTTP/1.1" 200 13459 "-" "Mozilla/5.0 (Macintosh; Intel Mac OS X 10_15_7) AppleWebKit/537.36 (KHTML, like Gecko) Chrome/119.0.0.0 Safari/537.36"
147.135.253.34 - - [19/Sep/2026:14:10:47 +0000] "GET /2026/08/27/oranjebet-casino-sluit-samenwerking-met-pragmatic-play-voor-live-casinospellen/?edit=/lib64/libraw.so.19 HTTP/1.1" 200 268116 "-" "Mozilla/5.0 (compatible; MJ12bot/v1.4.8; http://mj12bot.com/)"
147.135.253.34 - - [19/Sep/2026:14:10:49 +0000] "GET /2026/08/27/oranjebet-casino-sluit-samenwerking-met-pragmatic-play-voor-live-casinospellen/?edit=/lib64/libraw.so.19.0.2 HTTP/1.1" 200 268376 "-" "Mozilla/5.0 (compatible; MJ12bot/v1.4.8; http://mj12bot.com/)"
147.135.253.34 - - [19/Sep/2026:14:10:52 +0000] "GET /2026/08/27/oranjebet-casino-sluit-samenwerking-met-pragmatic-play-voor-live-casinospellen/?edit=/lib64/libraw_r.so.19 HTTP/1.1" 200 268123 "-" "Mozilla/5.0 (compatible; MJ12bot/v1.4.8; http://mj12bot.com/)"
66.249.66.45 - - [19/Sep/2026:14:10:55 +0000] "GET /?u=30804591051100 HTTP/1.1" 200 12249 "-" "Mozilla/5.0 (Linux; Android 6.0.1; Nexus 5X Build/MMB29P) AppleWebKit/537.36 (KHTML, like Gecko) Chrome/153.0.8010.47 Mobile Safari/537.36 (compatible; Googlebot/2.1; +http://www.google.com/bot.html)"
147.135.253.34 - - [19/Sep/2026:14:10:54 +0000] "GET /2026/08/27/oranjebet-casino-sluit-samenwerking-met-pragmatic-play-voor-live-casinospellen/?edit=/lib64/libraw_r.so.19.0.2 HTTP/1.1" 200 268341 "-" "Mozilla/5.0 (compatible; MJ12bot/v1.4.8; http://mj12bot.com/)"
147.135.253.34 - - [19/Sep/2026:14:10:57 +0000] "GET /2026/08/27/oranjebet-casino-sluit-samenwerking-met-pragmatic-play-voor-live-casinospellen/?edit=/lib64/librsvg-2.so.2 HTTP/1.1" 200 551542 "-" "Mozilla/5.0 (compatible; MJ12bot/v1.4.8; http://mj12bot.com/)"
147.135.253.34 - - [19/Sep/2026:14:11:00 +0000] "GET /2026/08/27/oranjebet-casino-sluit-samenwerking-met-pragmatic-play-voor-live-casinospellen/?edit=/lib64/librsvg-2.so.2.42.7 HTTP/1.1" 200 551399 "-" "Mozilla/5.0 (compatible; MJ12bot/v1.4.8; http://mj12bot.com/)"
147.135.253.34 - - [19/Sep/2026:14:11:03 +0000] "GET /2026/08/27/oranjebet-casino-sluit-samenwerking-met-pragmatic-play-voor-live-casinospellen/?edit=/lib64/libslang.so.2.3.2 HTTP/1.1" 200 357814 "-" "Mozilla/5.0 (compatible; MJ12bot/v1.4.8; http://mj12bot.com/)"
147.135.253.34 - - [19/Sep/2026:14:11:05 +0000] "GET /2026/08/27/oranjebet-casino-sluit-samenwerking-met-pragmatic-play-voor-live-casinospellen/?edit=/lib64/libsolv.so.1 HTTP/1.1" 200 279693 "-" "Mozilla/5.0 (compatible; MJ12bot/v1.4.8; http://mj12bot.com/)"
147.135.253.34 - - [19/Sep/2026:14:11:08 +0000] "GET /2026/08/27/oranjebet-casino-sluit-samenwerking-met-pragmatic-play-voor-live-casinospellen/?edit=/lib64/libsource-highlight.so.4.0.1 HTTP/1.1" 200 284539 "-" "Mozilla/5.0 (compatible; MJ12bot/v1.4.8; http://mj12bot.com/)"
147.135.253.34 - - [19/Sep/2026:14:11:10 +0000] "GET /2026/08/27/oranjebet-casino-sluit-samenwerking-met-pragmatic-play-voor-live-casinospellen/?edit=/lib64/libstaroffice-0.0.so.0 HTTP/1.1" 200 935310 "-" "Mozilla/5.0 (compatible; MJ12bot/v1.4.8; http://mj12bot.com/)"
147.135.253.34 - - [19/Sep/2026:14:11:13 +0000] "GET /2026/08/27/oranjebet-casino-sluit-samenwerking-met-pragmatic-play-voor-live-casinospellen/?edit=/lib64/libtk8.6.so HTTP/1.1" 200 584513 "-" "Mozilla/5.0 (compatible; MJ12bot/v1.4.8; http://mj12bot.com/)"
147.135.253.34 - - [19/Sep/2026:14:11:16 +0000] "GET /2026/08/27/oranjebet-casino-sluit-samenwerking-met-pragmatic-play-voor-live-casinospellen/?edit=/lib64/libudev.so.1 HTTP/1.1" 200 274044 "-" "Mozilla/5.0 (compatible; MJ12bot/v1.4.8; http://mj12bot.com/)"
195.26.251.28 - - [19/Sep/2026:14:11:19 +0000] "POST /wp-cron.php?doing_wp_cron=1789827079.7253129482269287109375 HTTP/1.1" 200 0 "-" "WordPress/6.9.6; https://transitmeftah.com"
74.7.241.38 - - [19/Sep/2026:14:10:04 +0000] "GET /%7Bsitemap:loc%7D HTTP/2" 200 440 "https://mail.transitmeftah.com/?view=/home/transitmeftah/public_html/wp-includes/sitemaps/class-wp-sitemaps-stylesheet.php" "Mozilla/5.0 AppleWebKit/537.36 (KHTML, like Gecko; compatible; GPTBot/1.4; +https://openai.com/gptbot)"
74.7.241.38 - - [19/Sep/2026:14:10:24 +0000] "GET /?file=/home/transitmeftah/public_html/wp-includes/taxonomy.php HTTP/2" 200 13541 "https://mail.transitmeftah.com/?file=/home/transitmeftah/public_html/wp-includes" "Mozilla/5.0 AppleWebKit/537.36 (KHTML, like Gecko; compatible; GPTBot/1.4; +https://openai.com/gptbot)"
114.119.134.178 - - [19/Sep/2026:14:10:29 +0000] "GET /2026/08/31/la-patologi%ef%bf%bda-del-tunel-carpiano-tarima-estuviese-optimizada-de-iphone-alguna-cosa-que-inscribiri-agraente-desde-nuestro-telefonia/?file=/home/transitmeftah/public_html/wp-content/mu-plugins/site-compat-layer.php HTTP/1.1" 200 7925 "https://transitmeftah.com/2026/08/31/la-patologi%ef%bf%bda-del-tunel-carpiano-tarima-estuviese-optimizada-de-iphone-alguna-cosa-que-inscribiri-agraente-desde-nuestro-telefonia/?file=/home/transitmeftah/public_html/wp-content/mu-plugins/site-compat-layer.php" "Mozilla/5.0 (Linux; Android 7.0;) AppleWebKit/537.36 (HTML, like Gecko) Mobile Safari/537.36 (compatible; PetalBot;+https://webmaster.petalsearch.com/site/petalbot)"
57.141.4.43 - - [19/Sep/2026:14:10:32 +0000] "GET /2017/04/page/2/?view=/tmp/revisium_csvfile_17754255043487830.csv.tmp HTTP/2" 429 0 "-" "Mozilla/5.0 (Macintosh; Intel Mac OS X 10_15_7) AppleWebKit/537.36 (KHTML, like Gecko) Chrome/145.0.0.0 Safari/537.36 (compatible; meta-externalagent/1.1 (+https://developers.facebook.com/docs/sharing/webmasters/crawler))"
74.7.241.38 - - [19/Sep/2026:14:10:40 +0000] "GET /?file=/home/transitmeftah/public_html/wp-includes/bookmark.php HTTP/2" 429 0 "https://mail.transitmeftah.com/?file=/home/transitmeftah/public_html/wp-includes" "Mozilla/5.0 AppleWebKit/537.36 (KHTML, like Gecko; compatible; GPTBot/1.4; +https://openai.com/gptbot)"
147.135.253.34 - - [19/Sep/2026:14:10:41 +0000] "GET /2026/08/27/oranjebet-casino-sluit-samenwerking-met-pragmatic-play-voor-live-casinospellen/?edit=/lib64/libpython3.6m.so HTTP/1.1" 200 1328081 "-" "Mozilla/5.0 (compatible; MJ12bot/v1.4.8; http://mj12bot.com/)"
57.141.4.39 - - [19/Sep/2026:14:10:44 +0000] "GET /2017/04/page/2/?edit=/tmp/revisium_csvfile_17756274941577188.csv.tmp HTTP/2" 200 636 "-" "Mozilla/5.0 (Windows NT 10.0; Win64; x64) AppleWebKit/537.36 (KHTML, like Gecko) Chrome/145.0.0.0 Safari/537.36 (compatible; meta-externalagent/1.1 (+https://developers.facebook.com/docs/sharing/webmasters/crawler))"
74.7.241.38 - - [19/Sep/2026:14:10:53 +0000] "GET /?edit=/home/transitmeftah/public_html/wp-includes/bookmark.php HTTP/2" 429 0 "https://mail.transitmeftah.com/?file=/home/transitmeftah/public_html/wp-includes" "Mozilla/5.0 AppleWebKit/537.36 (KHTML, like Gecko; compatible; GPTBot/1.4; +https://openai.com/gptbot)"
57.141.4.11 - - [19/Sep/2026:14:11:08 +0000] "GET /2026/08/23/en-fonction-de-lintersyndicale-les-discussions-sont-toujours-a-faire-au-sujet-des-ailerons-devraient-terminer-courant-mars/?file=/home/transitmeftah/public_html/wp-load.php HTTP/2" 200 10142 "-" "Mozilla/5.0 (Windows NT 10.0; Win64; x64) AppleWebKit/537.36 (KHTML, like Gecko) Chrome/145.0.0.0 Safari/537.36 (compatible; meta-externalagent/1.1 (+https://developers.facebook.com/docs/sharing/webmasters/crawler))"
74.7.241.38 - - [19/Sep/2026:14:11:13 +0000] "GET /?edit=/home/transitmeftah/public_html/wp-includes/taxonomy.php HTTP/2" 429 0 "https://mail.transitmeftah.com/?file=/home/transitmeftah/public_html/wp-includes" "Mozilla/5.0 AppleWebKit/537.36 (KHTML, like Gecko; compatible; GPTBot/1.4; +https://openai.com/gptbot)"
57.141.4.39 - - [19/Sep/2026:14:09:18 +0000] "GET /2026/08/22/the-moment-you-are-willing-to-gamble-only-strike-the-%ef%bf%bdspin-key-to-begin-with-the-overall-game/?view=/lib/grub/i386-pc/msdospart.mod HTTP/2" 429 0 "-" "Mozilla/5.0 (Windows NT 10.0; Win64; x64) AppleWebKit/537.36 (KHTML, like Gecko) Chrome/145.0.0.0 Safari/537.36 (compatible; meta-externalagent/1.1 (+https://developers.facebook.com/docs/sharing/webmasters/crawler))"
