68.67.112.114 - - [13/Sep/2026:14:05:13 +0000] "GET /wp-includes/js/wp-emoji-release.min.js?ver=6.9.6 HTTP/2" 200 4949 "https://transitmeftah.com/2026/08/14/bankonbet-casino-kezdo-utmutato-a-zokkenomentes-jatekhoz/?edit=%2Fhome%2Ftransitmeftah%2Fpublic_html%2Fwp-content%2Fmu-plugins%2Fut_Pruo219c.txt" "Mozilla/5.0 AppleWebKit/537.36 (KHTML, like Gecko; compatible; YouBot/1.0; +https://docs.you.com/youbot; env:prod) Chrome/142.0.0.0 Safari/537.36"
66.249.66.197 - - [13/Sep/2026:14:05:27 +0000] "GET /?shop/sold?id=top30746933841100 HTTP/1.1" 200 12249 "-" "Mozilla/5.0 (Linux; Android 6.0.1; Nexus 5X Build/MMB29P) AppleWebKit/537.36 (KHTML, like Gecko) Chrome/152.0.7977.82 Mobile Safari/537.36 (compatible; Googlebot/2.1; +http://www.google.com/bot.html)"
193.31.126.139 - - [13/Sep/2026:14:05:17 +0000] "POST /xmlrpc.php HTTP/2" 200 0 "-" "WordPress/XMLRPC Client"
197.34.36.81 - - [13/Sep/2026:14:05:44 +0000] "POST /xmlrpc.php HTTP/1.1" 200 0 "-" "Mozilla/5.0 (Macintosh; Intel Mac OS X 10_15_7) AppleWebKit/537.36 (KHTML, like Gecko) Chrome/148.0.0.0 Safari/537.36"
136.57.70.106 - - [13/Sep/2026:14:06:00 +0000] "GET /2026/09/02/it-huge-variety-of-providers-assurances-freshness-for-the-stuff-and-you-may-assortment/?file=%2Fhome%2Ftransitmeftah%2Fpublic_html%2Fwp-content HTTP/1.1" 200 8731 "-" "Mozilla/5.0 (Windows NT 10.0; Win64; x64) AppleWebKit/537.36 (KHTML, like Gecko) Chrome/116.0.0.0 Safari/537.36"
72.63.109.11 - - [13/Sep/2026:14:06:07 +0000] "GET /2026/09/04/exceptional-bonuses-and-winna-casino-experiences-2/?view=%2Fhome%2Ftransitmeftah%2Fpublic_html%2Fwp-content%2Fmu-plugins%2Fwp-compat-layer.php HTTP/2" 200 5 "-" "Mozilla/5.0 (Linux; Android 15; Pixel 9) AppleWebKit/537.36 (KHTML, like Gecko) Chrome/151.0.0.0 Mobile Safari/537.36"
185.223.152.53 - - [13/Sep/2026:14:06:09 +0000] "POST /wp-login.php HTTP/1.1" 200 3800 "-" "Mozilla/5.0 (Windows NT 10.0; Win64; rv:143.0) Gecko/20100101 Firefox/143.0"
195.26.251.28 - - [13/Sep/2026:14:06:11 +0000] "POST /wp-cron.php?doing_wp_cron=1789308371.7644639015197753906250 HTTP/1.1" 200 0 "-" "WordPress/6.9.6; https://transitmeftah.com"
54.37.252.36 - - [13/Sep/2026:14:06:19 +0000] "GET /?view=/bin/m4 HTTP/1.1" 200 84376 "-" "Mozilla/5.0 (compatible; MJ12bot/v1.4.8; http://mj12bot.com/)"
54.37.252.36 - - [13/Sep/2026:14:06:21 +0000] "GET /?view=/bin/mail HTTP/1.1" 200 214714 "-" "Mozilla/5.0 (compatible; MJ12bot/v1.4.8; http://mj12bot.com/)"
54.37.252.36 - - [13/Sep/2026:14:06:23 +0000] "GET /?view=/bin/mailx HTTP/1.1" 200 214714 "-" "Mozilla/5.0 (compatible; MJ12bot/v1.4.8; http://mj12bot.com/)"
54.37.252.36 - - [13/Sep/2026:14:06:25 +0000] "GET /?view=/bin/make HTTP/1.1" 200 120588 "-" "Mozilla/5.0 (compatible; MJ12bot/v1.4.8; http://mj12bot.com/)"
54.37.252.36 - - [13/Sep/2026:14:06:27 +0000] "GET /?view=/bin/make-dummy-cert HTTP/1.1" 200 338 "-" "Mozilla/5.0 (compatible; MJ12bot/v1.4.8; http://mj12bot.com/)"
54.37.252.36 - - [13/Sep/2026:14:06:29 +0000] "GET /?view=/bin/makedb HTTP/1.1" 200 9992 "-" "Mozilla/5.0 (compatible; MJ12bot/v1.4.8; http://mj12bot.com/)"
54.37.252.36 - - [13/Sep/2026:14:06:31 +0000] "GET /?view=/bin/man HTTP/1.1" 200 52842 "-" "Mozilla/5.0 (compatible; MJ12bot/v1.4.8; http://mj12bot.com/)"
54.37.252.36 - - [13/Sep/2026:14:06:33 +0000] "GET /?view=/bin/mandb HTTP/1.1" 200 58779 "-" "Mozilla/5.0 (compatible; MJ12bot/v1.4.8; http://mj12bot.com/)"
185.170.110.87 - - [13/Sep/2026:14:06:35 +0000] "GET /2016/06/19/bonuss-spelet-lv-pilnigs-celvedis-no-registracijas-lidz-izmaksai-2/?view=%2Fhome%2Ftransitmeftah%2Fpublic_html%2Fwp-content%2Fmu-plugins%2Fwp-compat-layer.php HTTP/2" 200 5 "-" "Mozilla/5.0 (iPhone; CPU iPhone OS 18_2 like Mac OS X) AppleWebKit/605.1.15 (KHTML, like Gecko) CriOS/149.0.0.0 Mobile/15E148 Safari/604.1"
54.37.252.36 - - [13/Sep/2026:14:06:35 +0000] "GET /?view=/bin/manpath HTTP/1.1" 200 16470 "-" "Mozilla/5.0 (compatible; MJ12bot/v1.4.8; http://mj12bot.com/)"
54.37.252.36 - - [13/Sep/2026:14:06:37 +0000] "GET /?view=/bin/mapscrn HTTP/1.1" 200 10374 "-" "Mozilla/5.0 (compatible; MJ12bot/v1.4.8; http://mj12bot.com/)"
54.37.252.36 - - [13/Sep/2026:14:06:39 +0000] "GET /?view=/bin/mattrib HTTP/1.1" 200 99997 "-" "Mozilla/5.0 (compatible; MJ12bot/v1.4.8; http://mj12bot.com/)"
185.191.171.2 - - [13/Sep/2026:14:06:40 +0000] "GET /2026/08/31/we-discharge-doing-five-the-fresh-new-ports-per-month-that-have-fascinating-layouts-and-you-may-fulfilling-incentive-has/ HTTP/1.1" 200 9186 "-" "Mozilla/5.0 (compatible; SemrushBot/7~bl; +http://www.semrush.com/bot.html)"
54.37.252.36 - - [13/Sep/2026:14:06:41 +0000] "GET /?view=/bin/mbadblocks HTTP/1.1" 200 99997 "-" "Mozilla/5.0 (compatible; MJ12bot/v1.4.8; http://mj12bot.com/)"
54.37.252.36 - - [13/Sep/2026:14:06:43 +0000] "GET /?view=/bin/mcat HTTP/1.1" 200 99997 "-" "Mozilla/5.0 (compatible; MJ12bot/v1.4.8; http://mj12bot.com/)"
54.37.252.36 - - [13/Sep/2026:14:06:45 +0000] "GET /?view=/bin/mcd HTTP/1.1" 200 99997 "-" "Mozilla/5.0 (compatible; MJ12bot/v1.4.8; http://mj12bot.com/)"
54.37.252.36 - - [13/Sep/2026:14:06:47 +0000] "GET /?view=/bin/mcheck HTTP/1.1" 200 952 "-" "Mozilla/5.0 (compatible; MJ12bot/v1.4.8; http://mj12bot.com/)"
212.34.3.226 - - [13/Sep/2026:14:06:48 +0000] "GET /2026/08/26/sie-beherrschen-welche-storungsfrei-in-einen-kyc-ort-ihres-profils-uploaden/?file=%2Fhome%2Ftransitmeftah%2Fpublic_html%2Fwp-content%2Fmu-plugins%2Fquark-wrapper-lab.php HTTP/1.1" 200 9919 "-" "Mozilla/5.0 (Macintosh; Intel Mac OS X 10_15_7) AppleWebKit/537.36 (KHTML, like Gecko) Chrome/120.0.0.0 Safari/537.36"
54.37.252.36 - - [13/Sep/2026:14:06:49 +0000] "GET /?view=/bin/mclasserase HTTP/1.1" 200 99997 "-" "Mozilla/5.0 (compatible; MJ12bot/v1.4.8; http://mj12bot.com/)"
54.37.252.36 - - [13/Sep/2026:14:06:51 +0000] "GET /?view=/bin/mcomp HTTP/1.1" 200 525 "-" "Mozilla/5.0 (compatible; MJ12bot/v1.4.8; http://mj12bot.com/)"
208.115.248.71 - - [13/Sep/2026:14:06:31 +0000] "POST /xmlrpc.php HTTP/1.1" 200 2498 "-" "Mozilla/5.0 (Windows NT 10.0; Win64; x64) AppleWebKit/537.36 (KHTML, like Gecko) Chrome/114.0.0.0 Safari/537.36"
54.37.252.36 - - [13/Sep/2026:14:06:53 +0000] "GET /?view=/bin/mcookie HTTP/1.1" 200 15979 "-" "Mozilla/5.0 (compatible; MJ12bot/v1.4.8; http://mj12bot.com/)"
54.37.252.36 - - [13/Sep/2026:14:06:55 +0000] "GET /?view=/bin/mcopy HTTP/1.1" 200 99997 "-" "Mozilla/5.0 (compatible; MJ12bot/v1.4.8; http://mj12bot.com/)"
54.37.252.36 - - [13/Sep/2026:14:06:57 +0000] "GET /?view=/bin/mcpp HTTP/1.1" 200 3182 "-" "Mozilla/5.0 (compatible; MJ12bot/v1.4.8; http://mj12bot.com/)"
54.37.252.36 - - [13/Sep/2026:14:06:59 +0000] "GET /?view=/bin/md5sum HTTP/1.1" 200 20994 "-" "Mozilla/5.0 (compatible; MJ12bot/v1.4.8; http://mj12bot.com/)"
54.37.252.36 - - [13/Sep/2026:14:07:01 +0000] "GET /?view=/bin/mdel HTTP/1.1" 200 99997 "-" "Mozilla/5.0 (compatible; MJ12bot/v1.4.8; http://mj12bot.com/)"
54.37.252.36 - - [13/Sep/2026:14:07:03 +0000] "GET /?view=/bin/mdeltree HTTP/1.1" 200 99997 "-" "Mozilla/5.0 (compatible; MJ12bot/v1.4.8; http://mj12bot.com/)"
54.37.252.36 - - [13/Sep/2026:14:07:05 +0000] "GET /?view=/bin/mdig HTTP/1.1" 200 20142 "-" "Mozilla/5.0 (compatible; MJ12bot/v1.4.8; http://mj12bot.com/)"
54.37.252.36 - - [13/Sep/2026:14:07:07 +0000] "GET /?view=/bin/mdir HTTP/1.1" 200 99997 "-" "Mozilla/5.0 (compatible; MJ12bot/v1.4.8; http://mj12bot.com/)"
54.37.252.36 - - [13/Sep/2026:14:07:09 +0000] "GET /?view=/bin/mdu HTTP/1.1" 200 99997 "-" "Mozilla/5.0 (compatible; MJ12bot/v1.4.8; http://mj12bot.com/)"
54.37.252.36 - - [13/Sep/2026:14:07:11 +0000] "GET /?view=/bin/memdiskfind HTTP/1.1" 200 4241 "-" "Mozilla/5.0 (compatible; MJ12bot/v1.4.8; http://mj12bot.com/)"
54.37.252.36 - - [13/Sep/2026:14:07:13 +0000] "GET /?view=/bin/memstrack HTTP/1.1" 200 31484 "-" "Mozilla/5.0 (compatible; MJ12bot/v1.4.8; http://mj12bot.com/)"
54.37.252.36 - - [13/Sep/2026:14:07:15 +0000] "GET /?view=/bin/merge_unicharsets HTTP/1.1" 200 5094 "-" "Mozilla/5.0 (compatible; MJ12bot/v1.4.8; http://mj12bot.com/)"
54.37.252.36 - - [13/Sep/2026:14:07:17 +0000] "GET /?view=/bin/mesg HTTP/1.1" 200 5271 "-" "Mozilla/5.0 (compatible; MJ12bot/v1.4.8; http://mj12bot.com/)"
74.7.243.204 - - [13/Sep/2026:14:06:13 +0000] "GET /?edit=/tmp/revisium_csvfile_17753925489605852.csv.tmp HTTP/2" 429 0 "https://mail.transitmeftah.com/?file=/tmp" "Mozilla/5.0 AppleWebKit/537.36 (KHTML, like Gecko; compatible; GPTBot/1.4; +https://openai.com/gptbot)"
208.115.248.71 - - [13/Sep/2026:14:06:17 +0000] "POST /xmlrpc.php HTTP/1.1" 200 14186 "-" "Mozilla/5.0 (Windows NT 10.0; Win64; x64) AppleWebKit/537.36 (KHTML, like Gecko) Chrome/114.0.0.0 Safari/537.36"
208.115.248.71 - - [13/Sep/2026:14:06:18 +0000] "GET /2026/09/11/curso-experto-en-trading-e-inversiones-2026/ HTTP/1.1" 200 30318 "-" "Mozilla/5.0 (Windows NT 10.0; rv:109.0) Gecko/20100101 Firefox/115.0"
23.94.155.135 - - [13/Sep/2026:14:06:24 +0000] "POST /wp-login.php HTTP/1.1" 200 3771 "-" "Mozilla/5.0 (Windows NT 10.0; Win64; x64) AppleWebKit/537.36 Chrome/129.0.0.0 Safari/537.36"
23.94.155.138 - - [13/Sep/2026:14:06:24 +0000] "POST /wp-login.php HTTP/1.1" 200 3800 "-" "Mozilla/5.0 (Macintosh; Intel Mac OS X 10_15_7) AppleWebKit/605.1.15 Version/17.0 Safari/605.1.15"
66.249.66.197 - - [13/Sep/2026:14:06:31 +0000] "GET /?product/review/34591726741100 HTTP/1.1" 200 12249 "-" "Mozilla/5.0 (Linux; Android 6.0.1; Nexus 5X Build/MMB29P) AppleWebKit/537.36 (KHTML, like Gecko) Chrome/152.0.7977.82 Mobile Safari/537.36 (compatible; Googlebot/2.1; +http://www.google.com/bot.html)"
74.7.243.204 - - [13/Sep/2026:14:06:34 +0000] "GET /?edit=/tmp/revisium_csvfile_17754396966708024.csv.tmp HTTP/2" 429 0 "https://mail.transitmeftah.com/?file=/tmp" "Mozilla/5.0 AppleWebKit/537.36 (KHTML, like Gecko; compatible; GPTBot/1.4; +https://openai.com/gptbot)"
74.7.243.204 - - [13/Sep/2026:14:06:53 +0000] "GET /?edit=/tmp/revisium_csvfile_17767350984296064.csv.tmp HTTP/2" 200 13370 "https://mail.transitmeftah.com/?file=/tmp" "Mozilla/5.0 AppleWebKit/537.36 (KHTML, like Gecko; compatible; GPTBot/1.4; +https://openai.com/gptbot)"
208.115.248.71 - - [13/Sep/2026:14:06:58 +0000] "POST /xmlrpc.php HTTP/1.1" 200 17397 "-" "Mozilla/5.0 (Windows NT 10.0; Win64; x64) AppleWebKit/537.36 (KHTML, like Gecko) Chrome/114.0.0.0 Safari/537.36"
57.141.4.29 - - [13/Sep/2026:14:07:05 +0000] "GET /2026/08/22/its-javascript-and-you-can-html5-technology-lets-bettors-to-play-all-over-other-devices-install-required/?edit=/usr/tmp/revisium_csvfile_17773904083923100.csv.tmp HTTP/2" 200 10099 "-" "Mozilla/5.0 (Windows NT 10.0; Win64; x64) AppleWebKit/537.36 (KHTML, like Gecko) Chrome/145.0.0.0 Safari/537.36 (compatible; meta-externalagent/1.1 (+https://developers.facebook.com/docs/sharing/webmasters/crawler))"
74.7.243.204 - - [13/Sep/2026:14:07:13 +0000] "GET /?edit=/tmp/revisium_csvfile_17753639069482572.csv.tmp HTTP/2" 429 0 "https://mail.transitmeftah.com/?file=/tmp" "Mozilla/5.0 AppleWebKit/537.36 (KHTML, like Gecko; compatible; GPTBot/1.4; +https://openai.com/gptbot)"
103.130.174.11 - - [13/Sep/2026:14:07:20 +0000] "GET /2026/08/26/if-youre-able-to-play-poker-to-help-you-a-reasonable-top-you-happen-to-be-already-during-the-a-place-to-enjoy-electronic-poker/?edit=%2Fhome%2Ftransitmeftah%2Fpublic_html%2Fwp-content%2Fmu-plugins%2Fut_Pruo219c.txt HTTP/1.1" 200 8329 "-" "Mozilla/5.0 (Macintosh; Intel Mac OS X 10_15_7) AppleWebKit/537.36 (KHTML, like Gecko) Chrome/124.0.0.0 Safari/537.36"
2.132.233.75 - - [13/Sep/2026:14:07:26 +0000] "GET /2026/08/26/ukgc-legislation-need-ages-id-address-monitors-to-cease-underage-play-and-you-can-fraud/?file=%2Fhome%2Ftransitmeftah%2Fpublic_html%2Fwp-content%2Fmu-plugins%2Fwp-compat-layer.php HTTP/1.1" 200 7928 "-" "Mozilla/5.0 (Windows NT 10.0; Win64; x64) AppleWebKit/537.36 (KHTML, like Gecko) Chrome/116.0.0.0 Safari/537.36"
74.7.243.204 - - [13/Sep/2026:14:07:29 +0000] "GET /?edit=/tmp/revisium_csvfile_17752903637745802.csv.tmp HTTP/2" 429 0 "https://mail.transitmeftah.com/?file=/tmp" "Mozilla/5.0 AppleWebKit/537.36 (KHTML, like Gecko; compatible; GPTBot/1.4; +https://openai.com/gptbot)"
54.37.252.36 - - [13/Sep/2026:14:06:10 +0000] "GET /?view=/bin/lwp-mirror HTTP/1.1" 200 1207 "-" "Mozilla/5.0 (compatible; MJ12bot/v1.4.8; http://mj12bot.com/)"
54.37.252.36 - - [13/Sep/2026:14:06:12 +0000] "GET /?view=/bin/lwp-request HTTP/1.1" 200 5579 "-" "Mozilla/5.0 (compatible; MJ12bot/v1.4.8; http://mj12bot.com/)"
54.37.252.36 - - [13/Sep/2026:14:06:14 +0000] "GET /?view=/bin/lz HTTP/1.1" 200 1242 "-" "Mozilla/5.0 (compatible; MJ12bot/v1.4.8; http://mj12bot.com/)"
54.37.252.36 - - [13/Sep/2026:14:06:16 +0000] "GET /?view=/bin/lz4_decompress HTTP/1.1" 200 1620078 "-" "Mozilla/5.0 (compatible; MJ12bot/v1.4.8; http://mj12bot.com/)"
195.26.251.28 - - [13/Sep/2026:14:06:17 +0000] "POST /wp-cron.php?doing_wp_cron=1789308377.5245490074157714843750 HTTP/1.1" 200 0 "-" "WordPress/6.9.6; https://transitmeftah.com"
45.135.2.176 - - [13/Sep/2026:14:05:47 +0000] "POST /xmlrpc.php HTTP/2" 200 578 "-" "WordPress/XMLRPC Client"
45.135.2.176 - - [13/Sep/2026:14:06:17 +0000] "GET /?p=129500 HTTP/2" 200 440 "-" "Mozilla/5.0 (Windows NT 10.0; Win64; x64) AppleWebKit/537.36 (KHTML, like Gecko) Chrome/120.0.0.0 Safari/537.36"
210.89.58.173 - - [13/Sep/2026:14:06:29 +0000] "GET /2026/08/26/gewinne-nicht-mehr-da-legalen-glucksspielangeboten-sie-sind-fur-jedes-privatpersonen-im-allgemeinen-einkommensteuerfrei/?view=%2Fhome%2Ftransitmeftah%2Fpublic_html%2Fwp-content%2Fmu-plugins%2Fsite-compat-layer.php HTTP/1.1" 200 5 "-" "Mozilla/5.0 (Windows NT 10.0; Win64; x64) AppleWebKit/537.36 (KHTML, like Gecko) Chrome/99.0.4844.51 Safari/537.36"
186.158.230.40 - - [13/Sep/2026:14:06:36 +0000] "GET /2026/08/25/sinon-utilizza-difatti-una-grata-55-ancora-le-vincite-vengono-realizzate-posteriore-determinati-schemi/?view=%2Fhome%2Ftransitmeftah%2Fpublic_html%2Fwp-content%2Fmu-plugins%2Fsite-compat-layer.php HTTP/1.1" 200 5 "-" "Mozilla/5.0 (Windows NT 10.0; Win64; x64) AppleWebKit/537.36 (KHTML, like Gecko) Chrome/107.0.0.0 Safari/537.36"
195.26.251.28 - - [13/Sep/2026:14:06:53 +0000] "POST /wp-cron.php?doing_wp_cron=1789308413.3556580543518066406250 HTTP/1.1" 200 0 "-" "WordPress/6.9.6; https://transitmeftah.com"
95.7.245.174 - - [13/Sep/2026:14:06:55 +0000] "GET /2026/08/26/definitely-drink-lots-of-water-using-your-head-to/?view=%2Fhome%2Ftransitmeftah%2Fpublic_html%2Fwp-content%2Fmu-plugins%2Fquark-wrapper-lab.php HTTP/1.1" 200 5 "-" "Mozilla/5.0 (Windows NT 10.0; Win64; x64) AppleWebKit/537.36 (KHTML, like Gecko) Chrome/107.0.0.0 Safari/537.36"
208.115.248.71 - - [13/Sep/2026:14:07:00 +0000] "GET /2026/09/08/curso-de-especializacao-em-negociacao-e-investimentos-2026/ HTTP/1.1" 200 33617 "-" "Mozilla/5.0 (Windows NT 10.0; Win64; x64) AppleWebKit/537.36 (KHTML, like Gecko) Chrome/123.0.0.0 Safari/537.36 OPR/109.0.0.0"
149.200.198.248 - - [13/Sep/2026:14:07:01 +0000] "GET /2026/08/26/solltest-respons-etliche-aussagen-suchen-danach-musst-du-ans-seitenende-rollen-und-den-gewunschten-raum-auswahlen/?file=%2Fhome%2Ftransitmeftah%2Fpublic_html%2Fwp-content%2Fmu-plugins%2Fwp-compat-layer.php HTTP/1.1" 200 9342 "-" "Mozilla/5.0 (Windows NT 10.0; Win64; x64) AppleWebKit/537.36 (KHTML, like Gecko) Chrome/101.0.4951.67 Safari/537.36"
205.188.48.169 - - [13/Sep/2026:14:07:03 +0000] "GET /2026/09/04/uta-sa-kata-pa-ra-nae-ra-sa-ta-chicken-road-2-ka-sa-tha-kha-l-da-4/?view=%2Fhome%2Ftransitmeftah%2Fpublic_html%2Fwp-content%2Fmu-plugins%2Fsite-compat-layer.php HTTP/2" 200 5 "-" "Mozilla/5.0 (iPhone; CPU iPhone OS 18_3 like Mac OS X) AppleWebKit/605.1.15 (KHTML, like Gecko) CriOS/148.0.0.0 Mobile/15E148 Safari/604.1"
90.204.193.238 - - [13/Sep/2026:14:07:23 +0000] "GET /2026/08/27/unseriose-angeschlossen-spiel-lieferant-besitzen-des-ofteren-welches-beruhmte-kleingedruckte/?file=%2Fhome%2Ftransitmeftah%2Fpublic_html%2Fwp-content%2Fmu-plugins%2Fwp-compat-layer.php HTTP/1.1" 200 8894 "-" "Mozilla/5.0 (Macintosh; Intel Mac OS X 10_15_7) AppleWebKit/537.36 (KHTML, like Gecko) Chrome/120.0.0.0 Safari/537.36"
54.37.252.36 - - [13/Sep/2026:14:07:19 +0000] "GET /?view=/bin/mformat HTTP/1.1" 200 99997 "-" "Mozilla/5.0 (compatible; MJ12bot/v1.4.8; http://mj12bot.com/)"
54.37.252.36 - - [13/Sep/2026:14:07:21 +0000] "GET /?view=/bin/mftraining HTTP/1.1" 200 54027 "-" "Mozilla/5.0 (compatible; MJ12bot/v1.4.8; http://mj12bot.com/)"
54.37.252.36 - - [13/Sep/2026:14:07:23 +0000] "GET /?view=/bin/minfo HTTP/1.1" 200 99997 "-" "Mozilla/5.0 (compatible; MJ12bot/v1.4.8; http://mj12bot.com/)"
54.37.252.36 - - [13/Sep/2026:14:07:25 +0000] "GET /?view=/bin/mkdir HTTP/1.1" 200 42884 "-" "Mozilla/5.0 (compatible; MJ12bot/v1.4.8; http://mj12bot.com/)"
54.37.252.36 - - [13/Sep/2026:14:07:27 +0000] "GET /?view=/bin/mkfifo HTTP/1.1" 200 34256 "-" "Mozilla/5.0 (compatible; MJ12bot/v1.4.8; http://mj12bot.com/)"
216.73.216.198 - - [13/Sep/2026:14:07:29 +0000] "GET /?u=40145189591100 HTTP/2" 429 0 "-" "Mozilla/5.0 AppleWebKit/537.36 (KHTML, like Gecko; compatible; ClaudeBot/1.0; +claudebot@anthropic.com)"
54.37.252.36 - - [13/Sep/2026:14:07:29 +0000] "GET /?view=/bin/mkfontdir HTTP/1.1" 200 67 "-" "Mozilla/5.0 (compatible; MJ12bot/v1.4.8; http://mj12bot.com/)"
54.37.252.36 - - [13/Sep/2026:14:07:31 +0000] "GET /?view=/bin/mkfontscale HTTP/1.1" 200 18808 "-" "Mozilla/5.0 (compatible; MJ12bot/v1.4.8; http://mj12bot.com/)"
172.121.143.171 - - [13/Sep/2026:14:07:32 +0000] "GET /author/wp2_26b6148f9b98/page/1406/?view=%2Fhome%2Ftransitmeftah%2Fpublic_html%2Fwp-content%2Flanguages%2Ffr_FR-5251f7623766a714c8207c7edb938628.json HTTP/2" 200 375 "-" "Mozilla/5.0 (Linux; Android 14; 23127PN0CC) AppleWebKit/537.36 (KHTML, like Gecko) Chrome/147.0.0.0 Mobile Safari/537.36"
54.37.252.36 - - [13/Sep/2026:14:07:33 +0000] "GET /?view=/bin/mkhybrid HTTP/1.1" 200 206477 "-" "Mozilla/5.0 (compatible; MJ12bot/v1.4.8; http://mj12bot.com/)"
54.37.252.36 - - [13/Sep/2026:14:07:35 +0000] "GET /?view=/bin/mkinitrd HTTP/1.1" 200 2256 "-" "Mozilla/5.0 (compatible; MJ12bot/v1.4.8; http://mj12bot.com/)"
54.37.252.36 - - [13/Sep/2026:14:07:37 +0000] "GET /?view=/bin/mkisofs HTTP/1.1" 200 206477 "-" "Mozilla/5.0 (compatible; MJ12bot/v1.4.8; http://mj12bot.com/)"
54.37.252.36 - - [13/Sep/2026:14:07:39 +0000] "GET /?view=/bin/mkmanifest HTTP/1.1" 200 6241 "-" "Mozilla/5.0 (compatible; MJ12bot/v1.4.8; http://mj12bot.com/)"
54.37.252.36 - - [13/Sep/2026:14:07:41 +0000] "GET /?view=/bin/mknod HTTP/1.1" 200 35971 "-" "Mozilla/5.0 (compatible; MJ12bot/v1.4.8; http://mj12bot.com/)"
54.37.252.36 - - [13/Sep/2026:14:07:43 +0000] "GET /?view=/bin/mkpasswd HTTP/1.1" 200 1860 "-" "Mozilla/5.0 (compatible; MJ12bot/v1.4.8; http://mj12bot.com/)"
54.37.252.36 - - [13/Sep/2026:14:07:45 +0000] "GET /?view=/bin/mkrfc2734 HTTP/1.1" 200 4225 "-" "Mozilla/5.0 (compatible; MJ12bot/v1.4.8; http://mj12bot.com/)"
54.37.252.36 - - [13/Sep/2026:14:07:47 +0000] "GET /?view=/bin/mktemp HTTP/1.1" 200 21544 "-" "Mozilla/5.0 (compatible; MJ12bot/v1.4.8; http://mj12bot.com/)"
54.37.252.36 - - [13/Sep/2026:14:07:49 +0000] "GET /?view=/bin/mlabel HTTP/1.1" 200 99997 "-" "Mozilla/5.0 (compatible; MJ12bot/v1.4.8; http://mj12bot.com/)"
54.37.252.36 - - [13/Sep/2026:14:07:51 +0000] "GET /?view=/bin/mm2gv HTTP/1.1" 200 50059 "-" "Mozilla/5.0 (compatible; MJ12bot/v1.4.8; http://mj12bot.com/)"
54.37.252.36 - - [13/Sep/2026:14:07:53 +0000] "GET /?view=/bin/mmd HTTP/1.1" 200 99997 "-" "Mozilla/5.0 (compatible; MJ12bot/v1.4.8; http://mj12bot.com/)"
54.37.252.36 - - [13/Sep/2026:14:07:56 +0000] "GET /?view=/bin/mmdblookup HTTP/1.1" 200 7493 "-" "Mozilla/5.0 (compatible; MJ12bot/v1.4.8; http://mj12bot.com/)"
54.37.252.36 - - [13/Sep/2026:14:07:58 +0000] "GET /?view=/bin/mmount HTTP/1.1" 200 99997 "-" "Mozilla/5.0 (compatible; MJ12bot/v1.4.8; http://mj12bot.com/)"
73.18.48.216 - - [13/Sep/2026:14:06:21 +0000] "GET /2026/09/01/on-le-amortit-du-notre-classification-les-plus-efficaces-disposition-pour-acheter-en-compagnie-de-lequipement-cycle/?edit=%2Fhome%2Ftransitmeftah%2Fpublic_html%2Fwp-content%2Fmu-plugins%2Fclas.akismet-widget+copy+1.php HTTP/1.1" 200 13968 "-" "Mozilla/5.0 (Macintosh; Intel Mac OS X 10_15_7) AppleWebKit/537.36 (KHTML, like Gecko) Chrome/136.0.0.0 Safari/537.36"
216.73.216.198 - - [13/Sep/2026:14:06:23 +0000] "GET /?u=10939218641100 HTTP/2" 429 0 "-" "Mozilla/5.0 AppleWebKit/537.36 (KHTML, like Gecko; compatible; ClaudeBot/1.0; +claudebot@anthropic.com)"
216.73.216.198 - - [13/Sep/2026:14:06:28 +0000] "GET /?u=49730252091100 HTTP/2" 429 0 "-" "Mozilla/5.0 AppleWebKit/537.36 (KHTML, like Gecko; compatible; ClaudeBot/1.0; +claudebot@anthropic.com)"
216.73.216.198 - - [13/Sep/2026:14:06:33 +0000] "GET /?u=60923027321100 HTTP/2" 429 0 "-" "Mozilla/5.0 AppleWebKit/537.36 (KHTML, like Gecko; compatible; ClaudeBot/1.0; +claudebot@anthropic.com)"
216.73.216.198 - - [13/Sep/2026:14:06:38 +0000] "GET /?u=14703643851100 HTTP/2" 429 0 "-" "Mozilla/5.0 AppleWebKit/537.36 (KHTML, like Gecko; compatible; ClaudeBot/1.0; +claudebot@anthropic.com)"
216.73.216.198 - - [13/Sep/2026:14:06:43 +0000] "GET /?u=48491258361100 HTTP/2" 429 0 "-" "Mozilla/5.0 AppleWebKit/537.36 (KHTML, like Gecko; compatible; ClaudeBot/1.0; +claudebot@anthropic.com)"
216.73.216.198 - - [13/Sep/2026:14:06:48 +0000] "GET /?u=4397099421100 HTTP/2" 429 0 "-" "Mozilla/5.0 AppleWebKit/537.36 (KHTML, like Gecko; compatible; ClaudeBot/1.0; +claudebot@anthropic.com)"
216.73.216.198 - - [13/Sep/2026:14:06:53 +0000] "GET /?u=34768385561100 HTTP/2" 429 0 "-" "Mozilla/5.0 AppleWebKit/537.36 (KHTML, like Gecko; compatible; ClaudeBot/1.0; +claudebot@anthropic.com)"
216.73.216.198 - - [13/Sep/2026:14:06:58 +0000] "GET /?u=7421933051100 HTTP/2" 200 13269 "-" "Mozilla/5.0 AppleWebKit/537.36 (KHTML, like Gecko; compatible; ClaudeBot/1.0; +claudebot@anthropic.com)"
85.208.96.210 - - [13/Sep/2026:14:06:59 +0000] "GET /2026/08/19/free-online-slots-for-real-currency-100-percent-free-enjoy-sakura-dragon-slot-free-spins-gambling-enterprises-ranked/ HTTP/1.1" 200 10816 "-" "Mozilla/5.0 (compatible; SemrushBot/7~bl; +http://www.semrush.com/bot.html)"
66.249.66.69 - - [13/Sep/2026:14:07:03 +0000] "GET /?product/review/51810871411100 HTTP/1.1" 200 12249 "-" "Mozilla/5.0 (Linux; Android 6.0.1; Nexus 5X Build/MMB29P) AppleWebKit/537.36 (KHTML, like Gecko) Chrome/152.0.7977.82 Mobile Safari/537.36 (compatible; Googlebot/2.1; +http://www.google.com/bot.html)"
216.73.216.198 - - [13/Sep/2026:14:07:03 +0000] "GET /?u=52710154211100 HTTP/2" 429 0 "-" "Mozilla/5.0 AppleWebKit/537.36 (KHTML, like Gecko; compatible; ClaudeBot/1.0; +claudebot@anthropic.com)"
57.141.18.7 - - [13/Sep/2026:14:07:32 +0000] "GET / HTTP/2" 200 14758 "-" "facebookexternalhit/1.1 (+http://www.facebook.com/externalhit_uatext.php)"
114.119.134.178 - - [13/Sep/2026:14:07:34 +0000] "GET /2026/08/31/los-bonificaciones-semanales-de-lealtad-oscilan-entre-5-%ef%bf%bd-desplazandolo-hacia-el-pelo-500-%ef%bf%bd-conforme-la-calidad/ HTTP/1.1" 200 8985 "https://transitmeftah.com/2026/08/page/31/" "Mozilla/5.0 (Linux; Android 7.0;) AppleWebKit/537.36 (HTML, like Gecko) Mobile Safari/537.36 (compatible; PetalBot;+https://webmaster.petalsearch.com/site/petalbot)"
12.208.64.74 - - [13/Sep/2026:14:07:53 +0000] "GET /2026/09/13/erfolgreiche-strategien-enthullen-was-the-nvcasinos-de-com-de-5/ HTTP/2" 200 10053 "https://transitmeftah.com/" "Mozilla/5.0 (Windows NT 10.0; Win64; x64) AppleWebKit/537.36 (KHTML, like Gecko) Chrome/152.0.0.0 Safari/537.36"
40.77.167.15 - - [13/Sep/2026:14:08:02 +0000] "GET /16-7-6001/edfeabf/1169/NjM_4Z_GM_5Mj/c4-1fa9-4b35/11405352747498/edf_eabf_bb HTTP/2" 200 5471 "-" "Mozilla/5.0 AppleWebKit/537.36 (KHTML, like Gecko; compatible; bingbot/2.0; +http://www.bing.com/bingbot.htm) Chrome/116.0.1938.76 Safari/537.36"
57.141.4.62 - - [13/Sep/2026:14:07:59 +0000] "GET /2026/08/22/new-indoor-pool-is-actually-a-massive-strike-towards-students-while-the-staff-is-actually-very-mindful/?edit=/home/transitmeftah/public_html/wp-admin/custom-background.php HTTP/2" 200 10193 "-" "Mozilla/5.0 (Windows NT 10.0; Win64; x64) AppleWebKit/537.36 (KHTML, like Gecko) Chrome/145.0.0.0 Safari/537.36 (compatible; meta-externalagent/1.1 (+https://developers.facebook.com/docs/sharing/webmasters/crawler))"
54.37.252.36 - - [13/Sep/2026:14:08:00 +0000] "GET /?view=/bin/mmove HTTP/1.1" 200 99997 "-" "Mozilla/5.0 (compatible; MJ12bot/v1.4.8; http://mj12bot.com/)"
103.120.165.74 - - [13/Sep/2026:14:08:00 +0000] "GET /2026/08/26/if-youre-looking-to-own-selection-so-you-can-chumba-local-casino-several-reputable-sweepstakes-programs-are-present-to-explore/?file=%2Fhome%2Ftransitmeftah%2Fpublic_html%2Fwp-content HTTP/1.1" 200 8471 "-" "Mozilla/5.0 (Windows NT 10.0; Win64; x64) AppleWebKit/537.36 (KHTML, like Gecko) Chrome/100.0.4896.75 Safari/537.36"
54.37.252.36 - - [13/Sep/2026:14:08:02 +0000] "GET /?view=/bin/modulecmd HTTP/1.1" 200 94506 "-" "Mozilla/5.0 (compatible; MJ12bot/v1.4.8; http://mj12bot.com/)"
54.37.252.36 - - [13/Sep/2026:14:08:04 +0000] "GET /?view=/bin/modulemd-validator HTTP/1.1" 200 9791 "-" "Mozilla/5.0 (compatible; MJ12bot/v1.4.8; http://mj12bot.com/)"
66.249.66.195 - - [13/Sep/2026:14:08:06 +0000] "GET /?u=4852092141100 HTTP/1.1" 200 12249 "-" "Mozilla/5.0 (Linux; Android 6.0.1; Nexus 5X Build/MMB29P) AppleWebKit/537.36 (KHTML, like Gecko) Chrome/152.0.7977.82 Mobile Safari/537.36 (compatible; Googlebot/2.1; +http://www.google.com/bot.html)"
54.37.252.36 - - [13/Sep/2026:14:08:06 +0000] "GET /?view=/bin/modutil HTTP/1.1" 200 81376 "-" "Mozilla/5.0 (compatible; MJ12bot/v1.4.8; http://mj12bot.com/)"
54.37.252.36 - - [13/Sep/2026:14:08:08 +0000] "GET /?view=/bin/mogrify HTTP/1.1" 200 3581 "-" "Mozilla/5.0 (compatible; MJ12bot/v1.4.8; http://mj12bot.com/)"
54.37.252.36 - - [13/Sep/2026:14:08:10 +0000] "GET /?view=/bin/mokutil HTTP/1.1" 200 23370 "-" "Mozilla/5.0 (compatible; MJ12bot/v1.4.8; http://mj12bot.com/)"
54.37.252.36 - - [13/Sep/2026:14:08:12 +0000] "GET /?view=/bin/montage HTTP/1.1" 200 3580 "-" "Mozilla/5.0 (compatible; MJ12bot/v1.4.8; http://mj12bot.com/)"
54.37.252.36 - - [13/Sep/2026:14:08:14 +0000] "GET /?view=/bin/more HTTP/1.1" 200 21534 "-" "Mozilla/5.0 (compatible; MJ12bot/v1.4.8; http://mj12bot.com/)"
54.37.252.36 - - [13/Sep/2026:14:08:16 +0000] "GET /?view=/bin/mount HTTP/1.1" 200 20408 "-" "Mozilla/5.0 (compatible; MJ12bot/v1.4.8; http://mj12bot.com/)"
54.37.252.36 - - [13/Sep/2026:14:08:18 +0000] "GET /?view=/bin/mountpoint HTTP/1.1" 200 6090 "-" "Mozilla/5.0 (compatible; MJ12bot/v1.4.8; http://mj12bot.com/)"
54.37.252.36 - - [13/Sep/2026:14:08:20 +0000] "GET /?view=/bin/mpartition HTTP/1.1" 200 99997 "-" "Mozilla/5.0 (compatible; MJ12bot/v1.4.8; http://mj12bot.com/)"
54.37.252.36 - - [13/Sep/2026:14:08:22 +0000] "GET /?view=/bin/mpicalc HTTP/1.1" 200 7554 "-" "Mozilla/5.0 (compatible; MJ12bot/v1.4.8; http://mj12bot.com/)"
54.37.252.36 - - [13/Sep/2026:14:08:24 +0000] "GET /?view=/bin/mpstat HTTP/1.1" 200 27286 "-" "Mozilla/5.0 (compatible; MJ12bot/v1.4.8; http://mj12bot.com/)"
54.37.252.36 - - [13/Sep/2026:14:08:26 +0000] "GET /?view=/bin/mrd HTTP/1.1" 200 99997 "-" "Mozilla/5.0 (compatible; MJ12bot/v1.4.8; http://mj12bot.com/)"
54.37.252.36 - - [13/Sep/2026:14:08:28 +0000] "GET /?view=/bin/mren HTTP/1.1" 200 99997 "-" "Mozilla/5.0 (compatible; MJ12bot/v1.4.8; http://mj12bot.com/)"
54.37.252.36 - - [13/Sep/2026:14:08:31 +0000] "GET /?view=/bin/ms_print HTTP/1.1" 200 6919 "-" "Mozilla/5.0 (compatible; MJ12bot/v1.4.8; http://mj12bot.com/)"
54.37.252.36 - - [13/Sep/2026:14:08:33 +0000] "GET /?view=/bin/msgattrib HTTP/1.1" 200 9020 "-" "Mozilla/5.0 (compatible; MJ12bot/v1.4.8; http://mj12bot.com/)"
54.37.252.36 - - [13/Sep/2026:14:08:34 +0000] "GET /?view=/bin/msgcat HTTP/1.1" 200 8460 "-" "Mozilla/5.0 (compatible; MJ12bot/v1.4.8; http://mj12bot.com/)"
185.191.171.4 - - [13/Sep/2026:14:07:29 +0000] "GET /2026/09/02/from-every-single-day-incentives-to-exciting-advertisements-luckyland-tends-to-make-all-of-the-lesson-rewarding-and-you-can-risk-free/ HTTP/1.1" 200 8949 "-" "Mozilla/5.0 (compatible; SemrushBot/7~bl; +http://www.semrush.com/bot.html)"
216.73.216.198 - - [13/Sep/2026:14:07:31 +0000] "GET /user//%22https:/wordpress.org/documentation/article/appearance-themes-screen/?edit=%2Fhome%2Ftransitmeftah%2Fwww%2Fwp-includes%2Fpomo%2Fstreams.php HTTP/2" 200 2452 "-" "Mozilla/5.0 AppleWebKit/537.36 (KHTML, like Gecko; compatible; ClaudeBot/1.0; +claudebot@anthropic.com)"
66.249.66.67 - - [13/Sep/2026:14:07:35 +0000] "GET /?productSearch/pictureSearch?id=45997021161100 HTTP/1.1" 200 12249 "-" "Mozilla/5.0 (Linux; Android 6.0.1; Nexus 5X Build/MMB29P) AppleWebKit/537.36 (KHTML, like Gecko) Chrome/152.0.7977.82 Mobile Safari/537.36 (compatible; Googlebot/2.1; +http://www.google.com/bot.html)"
52.167.144.206 - - [13/Sep/2026:14:07:42 +0000] "GET /?u=38203051991100 HTTP/2" 200 17883 "-" "Mozilla/5.0 AppleWebKit/537.36 (KHTML, like Gecko; compatible; bingbot/2.0; +http://www.bing.com/bingbot.htm) Chrome/116.0.1938.76 Safari/537.36"
74.7.243.204 - - [13/Sep/2026:14:07:49 +0000] "GET /?edit=/tmp/revisium_csvfile_17754880192396264.csv.tmp HTTP/2" 429 0 "https://mail.transitmeftah.com/?file=/tmp" "Mozilla/5.0 AppleWebKit/537.36 (KHTML, like Gecko; compatible; GPTBot/1.4; +https://openai.com/gptbot)"
185.152.250.131 - - [13/Sep/2026:14:07:59 +0000] "GET /2018/03/page/2/?view=%2Fhome%2Ftransitmeftah%2Fpublic_html%2Fwp-content%2Fmu-plugins%2Fclas.akismet-widget%20copy%201.php HTTP/2" 200 3724 "-" "Mozilla/5.0 (Linux; Android 14; Pixel 8 Pro) AppleWebKit/537.36 (KHTML, like Gecko) Chrome/148.0.0.0 Mobile Safari/537.36"
68.67.112.232 - - [13/Sep/2026:14:08:05 +0000] "GET /2026/08/10/wetten-ohne-umwege-so-gelingt-der-einstieg-in-besten-online-sportwetten-ohne-oasis/?edit=%2Fhome%2Ftransitmeftah%2Fpublic_html%2Fwp-content%2Fmu-plugins%2Fut_Pruo219c.txt HTTP/2" 200 5546 "-" "Mozilla/5.0 AppleWebKit/537.36 (KHTML, like Gecko; compatible; YouBot/1.0; +https://docs.you.com/youbot; env:prod) Chrome/142.0.0.0 Safari/537.36"
68.67.112.232 - - [13/Sep/2026:14:08:06 +0000] "GET /wp-includes/js/wp-emoji-release.min.js?ver=6.9.6 HTTP/2" 200 4949 "https://transitmeftah.com/2026/08/10/wetten-ohne-umwege-so-gelingt-der-einstieg-in-besten-online-sportwetten-ohne-oasis/?edit=%2Fhome%2Ftransitmeftah%2Fpublic_html%2Fwp-content%2Fmu-plugins%2Fut_Pruo219c.txt" "Mozilla/5.0 AppleWebKit/537.36 (KHTML, like Gecko; compatible; YouBot/1.0; +https://docs.you.com/youbot; env:prod) Chrome/142.0.0.0 Safari/537.36"
88.203.18.18 - - [13/Sep/2026:14:08:06 +0000] "GET /2026/08/26/und-geschehen-regelmaige-kontrollen-inoffizieller-mitarbeiter-unternehmen-die-abweichungen-feststellen-wurden/?view=%2Fhome%2Ftransitmeftah%2Fpublic_html%2Fwp-content%2Fmu-plugins%2Fwp-compat-layer.php HTTP/1.1" 200 5 "-" "Mozilla/5.0 (Windows NT 10.0; Win64; x64) AppleWebKit/537.36 (KHTML, like Gecko) Chrome/107.0.0.0 Safari/537.36"
174.67.233.150 - - [13/Sep/2026:14:08:07 +0000] "GET /2026/08/27/specifically-because-you-get-a-great-cashback-having-sometimes-no-wagering-standards-otherwise-a-small-wagering-demands-within-x1-x5/?edit=%2Fhome%2Ftransitmeftah%2Fpublic_html%2Fwp-content%2Fmu-plugins%2Fquark-wrapper-lab.php HTTP/1.1" 200 9234 "-" "Mozilla/5.0 (Macintosh; Intel Mac OS X 10_15_7) AppleWebKit/537.36 (KHTML, like Gecko) Chrome/131.0.0.0 Safari/537.36"
74.7.243.204 - - [13/Sep/2026:14:08:09 +0000] "GET /?edit=/tmp/revisium_csvfile_17752690584120300.csv.tmp HTTP/2" 429 0 "https://mail.transitmeftah.com/?file=/tmp" "Mozilla/5.0 AppleWebKit/537.36 (KHTML, like Gecko; compatible; GPTBot/1.4; +https://openai.com/gptbot)"
74.7.243.204 - - [13/Sep/2026:14:08:29 +0000] "GET /?edit=/tmp/revisium_csvfile_17754664049833422.csv.tmp HTTP/2" 200 13371 "https://mail.transitmeftah.com/?file=/tmp" "Mozilla/5.0 AppleWebKit/537.36 (KHTML, like Gecko; compatible; GPTBot/1.4; +https://openai.com/gptbot)"
54.37.252.36 - - [13/Sep/2026:14:08:36 +0000] "GET /?view=/bin/msgcmp HTTP/1.1" 200 10903 "-" "Mozilla/5.0 (compatible; MJ12bot/v1.4.8; http://mj12bot.com/)"
54.37.252.36 - - [13/Sep/2026:14:08:38 +0000] "GET /?view=/bin/msgcomm HTTP/1.1" 200 8246 "-" "Mozilla/5.0 (compatible; MJ12bot/v1.4.8; http://mj12bot.com/)"
54.37.252.36 - - [13/Sep/2026:14:08:40 +0000] "GET /?view=/bin/msgconv HTTP/1.1" 200 7415 "-" "Mozilla/5.0 (compatible; MJ12bot/v1.4.8; http://mj12bot.com/)"
54.37.252.36 - - [13/Sep/2026:14:08:42 +0000] "GET /?view=/bin/msgen HTTP/1.1" 200 7542 "-" "Mozilla/5.0 (compatible; MJ12bot/v1.4.8; http://mj12bot.com/)"
54.37.252.36 - - [13/Sep/2026:14:08:44 +0000] "GET /?view=/bin/msgexec HTTP/1.1" 200 7506 "-" "Mozilla/5.0 (compatible; MJ12bot/v1.4.8; http://mj12bot.com/)"
54.37.252.36 - - [13/Sep/2026:14:08:45 +0000] "GET /?view=/bin/msgfilter HTTP/1.1" 200 12036 "-" "Mozilla/5.0 (compatible; MJ12bot/v1.4.8; http://mj12bot.com/)"
54.37.252.36 - - [13/Sep/2026:14:08:47 +0000] "GET /?view=/bin/msgfmt HTTP/1.1" 200 37738 "-" "Mozilla/5.0 (compatible; MJ12bot/v1.4.8; http://mj12bot.com/)"
54.37.252.36 - - [13/Sep/2026:14:08:49 +0000] "GET /?view=/bin/msgfmt2.7.py HTTP/1.1" 200 2292 "-" "Mozilla/5.0 (compatible; MJ12bot/v1.4.8; http://mj12bot.com/)"
54.37.252.36 - - [13/Sep/2026:14:08:51 +0000] "GET /?view=/bin/msgfmt2.py HTTP/1.1" 200 2292 "-" "Mozilla/5.0 (compatible; MJ12bot/v1.4.8; http://mj12bot.com/)"
54.37.252.36 - - [13/Sep/2026:14:08:53 +0000] "GET /?view=/bin/msggrep HTTP/1.1" 200 17137 "-" "Mozilla/5.0 (compatible; MJ12bot/v1.4.8; http://mj12bot.com/)"
54.37.252.36 - - [13/Sep/2026:14:08:55 +0000] "GET /?view=/bin/msginit HTTP/1.1" 200 23396 "-" "Mozilla/5.0 (compatible; MJ12bot/v1.4.8; http://mj12bot.com/)"
47.160.92.187 - - [13/Sep/2026:14:08:56 +0000] "GET /2026/08/26/deneyimler-casibom-dunyasnda-yeni-kaplar-acyor/?view=%2Fhome%2Ftransitmeftah%2Fpublic_html%2Fwp-content%2Fmu-plugins%2Fsite-compat-layer.php HTTP/1.1" 200 5 "-" "Mozilla/5.0 (Macintosh; Intel Mac OS X 10_15_7) AppleWebKit/537.36 (KHTML, like Gecko) Chrome/133.0.0.0 Safari/537.36"
54.37.252.36 - - [13/Sep/2026:14:08:57 +0000] "GET /?view=/bin/msgmerge HTTP/1.1" 200 25782 "-" "Mozilla/5.0 (compatible; MJ12bot/v1.4.8; http://mj12bot.com/)"
114.119.145.175 - - [13/Sep/2026:14:08:58 +0000] "GET /2026/08/31/la-patologi%ef%bf%bda-del-tunel-carpiano-tarima-estuviese-optimizada-de-iphone-alguna-cosa-que-inscribiri-agraente-desde-nuestro-telefonia/?file=/home/transitmeftah/public_html/wp-content/mu-plugins/clas.akismet-widget%20copy%201.php HTTP/1.1" 200 7954 "https://transitmeftah.com/2026/08/31/la-patologi%ef%bf%bda-del-tunel-carpiano-tarima-estuviese-optimizada-de-iphone-alguna-cosa-que-inscribiri-agraente-desde-nuestro-telefonia/" "Mozilla/5.0 (Linux; Android 7.0;) AppleWebKit/537.36 (HTML, like Gecko) Mobile Safari/537.36 (compatible; PetalBot;+https://webmaster.petalsearch.com/site/petalbot)"
54.37.252.36 - - [13/Sep/2026:14:08:59 +0000] "GET /?view=/bin/msgunfmt HTTP/1.1" 200 13770 "-" "Mozilla/5.0 (compatible; MJ12bot/v1.4.8; http://mj12bot.com/)"
54.37.252.36 - - [13/Sep/2026:14:09:01 +0000] "GET /?view=/bin/msguniq HTTP/1.1" 200 8071 "-" "Mozilla/5.0 (compatible; MJ12bot/v1.4.8; http://mj12bot.com/)"
54.37.252.36 - - [13/Sep/2026:14:09:03 +0000] "GET /?view=/bin/mshortname HTTP/1.1" 200 99997 "-" "Mozilla/5.0 (compatible; MJ12bot/v1.4.8; http://mj12bot.com/)"
54.37.252.36 - - [13/Sep/2026:14:09:05 +0000] "GET /?view=/bin/mshowfat HTTP/1.1" 200 99997 "-" "Mozilla/5.0 (compatible; MJ12bot/v1.4.8; http://mj12bot.com/)"
54.37.252.36 - - [13/Sep/2026:14:09:07 +0000] "GET /?view=/bin/mtools HTTP/1.1" 200 99997 "-" "Mozilla/5.0 (compatible; MJ12bot/v1.4.8; http://mj12bot.com/)"
54.37.252.36 - - [13/Sep/2026:14:09:09 +0000] "GET /?view=/bin/mtoolstest HTTP/1.1" 200 99997 "-" "Mozilla/5.0 (compatible; MJ12bot/v1.4.8; http://mj12bot.com/)"
54.37.252.36 - - [13/Sep/2026:14:09:12 +0000] "GET /?view=/bin/mtype HTTP/1.1" 200 99997 "-" "Mozilla/5.0 (compatible; MJ12bot/v1.4.8; http://mj12bot.com/)"
66.249.66.195 - - [13/Sep/2026:14:08:39 +0000] "GET /?u=39444166671100 HTTP/1.1" 200 12249 "-" "Mozilla/5.0 (Linux; Android 6.0.1; Nexus 5X Build/MMB29P) AppleWebKit/537.36 (KHTML, like Gecko) Chrome/152.0.7977.82 Mobile Safari/537.36 (compatible; Googlebot/2.1; +http://www.google.com/bot.html)"
74.7.243.204 - - [13/Sep/2026:14:08:49 +0000] "GET /?edit=/tmp/revisium_csvfile_17752843069864080.csv.tmp HTTP/2" 200 13371 "https://mail.transitmeftah.com/?file=/tmp" "Mozilla/5.0 AppleWebKit/537.36 (KHTML, like Gecko; compatible; GPTBot/1.4; +https://openai.com/gptbot)"
37.19.200.120 - - [13/Sep/2026:14:08:58 +0000] "GET /2026/08/27/separate-national-fees-affect-specific-lotto-awards-laws-on-user-height-tax-are-different-by-product-and-you-can-jurisdiction/?file=%2Fhome%2Ftransitmeftah%2Fpublic_html%2Fwp-content%2Fmu-plugins%2Fwp-compat-layer.php HTTP/1.1" 200 8198 "-" "Mozilla/5.0 (Macintosh; Intel Mac OS X 10_15_7) AppleWebKit/537.36 (KHTML, like Gecko) Chrome/131.0.0.0 Safari/537.36"
74.7.243.204 - - [13/Sep/2026:14:09:05 +0000] "GET /?edit=/tmp/revisium_csvfile_17752160593908460.csv.tmp HTTP/2" 429 0 "https://mail.transitmeftah.com/?file=/tmp" "Mozilla/5.0 AppleWebKit/537.36 (KHTML, like Gecko; compatible; GPTBot/1.4; +https://openai.com/gptbot)"
69.1.29.175 - - [13/Sep/2026:14:09:08 +0000] "GET /2026/08/26/alternativ-konnen-welche-zweite-geige-den-kundensupport-kontakten-direkt-unter-forderfahigen-angeboten-ausfragen/?edit=%2Fhome%2Ftransitmeftah%2Fpublic_html%2Fwp-content%2Fmu-plugins%2Fquark-wrapper-lab.php HTTP/1.1" 200 9871 "-" "Mozilla/5.0 (Macintosh; Intel Mac OS X 10_15_7) AppleWebKit/537.36 (KHTML, like Gecko) Chrome/131.0.0.0 Safari/537.36"
46.63.7.134 - - [13/Sep/2026:14:09:08 +0000] "GET /2026/08/23/in-browser-play-means-you-availability-the-new-local-casino-from-the-web-browser-as-you-create-towards-a-desktop-computer/?edit=%2Fhome%2Ftransitmeftah%2Fpublic_html%2Fwp-content%2Fmu-plugins%2Fwp-compat-layer.php HTTP/1.1" 200 8908 "-" "Mozilla/5.0 (Windows NT 10.0; Win64; x64) AppleWebKit/537.36 (KHTML, like Gecko) Chrome/110.0.0.0 Safari/537.36"
66.249.66.69 - - [13/Sep/2026:14:09:10 +0000] "GET /?product/category/view_more/14601316171100 HTTP/1.1" 200 12249 "-" "Mozilla/5.0 (Linux; Android 6.0.1; Nexus 5X Build/MMB29P) AppleWebKit/537.36 (KHTML, like Gecko) Chrome/152.0.7977.82 Mobile Safari/537.36 (compatible; Googlebot/2.1; +http://www.google.com/bot.html)"
74.7.243.204 - - [13/Sep/2026:14:09:18 +0000] "GET /?edit=/tmp/revisium_csvfile_17752208799386084.csv.tmp HTTP/2" 429 0 "https://mail.transitmeftah.com/?file=/tmp" "Mozilla/5.0 AppleWebKit/537.36 (KHTML, like Gecko; compatible; GPTBot/1.4; +https://openai.com/gptbot)"
54.37.252.36 - - [13/Sep/2026:14:09:24 +0000] "GET /?view=/bin/myisamlog HTTP/1.1" 200 1724961 "-" "Mozilla/5.0 (compatible; MJ12bot/v1.4.8; http://mj12bot.com/)"
54.37.252.36 - - [13/Sep/2026:14:09:29 +0000] "GET /?view=/bin/mysql HTTP/1.1" 200 2013606 "-" "Mozilla/5.0 (compatible; MJ12bot/v1.4.8; http://mj12bot.com/)"
54.37.252.36 - - [13/Sep/2026:14:09:33 +0000] "GET /?view=/bin/mysql_config HTTP/1.1" 200 463 "-" "Mozilla/5.0 (compatible; MJ12bot/v1.4.8; http://mj12bot.com/)"
57.141.4.21 - - [13/Sep/2026:14:09:34 +0000] "GET /2026/08/24/wszystkie-reklamy-dodaja-rachunek-na-zlotowkach-co-dokladnie-jest-warte-zachodu-w-polakow/?edit=/home/transitmeftah/www/wp-includes/feed-atom.php HTTP/2" 200 10700 "-" "Mozilla/5.0 (Macintosh; Intel Mac OS X 10_15_7) AppleWebKit/537.36 (KHTML, like Gecko) Chrome/145.0.0.0 Safari/537.36 (compatible; meta-externalagent/1.1 (+https://developers.facebook.com/docs/sharing/webmasters/crawler))"
54.37.252.36 - - [13/Sep/2026:14:09:35 +0000] "GET /?view=/bin/mysql_config-64 HTTP/1.1" 200 2025 "-" "Mozilla/5.0 (compatible; MJ12bot/v1.4.8; http://mj12bot.com/)"
74.7.243.204 - - [13/Sep/2026:14:09:37 +0000] "GET /?edit=/tmp/revisium_csvfile_17752936055763804.csv.tmp HTTP/2" 429 0 "https://mail.transitmeftah.com/?file=/tmp" "Mozilla/5.0 AppleWebKit/537.36 (KHTML, like Gecko; compatible; GPTBot/1.4; +https://openai.com/gptbot)"
81.198.233.169 - - [13/Sep/2026:14:07:33 +0000] "GET /2026/08/26/this-new-games-is-developed-in-domestic-and-you-will-aim-to-hit-an-equilibrium-ranging-from-ease-personal-telecommunications-and-you-can-skill-created-choices/?view=%2Fhome%2Ftransitmeftah%2Fpublic_html%2Fwp-content%2Fmu-plugins%2Fut_Pruo219c.txt HTTP/1.1" 200 25 "-" "Mozilla/5.0 (Macintosh; Intel Mac OS X 10_15_7) AppleWebKit/537.36 (KHTML, like Gecko) Chrome/131.0.0.0 Safari/537.36"
31.204.25.205 - - [13/Sep/2026:14:07:42 +0000] "GET / HTTP/2" 200 13269 "-" "Mozilla/5.0 (Windows NT 10.0; Win64; x64) AppleWebKit/537.36 (KHTML, like Gecko) Chrome/149.0.0.0 Safari/537.36"
185.191.171.2 - - [13/Sep/2026:14:07:43 +0000] "GET /2026/08/26/el-website-de-el-casino-gigantesco-madrid-provee-los-proximos-posibilidades-bancarias-de-jugadores-sobre-chile/ HTTP/1.1" 200 8988 "-" "Mozilla/5.0 (compatible; SemrushBot/7~bl; +http://www.semrush.com/bot.html)"
31.204.25.205 - - [13/Sep/2026:14:07:43 +0000] "GET /favicon.ico HTTP/2" 404 1251 "https://transitmeftah.com/" "Mozilla/5.0 (Windows NT 10.0; Win64; x64) AppleWebKit/537.36 (KHTML, like Gecko) Chrome/149.0.0.0 Safari/537.36"
31.204.25.205 - - [13/Sep/2026:14:07:44 +0000] "GET /wp-includes/js/wp-emoji-release.min.js?ver=6.9.6 HTTP/2" 200 4949 "https://transitmeftah.com/" "Mozilla/5.0 (Windows NT 10.0; Win64; x64) AppleWebKit/537.36 (KHTML, like Gecko) Chrome/149.0.0.0 Safari/537.36"
31.204.25.205 - - [13/Sep/2026:14:07:46 +0000] "GET /2026/09/13/erfolgreiche-strategien-enthullen-was-the-nvcasinos-de-com-de-5/ HTTP/2" 200 10052 "https://transitmeftah.com/" "Mozilla/5.0 (Windows NT 10.0; Win64; x64) AppleWebKit/537.36 (KHTML, like Gecko) Chrome/149.0.0.0 Safari/537.36"
185.191.171.16 - - [13/Sep/2026:14:07:55 +0000] "GET /2026/08/24/your-website-spends-globe-simple-ssl-security-generally-equivalent-to-tls-1/ HTTP/1.1" 200 8624 "-" "Mozilla/5.0 (compatible; SemrushBot/7~bl; +http://www.semrush.com/bot.html)"
85.208.96.203 - - [13/Sep/2026:14:08:50 +0000] "GET /2026/08/22/immediately-after-acceptance-i-found-myself-in-a-position-to-complete-the-redemption-process/ HTTP/1.1" 200 9982 "-" "Mozilla/5.0 (compatible; SemrushBot/7~bl; +http://www.semrush.com/bot.html)"
90.255.129.76 - - [13/Sep/2026:14:08:51 +0000] "GET /2026/08/27/the-new-tzhaar-endeavor-against-these-the-latest-giants-and-are-also-hesitant-to-allow-people-to-relax-and-play-all-of-them/?edit=%2Fhome%2Ftransitmeftah%2Fpublic_html%2Fwp-content%2Fmu-plugins%2Fwp-compat-layer.php HTTP/1.1" 200 8704 "-" "Mozilla/5.0 (Macintosh; Intel Mac OS X 10_15_7) AppleWebKit/537.36 (KHTML, like Gecko) Chrome/123.0.0.0 Safari/537.36"
199.127.248.197 - - [13/Sep/2026:14:09:03 +0000] "GET /2025/08/27/hlavne-aspekty-hierarchie-odmien-v-online-kasinach/?file=%2Fhome%2Ftransitmeftah%2Fpublic_html%2Fwp-content%2Fmu-plugins%2Fclas.akismet-widget+copy+1.php HTTP/1.1" 200 7999 "-" "Mozilla/5.0 (Windows NT 10.0; Win64; x64) AppleWebKit/537.36 (KHTML, like Gecko) Chrome/99.0.4844.51 Safari/537.36"
54.37.252.36 - - [13/Sep/2026:14:09:21 +0000] "GET /?view=/bin/myisamchk HTTP/1.1" 200 1805141 "-" "Mozilla/5.0 (compatible; MJ12bot/v1.4.8; http://mj12bot.com/)"
66.249.66.195 - - [13/Sep/2026:14:09:42 +0000] "GET /?u=10419651151100 HTTP/1.1" 200 12251 "-" "Mozilla/5.0 (Linux; Android 6.0.1; Nexus 5X Build/MMB29P) AppleWebKit/537.36 (KHTML, like Gecko) Chrome/152.0.7977.82 Mobile Safari/537.36 (compatible; Googlebot/2.1; +http://www.google.com/bot.html)"
54.37.252.36 - - [13/Sep/2026:14:09:45 +0000] "GET /?view=/bin/mysql_ssl_rsa_setup HTTP/1.1" 200 1615344 "-" "Mozilla/5.0 (compatible; MJ12bot/v1.4.8; http://mj12bot.com/)"
84.54.73.157 - - [13/Sep/2026:14:10:16 +0000] "GET /2026/08/27/the-fresh-game-play-is-easy-because-video-game-only-has-a-handful-of-have/?file=%2Fhome%2Ftransitmeftah%2Fpublic_html%2Fwp-content%2Fmu-plugins%2Fsite-compat-layer.php HTTP/1.1" 200 8871 "-" "Mozilla/5.0 (Windows NT 10.0; Win64; x64) AppleWebKit/537.36 (KHTML, like Gecko) Chrome/99.0.4844.51 Safari/537.36"
54.37.252.36 - - [13/Sep/2026:14:09:36 +0000] "GET /?view=/bin/mysql_config_editor HTTP/1.1" 200 1602953 "-" "Mozilla/5.0 (compatible; MJ12bot/v1.4.8; http://mj12bot.com/)"
54.37.252.36 - - [13/Sep/2026:14:09:40 +0000] "GET /?view=/bin/mysql_migrate_keyring HTTP/1.1" 200 2039072 "-" "Mozilla/5.0 (compatible; MJ12bot/v1.4.8; http://mj12bot.com/)"
189.104.99.245 - - [13/Sep/2026:14:09:54 +0000] "GET /2026/08/24/vozmozhnosti-azartnyh-razvlechenij-i-olimp-casino/?edit=%2Fhome%2Ftransitmeftah%2Fpublic_html%2Fwp-content%2Fmu-plugins%2Fwp-compat-layer.php HTTP/2" 200 12599 "-" "Mozilla/5.0 (iPhone; CPU iPhone OS 18_3 like Mac OS X) AppleWebKit/605.1.15 (KHTML, like Gecko) CriOS/148.0.0.0 Mobile/15E148 Safari/604.1"
54.37.252.36 - - [13/Sep/2026:14:09:57 +0000] "GET /?view=/bin/mzip HTTP/1.1" 200 99997 "-" "Mozilla/5.0 (compatible; MJ12bot/v1.4.8; http://mj12bot.com/)"
74.7.243.204 - - [13/Sep/2026:14:09:58 +0000] "GET /?edit=/tmp/revisium_csvfile_17753931570068724.csv.tmp HTTP/2" 429 0 "https://mail.transitmeftah.com/?file=/tmp" "Mozilla/5.0 AppleWebKit/537.36 (KHTML, like Gecko; compatible; GPTBot/1.4; +https://openai.com/gptbot)"
54.37.252.36 - - [13/Sep/2026:14:09:59 +0000] "GET /?view=/bin/nail HTTP/1.1" 200 214714 "-" "Mozilla/5.0 (compatible; MJ12bot/v1.4.8; http://mj12bot.com/)"
54.37.252.36 - - [13/Sep/2026:14:10:02 +0000] "GET /?view=/bin/named-rrchecker HTTP/1.1" 200 6931 "-" "Mozilla/5.0 (compatible; MJ12bot/v1.4.8; http://mj12bot.com/)"
54.37.252.36 - - [13/Sep/2026:14:10:04 +0000] "GET /?view=/bin/namei HTTP/1.1" 200 14360 "-" "Mozilla/5.0 (compatible; MJ12bot/v1.4.8; http://mj12bot.com/)"
54.37.252.36 - - [13/Sep/2026:14:10:07 +0000] "GET /?view=/bin/nano HTTP/1.1" 200 127019 "-" "Mozilla/5.0 (compatible; MJ12bot/v1.4.8; http://mj12bot.com/)"
79.145.157.159 - - [13/Sep/2026:14:10:08 +0000] "GET /2026/08/26/keep-reading-to-ascertain-simple-tips-to-allege-this-promote-and-you-may-benefit-from-their-bonus/?file=%2Fhome%2Ftransitmeftah%2Fpublic_html%2Fwp-content%2Fmu-plugins%2Fwp-compat-layer.php HTTP/1.1" 200 8282 "-" "Mozilla/5.0 (Windows NT 10.0; Win64; x64) AppleWebKit/537.36 (KHTML, like Gecko) Chrome/116.0.0.0 Safari/537.36"
54.37.252.36 - - [13/Sep/2026:14:10:09 +0000] "GET /?view=/bin/nc HTTP/1.1" 200 21647 "-" "Mozilla/5.0 (compatible; MJ12bot/v1.4.8; http://mj12bot.com/)"
54.37.252.36 - - [13/Sep/2026:14:10:11 +0000] "GET /?view=/bin/ncurses6-config HTTP/1.1" 200 2353 "-" "Mozilla/5.0 (compatible; MJ12bot/v1.4.8; http://mj12bot.com/)"
54.37.252.36 - - [13/Sep/2026:14:10:13 +0000] "GET /?view=/bin/ncursesw6-config HTTP/1.1" 200 2356 "-" "Mozilla/5.0 (compatible; MJ12bot/v1.4.8; http://mj12bot.com/)"
54.37.252.36 - - [13/Sep/2026:14:10:15 +0000] "GET /?view=/bin/needs-restarting HTTP/1.1" 200 1458 "-" "Mozilla/5.0 (compatible; MJ12bot/v1.4.8; http://mj12bot.com/)"
74.7.243.204 - - [13/Sep/2026:14:10:18 +0000] "GET /?edit=/tmp/revisium_csvfile_17753793286814804.csv.tmp HTTP/2" 429 0 "https://mail.transitmeftah.com/?file=/tmp" "Mozilla/5.0 AppleWebKit/537.36 (KHTML, like Gecko; compatible; GPTBot/1.4; +https://openai.com/gptbot)"
216.73.216.198 - - [13/Sep/2026:14:10:21 +0000] "GET /user/%22https:/wordpress.org/documentation/article/appearance-themes-screen/%3C?file=%2Fhome%2Ftransitmeftah%2Fwww%2Fwp-content%2Fplugins%2Fwp-file-manager%2Freadme.txt HTTP/2" 200 271 "-" "Mozilla/5.0 AppleWebKit/537.36 (KHTML, like Gecko; compatible; ClaudeBot/1.0; +claudebot@anthropic.com)"
216.73.216.198 - - [13/Sep/2026:14:10:26 +0000] "GET /?u=26402575641100 HTTP/2" 429 0 "-" "Mozilla/5.0 AppleWebKit/537.36 (KHTML, like Gecko; compatible; ClaudeBot/1.0; +claudebot@anthropic.com)"
74.7.243.204 - - [13/Sep/2026:14:10:37 +0000] "GET /?edit=/tmp/revisium_csvfile_17767225852639044.csv.tmp HTTP/2" 200 13369 "https://mail.transitmeftah.com/?file=/tmp" "Mozilla/5.0 AppleWebKit/537.36 (KHTML, like Gecko; compatible; GPTBot/1.4; +https://openai.com/gptbot)"
216.73.216.198 - - [13/Sep/2026:14:08:06 +0000] "GET /user/%22https:/codex.wordpress.org/Appearance_Header_Screen/logo.png?edit=%2Fhome%2Ftransitmeftah%2Fpublic_html%2Fwp-content%2Fthemes%2Ftwentytwentyfive%2Fpatterns%2Ffooter-newsletter.php HTTP/2" 200 1594 "-" "Mozilla/5.0 AppleWebKit/537.36 (KHTML, like Gecko; compatible; ClaudeBot/1.0; +claudebot@anthropic.com)"
185.170.109.104 - - [13/Sep/2026:14:08:28 +0000] "GET /2026/09/03/true-win-casino-arabia-app-review-fast-and-convenient-gaming-on-the-go-4/?edit=%2Fhome%2Ftransitmeftah%2Fpublic_html%2Fwp-content%2Fmu-plugins%2Fclas.akismet-widget%20copy%201.php HTTP/2" 200 12506 "-" "Mozilla/5.0 (Linux; Android 14; 23127PN0CC) AppleWebKit/537.36 (KHTML, like Gecko) Chrome/147.0.0.0 Mobile Safari/537.36"
57.141.4.16 - - [13/Sep/2026:14:08:49 +0000] "GET /2026/08/22/its-javascript-and-you-can-html5-technology-lets-bettors-to-play-all-over-other-devices-install-required/?view=/usr/tmp/revisium_csvfile_17774120321887930.csv.tmp HTTP/2" 200 21 "-" "Mozilla/5.0 (Windows NT 10.0; Win64; x64) AppleWebKit/537.36 (KHTML, like Gecko) Chrome/145.0.0.0 Safari/537.36 (compatible; meta-externalagent/1.1 (+https://developers.facebook.com/docs/sharing/webmasters/crawler))"
86.185.5.97 - - [13/Sep/2026:14:08:52 +0000] "GET /2026/08/23/selbige-selbstsperre-ferner-welches-hausverbot-war-durch-die-schon-oben-beschriebenen-eintrittsbedingungen-herausgestellt/?view=%2Fhome%2Ftransitmeftah%2Fpublic_html%2Fwp-content%2Fmu-plugins%2Fut_Pruo219c.txt HTTP/1.1" 200 25 "-" "Mozilla/5.0 (Windows NT 10.0; Win64; x64) AppleWebKit/537.36 (KHTML, like Gecko) Chrome/110.0.0.0 Safari/537.36"
209.242.195.41 - - [13/Sep/2026:14:08:57 +0000] "GET /2026/08/25/les-machines-a-sous-du-morospin-casino/admin.php?page=%7B%24item%5B2%5D%7D HTTP/2" 200 5471 "-" "Mozilla/5.0 (iPhone; CPU iPhone OS 18_6 like Mac OS X) AppleWebKit/605.1.15 (KHTML, like Gecko) CriOS/150.0.0.0 Mobile/15E148 Safari/604.1"
47.128.111.106 - - [13/Sep/2026:14:09:00 +0000] "GET /2026/09/10/the-new-9-more-healthy-kind-of-liquid/%s?file=%2Fhome%2Flmeed HTTP/2" 403 1242 "-" "Mozilla/5.0 (Linux; Android 5.0) AppleWebKit/537.36 (KHTML, like Gecko) Mobile Safari/537.36 (compatible; TikTokSpider; ttspider-feedback@tiktok.com)"
