54.37.252.36 - - [13/Sep/2026:14:03:08 +0000] "GET /?view=/bin/json_reformat HTTP/1.1" 200 5473 "-" "Mozilla/5.0 (compatible; MJ12bot/v1.4.8; http://mj12bot.com/)"
54.37.252.36 - - [13/Sep/2026:14:03:10 +0000] "GET /?view=/bin/json_verify HTTP/1.1" 200 4399 "-" "Mozilla/5.0 (compatible; MJ12bot/v1.4.8; http://mj12bot.com/)"
54.37.252.36 - - [13/Sep/2026:14:03:12 +0000] "GET /?view=/bin/json_xs HTTP/1.1" 200 2554 "-" "Mozilla/5.0 (compatible; MJ12bot/v1.4.8; http://mj12bot.com/)"
54.37.252.36 - - [13/Sep/2026:14:03:13 +0000] "GET /?view=/bin/jws HTTP/1.1" 200 246 "-" "Mozilla/5.0 (compatible; MJ12bot/v1.4.8; http://mj12bot.com/)"
54.37.252.36 - - [13/Sep/2026:14:03:15 +0000] "GET /?view=/bin/kbdinfo HTTP/1.1" 200 6112 "-" "Mozilla/5.0 (compatible; MJ12bot/v1.4.8; http://mj12bot.com/)"
54.37.252.36 - - [13/Sep/2026:14:03:17 +0000] "GET /?view=/bin/kbdrate HTTP/1.1" 200 5837 "-" "Mozilla/5.0 (compatible; MJ12bot/v1.4.8; http://mj12bot.com/)"
54.37.252.36 - - [13/Sep/2026:14:03:19 +0000] "GET /?view=/bin/kbxutil HTTP/1.1" 200 91465 "-" "Mozilla/5.0 (compatible; MJ12bot/v1.4.8; http://mj12bot.com/)"
66.249.66.44 - - [13/Sep/2026:14:03:20 +0000] "GET /?u=21179295761100 HTTP/1.1" 200 12249 "-" "Mozilla/5.0 (Linux; Android 6.0.1; Nexus 5X Build/MMB29P) AppleWebKit/537.36 (KHTML, like Gecko) Chrome/152.0.7977.82 Mobile Safari/537.36 (compatible; Googlebot/2.1; +http://www.google.com/bot.html)"
54.37.252.36 - - [13/Sep/2026:14:03:21 +0000] "GET /?view=/bin/kcare-scanner-interface HTTP/1.1" 200 1566 "-" "Mozilla/5.0 (compatible; MJ12bot/v1.4.8; http://mj12bot.com/)"
54.37.252.36 - - [13/Sep/2026:14:03:23 +0000] "GET /?view=/bin/kcare-uname HTTP/1.1" 200 290 "-" "Mozilla/5.0 (compatible; MJ12bot/v1.4.8; http://mj12bot.com/)"
54.37.252.36 - - [13/Sep/2026:14:03:25 +0000] "GET /?view=/bin/kcarectl HTTP/1.1" 200 625 "-" "Mozilla/5.0 (compatible; MJ12bot/v1.4.8; http://mj12bot.com/)"
81.196.30.219 - - [13/Sep/2026:14:01:34 +0000] "GET /2026/08/27/for-each-twist-around-costs-20-coins-as-well-as-the-joker-paytable-will-come-in/?file=%2Fhome%2Ftransitmeftah%2Fpublic_html%2Fwp-content%2Fmu-plugins%2Fut_Pruo219c.txt HTTP/1.1" 200 8437 "-" "Mozilla/5.0 (Windows NT 10.0; Win64; x64) AppleWebKit/537.36 (KHTML, like Gecko) Chrome/107.0.0.0 Safari/537.36"
216.73.216.198 - - [13/Sep/2026:14:01:37 +0000] "GET /?u=60605961611100 HTTP/2" 429 0 "-" "Mozilla/5.0 AppleWebKit/537.36 (KHTML, like Gecko; compatible; ClaudeBot/1.0; +claudebot@anthropic.com)"
190.133.97.228 - - [13/Sep/2026:14:01:40 +0000] "GET /2026/08/25/upgrade-your-gaming-towards-the-the-match-the-innovative-cellular-software-%EF%BF%BD-it-is-the-best-means-to-fix-increase-your-enjoyable-and-victories/?file=%2Fhome%2Ftransitmeftah%2Fpublic_html%2Fwp-content HTTP/1.1" 200 8085 "-" "Mozilla/5.0 (Macintosh; Intel Mac OS X 10_15_7) AppleWebKit/537.36 (KHTML, like Gecko) Chrome/136.0.0.0 Safari/537.36"
216.73.216.198 - - [13/Sep/2026:14:01:42 +0000] "GET /?u=61294063051100 HTTP/2" 429 0 "-" "Mozilla/5.0 AppleWebKit/537.36 (KHTML, like Gecko; compatible; ClaudeBot/1.0; +claudebot@anthropic.com)"
199.127.250.116 - - [13/Sep/2026:14:01:43 +0000] "GET /2026/08/27/more-than-a-long-lesson-at-the-higher-bet-that-boundary-difference-up-against-roulette-2/?view=%2Fhome%2Ftransitmeftah%2Fpublic_html%2Fwp-content%2Fmu-plugins%2Fut_Pruo219c.txt HTTP/1.1" 200 25 "-" "Mozilla/5.0 (Windows NT 10.0; Win64; x64) AppleWebKit/537.36 (KHTML, like Gecko) Chrome/116.0.0.0 Safari/537.36"
47.128.111.126 - - [13/Sep/2026:14:02:03 +0000] "GET /2026/09/12/shining-crown-gratis-dans-demo-de-septari/?file=%2Fhome%2Ftransitmeftah%2Ftmp%2Fanalog%2Fos.png HTTP/2" 403 1242 "-" "Mozilla/5.0 (Linux; Android 5.0) AppleWebKit/537.36 (KHTML, like Gecko) Mobile Safari/537.36 (compatible; TikTokSpider; ttspider-feedback@tiktok.com)"
103.151.118.19 - - [13/Sep/2026:14:02:20 +0000] "GET /2026/08/26/wegen-dieser-beschwerden-innehaben-wir-meinem-spielcasino-zusammenfassend-three/?file=%2Fhome%2Ftransitmeftah%2Fpublic_html%2Fwp-content HTTP/1.1" 200 9933 "-" "Mozilla/5.0 (Macintosh; Intel Mac OS X 10_15_7) AppleWebKit/537.36 (KHTML, like Gecko) Chrome/123.0.0.0 Safari/537.36"
154.29.228.225 - - [13/Sep/2026:14:02:26 +0000] "GET /2026/08/25/les-machines-a-sous-du-morospin-casino/wp-admin/upgrade.php?view=%2Fhome%2Ftransitmeftah%2Fpublic_html%2Fwp-content%2Fmu-plugins%2Fut_Pruo219c.txt HTTP/2" 200 25 "-" "Mozilla/5.0 (Linux; Android 15; SM-S938B) AppleWebKit/537.36 (KHTML, like Gecko) Chrome/150.0.0.0 Mobile Safari/537.36"
193.36.38.79 - - [13/Sep/2026:14:02:29 +0000] "GET /2026/09/10/le-site-officiel-de-julius-casino-en-france/ HTTP/1.1" 200 29848 "-" "Mozilla/5.0 (Windows NT 10.0; Win64; x64) AppleWebKit/537.36 (KHTML, like Gecko) Chrome/123.0.0.0 Safari/537.36 OPR/109.0.0.0"
73.156.129.41 - - [13/Sep/2026:14:02:29 +0000] "GET /2026/08/31/unser-anbietet-dasjenige-uploaden-des-eigenen-ausweisdokuments-unser-die-vorweg-angegebenen-angaben-ferner-damit-deine-orientierung-bestatigt/?edit=%2Fhome%2Ftransitmeftah%2Fpublic_html%2Fwp-content%2Fmu-plugins%2Fquark-wrapper-lab.php HTTP/1.1" 200 8782 "-" "Mozilla/5.0 (Macintosh; Intel Mac OS X 10_15_7) AppleWebKit/537.36 (KHTML, like Gecko) Chrome/136.0.0.0 Safari/537.36"
74.7.241.50 - - [13/Sep/2026:14:03:18 +0000] "GET /wp-content/maintenance/assets/images/bg.jpg?1789217177 HTTP/2" 429 0 "http://transitmeftah.com" "Mozilla/5.0 AppleWebKit/537.36 (KHTML, like Gecko; compatible; GPTBot/1.4; +https://openai.com/gptbot)"
57.141.4.36 - - [13/Sep/2026:14:03:24 +0000] "GET /2026/08/22/its-javascript-and-you-can-html5-technology-lets-bettors-to-play-all-over-other-devices-install-required/?file=/usr/tmp/revisium_csvfile_17752808263223246.csv.tmp HTTP/2" 200 9765 "-" "Mozilla/5.0 (Macintosh; Intel Mac OS X 10_15_7) AppleWebKit/537.36 (KHTML, like Gecko) Chrome/145.0.0.0 Safari/537.36 (compatible; meta-externalagent/1.1 (+https://developers.facebook.com/docs/sharing/webmasters/crawler))"
54.37.252.36 - - [13/Sep/2026:14:03:28 +0000] "GET /?view=/bin/kdumpctl HTTP/1.1" 200 10801 "-" "Mozilla/5.0 (compatible; MJ12bot/v1.4.8; http://mj12bot.com/)"
54.37.252.36 - - [13/Sep/2026:14:03:30 +0000] "GET /?view=/bin/kernel-install HTTP/1.1" 200 1602 "-" "Mozilla/5.0 (compatible; MJ12bot/v1.4.8; http://mj12bot.com/)"
54.37.252.36 - - [13/Sep/2026:14:03:32 +0000] "GET /?view=/bin/keyctl HTTP/1.1" 200 14680 "-" "Mozilla/5.0 (compatible; MJ12bot/v1.4.8; http://mj12bot.com/)"
54.37.252.36 - - [13/Sep/2026:14:03:34 +0000] "GET /?view=/bin/keytool HTTP/1.1" 200 3574 "-" "Mozilla/5.0 (compatible; MJ12bot/v1.4.8; http://mj12bot.com/)"
185.191.171.13 - - [13/Sep/2026:14:03:35 +0000] "GET /2026/08/31/unsere-spezialisten-klarmachen-in-funf-einfachen-schritten-hinsichtlich-ihr-einzahlungsbonus-im-kasino-funktioniert/ HTTP/1.1" 200 10535 "-" "Mozilla/5.0 (compatible; SemrushBot/7~bl; +http://www.semrush.com/bot.html)"
54.37.252.36 - - [13/Sep/2026:14:03:36 +0000] "GET /?view=/bin/kibitz HTTP/1.1" 200 4117 "-" "Mozilla/5.0 (compatible; MJ12bot/v1.4.8; http://mj12bot.com/)"
54.37.252.36 - - [13/Sep/2026:14:03:38 +0000] "GET /?view=/bin/kill HTTP/1.1" 200 16893 "-" "Mozilla/5.0 (compatible; MJ12bot/v1.4.8; http://mj12bot.com/)"
216.73.216.198 - - [13/Sep/2026:14:03:40 +0000] "GET /?u=31792725341100 HTTP/2" 200 13269 "-" "Mozilla/5.0 AppleWebKit/537.36 (KHTML, like Gecko; compatible; ClaudeBot/1.0; +claudebot@anthropic.com)"
54.37.252.36 - - [13/Sep/2026:14:03:40 +0000] "GET /?view=/bin/killall HTTP/1.1" 200 12101 "-" "Mozilla/5.0 (compatible; MJ12bot/v1.4.8; http://mj12bot.com/)"
54.37.252.36 - - [13/Sep/2026:14:03:42 +0000] "GET /?view=/bin/kmod HTTP/1.1" 200 79233 "-" "Mozilla/5.0 (compatible; MJ12bot/v1.4.8; http://mj12bot.com/)"
54.37.252.36 - - [13/Sep/2026:14:03:44 +0000] "GET /?view=/bin/krb5-config HTTP/1.1" 200 2377 "-" "Mozilla/5.0 (compatible; MJ12bot/v1.4.8; http://mj12bot.com/)"
216.73.216.198 - - [13/Sep/2026:14:03:45 +0000] "GET /?u=46657876551100 HTTP/2" 429 0 "-" "Mozilla/5.0 AppleWebKit/537.36 (KHTML, like Gecko; compatible; ClaudeBot/1.0; +claudebot@anthropic.com)"
54.37.252.36 - - [13/Sep/2026:14:03:47 +0000] "GET /?view=/bin/kvm_stat HTTP/1.1" 200 16483 "-" "Mozilla/5.0 (compatible; MJ12bot/v1.4.8; http://mj12bot.com/)"
54.37.252.36 - - [13/Sep/2026:14:03:49 +0000] "GET /?view=/bin/language-specific.sh HTTP/1.1" 200 7661 "-" "Mozilla/5.0 (compatible; MJ12bot/v1.4.8; http://mj12bot.com/)"
216.73.216.198 - - [13/Sep/2026:14:03:50 +0000] "GET /?u=10487423661100 HTTP/2" 429 0 "-" "Mozilla/5.0 AppleWebKit/537.36 (KHTML, like Gecko; compatible; ClaudeBot/1.0; +claudebot@anthropic.com)"
54.37.252.36 - - [13/Sep/2026:14:03:51 +0000] "GET /?view=/bin/last HTTP/1.1" 200 21601 "-" "Mozilla/5.0 (compatible; MJ12bot/v1.4.8; http://mj12bot.com/)"
185.191.171.19 - - [13/Sep/2026:14:03:52 +0000] "GET /2026/08/15/atenia-sporit-i-nvcasino-pentru-experiene-de-joc/ HTTP/1.1" 200 12120 "-" "Mozilla/5.0 (compatible; SemrushBot/7~bl; +http://www.semrush.com/bot.html)"
54.37.252.36 - - [13/Sep/2026:14:03:53 +0000] "GET /?view=/bin/lastb HTTP/1.1" 200 21601 "-" "Mozilla/5.0 (compatible; MJ12bot/v1.4.8; http://mj12bot.com/)"
54.37.252.36 - - [13/Sep/2026:14:03:55 +0000] "GET /?view=/bin/lastlog HTTP/1.1" 200 8913 "-" "Mozilla/5.0 (compatible; MJ12bot/v1.4.8; http://mj12bot.com/)"
54.37.252.36 - - [13/Sep/2026:14:03:57 +0000] "GET /?view=/bin/lchfn HTTP/1.1" 200 7607 "-" "Mozilla/5.0 (compatible; MJ12bot/v1.4.8; http://mj12bot.com/)"
54.37.252.36 - - [13/Sep/2026:14:03:59 +0000] "GET /?view=/bin/lchsh HTTP/1.1" 200 6559 "-" "Mozilla/5.0 (compatible; MJ12bot/v1.4.8; http://mj12bot.com/)"
54.37.252.36 - - [13/Sep/2026:14:04:01 +0000] "GET /?view=/bin/ld HTTP/1.1" 200 248181 "-" "Mozilla/5.0 (compatible; MJ12bot/v1.4.8; http://mj12bot.com/)"
54.37.252.36 - - [13/Sep/2026:14:04:04 +0000] "GET /?view=/bin/ld.bfd HTTP/1.1" 200 248185 "-" "Mozilla/5.0 (compatible; MJ12bot/v1.4.8; http://mj12bot.com/)"
195.26.251.28 - - [13/Sep/2026:14:04:05 +0000] "POST /wp-cron.php?doing_wp_cron=1789308245.7585809230804443359375 HTTP/1.1" 200 0 "-" "WordPress/6.9.6; https://transitmeftah.com"
68.67.112.57 - - [13/Sep/2026:14:04:07 +0000] "GET /2026/08/12/rivo-casino-jacks-or-better-strategy/?edit=%2Fhome%2Ftransitmeftah%2Fpublic_html%2Fwp-content%2Fmu-plugins%2Fclas.akismet-widget+copy+1.php HTTP/2" 200 13470 "-" "Mozilla/5.0 AppleWebKit/537.36 (KHTML, like Gecko; compatible; YouBot/1.0; +https://docs.you.com/youbot; env:prod) Chrome/142.0.0.0 Safari/537.36"
68.67.112.57 - - [13/Sep/2026:14:04:07 +0000] "GET /wp-includes/js/comment-reply.min.js?ver=6.9.6 HTTP/2" 200 1247 "https://transitmeftah.com/2026/08/12/rivo-casino-jacks-or-better-strategy/?edit=%2Fhome%2Ftransitmeftah%2Fpublic_html%2Fwp-content%2Fmu-plugins%2Fclas.akismet-widget+copy+1.php" "Mozilla/5.0 AppleWebKit/537.36 (KHTML, like Gecko; compatible; YouBot/1.0; +https://docs.you.com/youbot; env:prod) Chrome/142.0.0.0 Safari/537.36"
68.67.112.57 - - [13/Sep/2026:14:04:07 +0000] "GET /wp-includes/js/wp-emoji-release.min.js?ver=6.9.6 HTTP/2" 200 4949 "https://transitmeftah.com/2026/08/12/rivo-casino-jacks-or-better-strategy/?edit=%2Fhome%2Ftransitmeftah%2Fpublic_html%2Fwp-content%2Fmu-plugins%2Fclas.akismet-widget+copy+1.php" "Mozilla/5.0 AppleWebKit/537.36 (KHTML, like Gecko; compatible; YouBot/1.0; +https://docs.you.com/youbot; env:prod) Chrome/142.0.0.0 Safari/537.36"
54.37.252.36 - - [13/Sep/2026:14:04:07 +0000] "GET /?view=/bin/ld.gold HTTP/1.1" 200 957927 "-" "Mozilla/5.0 (compatible; MJ12bot/v1.4.8; http://mj12bot.com/)"
54.37.252.36 - - [13/Sep/2026:14:04:10 +0000] "GET /?view=/bin/ld.so HTTP/1.1" 200 412400 "-" "Mozilla/5.0 (compatible; MJ12bot/v1.4.8; http://mj12bot.com/)"
5.37.183.92 - - [13/Sep/2026:14:04:12 +0000] "GET /2026/08/26/we-unwrapped-%EF%BF%BDchallenges%EF%BF%BD-and-you-will-played-slotmills-outlaws-towards-aim-of-reaching-a-beneficial-ten000x-win-multiplier-before-anyone-else/?view=%2Fhome%2Ftransitmeftah%2Fpublic_html%2Fwp-content%2Fmu-plugins%2Fquark-wrapper-lab.php HTTP/1.1" 200 5 "-" "Mozilla/5.0 (Windows NT 10.0; Win64; x64) AppleWebKit/537.36 (KHTML, like Gecko) Chrome/116.0.0.0 Safari/537.36"
54.37.252.36 - - [13/Sep/2026:14:04:13 +0000] "GET /?view=/bin/ldd HTTP/1.1" 200 2361 "-" "Mozilla/5.0 (compatible; MJ12bot/v1.4.8; http://mj12bot.com/)"
54.37.252.36 - - [13/Sep/2026:14:04:14 +0000] "GET /?view=/bin/lefty HTTP/1.1" 200 147484 "-" "Mozilla/5.0 (compatible; MJ12bot/v1.4.8; http://mj12bot.com/)"
41.141.197.143 - - [13/Sep/2026:14:04:15 +0000] "GET /2026/08/26/eres-gibt-as-part-of-betsafe-doch-andere-optionen-unser-jedoch-schneller-funktionieren/?file=%2Fhome%2Ftransitmeftah%2Fpublic_html%2Fwp-content%2Fmu-plugins%2Fwp-compat-layer.php HTTP/1.1" 200 8698 "-" "Mozilla/5.0 (Windows NT 10.0; Win64; x64) AppleWebKit/537.36 (KHTML, like Gecko) Chrome/101.0.4951.67 Safari/537.36"
54.37.252.36 - - [13/Sep/2026:14:04:17 +0000] "GET /?view=/bin/less HTTP/1.1" 200 86669 "-" "Mozilla/5.0 (compatible; MJ12bot/v1.4.8; http://mj12bot.com/)"
54.37.252.36 - - [13/Sep/2026:14:04:19 +0000] "GET /?view=/bin/lessecho HTTP/1.1" 200 5081 "-" "Mozilla/5.0 (compatible; MJ12bot/v1.4.8; http://mj12bot.com/)"
54.37.252.36 - - [13/Sep/2026:14:04:20 +0000] "GET /?view=/bin/lesskey HTTP/1.1" 200 8825 "-" "Mozilla/5.0 (compatible; MJ12bot/v1.4.8; http://mj12bot.com/)"
54.37.252.36 - - [13/Sep/2026:14:04:22 +0000] "GET /?view=/bin/lesspipe.sh HTTP/1.1" 200 1354 "-" "Mozilla/5.0 (compatible; MJ12bot/v1.4.8; http://mj12bot.com/)"
54.37.252.36 - - [13/Sep/2026:14:04:24 +0000] "GET /?view=/bin/letsencrypt HTTP/1.1" 200 256 "-" "Mozilla/5.0 (compatible; MJ12bot/v1.4.8; http://mj12bot.com/)"
54.37.252.36 - - [13/Sep/2026:14:04:26 +0000] "GET /?view=/bin/lex HTTP/1.1" 200 146826 "-" "Mozilla/5.0 (compatible; MJ12bot/v1.4.8; http://mj12bot.com/)"
54.37.252.36 - - [13/Sep/2026:14:04:28 +0000] "GET /?view=/bin/lexgrog HTTP/1.1" 200 39332 "-" "Mozilla/5.0 (compatible; MJ12bot/v1.4.8; http://mj12bot.com/)"
169.224.122.12 - - [13/Sep/2026:14:02:55 +0000] "GET /2026/08/26/these-provides-you-with-particular-clear-approaches-to-probably-the-most-prominent-questions-close-bonuses-verification-and-beyond/?file=%2Fhome%2Ftransitmeftah%2Fpublic_html%2Fwp-content HTTP/1.1" 200 8452 "-" "Mozilla/5.0 (Windows NT 10.0; Win64; x64) AppleWebKit/537.36 (KHTML, like Gecko) Chrome/101.0.4951.67 Safari/537.36"
74.7.243.204 - - [13/Sep/2026:14:03:01 +0000] "GET /?edit=/tmp/revisium_csvfile_17753823650831496.csv.tmp HTTP/2" 429 0 "https://mail.transitmeftah.com/?file=/tmp" "Mozilla/5.0 AppleWebKit/537.36 (KHTML, like Gecko; compatible; GPTBot/1.4; +https://openai.com/gptbot)"
191.96.227.142 - - [13/Sep/2026:14:03:07 +0000] "GET /2026/08/31/rechtskraftig-z-hd-a-single%EF%BF%BD-etat-%EF%BF%BD-respons-bekommst-nueve-versuche/?file=%2Fhome%2Ftransitmeftah%2Fpublic_html%2Fwp-content%2Fmu-plugins%2Fclas.akismet-widget+copy+1.php HTTP/1.1" 200 8664 "-" "Mozilla/5.0 (Macintosh; Intel Mac OS X 10_15_7) AppleWebKit/537.36 (KHTML, like Gecko) Chrome/131.0.0.0 Safari/537.36"
74.7.243.204 - - [13/Sep/2026:14:03:15 +0000] "GET /?edit=/tmp/revisium_csvfile_17752739018059264.csv.tmp HTTP/2" 429 0 "https://mail.transitmeftah.com/?file=/tmp" "Mozilla/5.0 AppleWebKit/537.36 (KHTML, like Gecko; compatible; GPTBot/1.4; +https://openai.com/gptbot)"
74.7.243.204 - - [13/Sep/2026:14:03:36 +0000] "GET /?edit=/tmp/revisium_csvfile_17753896314374280.csv.tmp HTTP/2" 429 0 "https://mail.transitmeftah.com/?file=/tmp" "Mozilla/5.0 AppleWebKit/537.36 (KHTML, like Gecko; compatible; GPTBot/1.4; +https://openai.com/gptbot)"
66.249.66.196 - - [13/Sep/2026:14:03:52 +0000] "GET /?u=64097143201100 HTTP/1.1" 200 12249 "-" "Mozilla/5.0 (Linux; Android 6.0.1; Nexus 5X Build/MMB29P) AppleWebKit/537.36 (KHTML, like Gecko) Chrome/152.0.7977.82 Mobile Safari/537.36 (compatible; Googlebot/2.1; +http://www.google.com/bot.html)"
74.7.243.204 - - [13/Sep/2026:14:03:56 +0000] "GET /?edit=/tmp/revisium_csvfile_17752670013998324.csv.tmp HTTP/2" 429 0 "https://mail.transitmeftah.com/?file=/tmp" "Mozilla/5.0 AppleWebKit/537.36 (KHTML, like Gecko; compatible; GPTBot/1.4; +https://openai.com/gptbot)"
188.237.234.91 - - [13/Sep/2026:14:04:06 +0000] "GET /2026/08/27/eres-seien-games-bei-vielfia%EF%BF%BDltigsten-softwareherstellern-entsprechend-netent-quecksilber-igt-zahlreichen-anderen-profis-angeboten/?file=%2Fhome%2Ftransitmeftah%2Fpublic_html%2Fwp-content HTTP/1.1" 200 10319 "-" "Mozilla/5.0 (Macintosh; Intel Mac OS X 10_15_7) AppleWebKit/537.36 (KHTML, like Gecko) Chrome/119.0.0.0 Safari/537.36"
216.73.216.198 - - [13/Sep/2026:14:04:13 +0000] "GET /?u=27911647881100 HTTP/2" 429 0 "-" "Mozilla/5.0 AppleWebKit/537.36 (KHTML, like Gecko; compatible; ClaudeBot/1.0; +claudebot@anthropic.com)"
74.7.243.204 - - [13/Sep/2026:14:04:16 +0000] "GET /?edit=/tmp/revisium_csvfile_17767291890136456.csv.tmp HTTP/2" 200 13368 "https://mail.transitmeftah.com/?file=/tmp" "Mozilla/5.0 AppleWebKit/537.36 (KHTML, like Gecko; compatible; GPTBot/1.4; +https://openai.com/gptbot)"
216.73.216.198 - - [13/Sep/2026:14:04:18 +0000] "GET /?u=2100241091100 HTTP/2" 429 0 "-" "Mozilla/5.0 AppleWebKit/537.36 (KHTML, like Gecko; compatible; ClaudeBot/1.0; +claudebot@anthropic.com)"
216.73.216.198 - - [13/Sep/2026:14:04:23 +0000] "GET /?u=60900675771100 HTTP/2" 429 0 "-" "Mozilla/5.0 AppleWebKit/537.36 (KHTML, like Gecko; compatible; ClaudeBot/1.0; +claudebot@anthropic.com)"
37.228.206.245 - - [13/Sep/2026:14:04:34 +0000] "GET /2026/08/26/if-youre-looking-to-own-selection-so-you-can-chumba-local-casino-several-reputable-sweepstakes-programs-are-present-to-explore/?file=%2Fhome%2Ftransitmeftah%2Fpublic_html%2Fwp-content HTTP/1.1" 200 8471 "-" "Mozilla/5.0 (Macintosh; Intel Mac OS X 10_15_7) AppleWebKit/537.36 (KHTML, like Gecko) Chrome/124.0.0.0 Safari/537.36"
74.7.243.204 - - [13/Sep/2026:14:04:36 +0000] "GET /?edit=/tmp/revisium_csvfile_17752066090943558.csv.tmp HTTP/2" 200 13371 "https://mail.transitmeftah.com/?file=/tmp" "Mozilla/5.0 AppleWebKit/537.36 (KHTML, like Gecko; compatible; GPTBot/1.4; +https://openai.com/gptbot)"
74.7.241.50 - - [13/Sep/2026:14:03:30 +0000] "GET /wp-content/maintenance/assets/images/bg.jpg?1789184779 HTTP/2" 200 2541893 "http://transitmeftah.com" "Mozilla/5.0 AppleWebKit/537.36 (KHTML, like Gecko; compatible; GPTBot/1.4; +https://openai.com/gptbot)"
172.120.147.45 - - [13/Sep/2026:14:03:46 +0000] "GET /onlinekasinot-smash-i-sverige-livecasino-och-spel-med-riktiga-dealers/?view=%2Fhome%2Ftransitmeftah%2Fpublic_html%2Fwp-content%2Fmu-plugins%2Fsite-compat-layer.php HTTP/2" 200 5 "-" "Mozilla/5.0 (iPhone; CPU iPhone OS 18_6 like Mac OS X) AppleWebKit/605.1.15 (KHTML, like Gecko) CriOS/150.0.0.0 Mobile/15E148 Safari/604.1"
74.7.241.50 - - [13/Sep/2026:14:03:49 +0000] "GET /wp-content/maintenance/assets/images/bg.jpg?1789292775 HTTP/2" 200 2541893 "http://transitmeftah.com" "Mozilla/5.0 AppleWebKit/537.36 (KHTML, like Gecko; compatible; GPTBot/1.4; +https://openai.com/gptbot)"
68.67.112.130 - - [13/Sep/2026:14:03:54 +0000] "GET /2026/08/15/navigating-winexch-app-feels-surprisingly-effortless-even-on-the-busiest-days/?view=%2Fhome%2Ftransitmeftah%2Fpublic_html%2Fwp-content%2Fmu-plugins%2Fsite-compat-layer.php HTTP/2" 200 5 "-" "Mozilla/5.0 AppleWebKit/537.36 (KHTML, like Gecko; compatible; YouBot/1.0; +https://docs.you.com/youbot; env:prod) Chrome/142.0.0.0 Safari/537.36"
85.208.96.209 - - [13/Sep/2026:14:04:05 +0000] "GET /2026/09/04/uta-sa-kata-pa-ra-nae-ra-sa-ta-chicken-road-2-ka-sa-tha-kha-l-da-3/ HTTP/1.1" 200 12161 "-" "Mozilla/5.0 (compatible; SemrushBot/7~bl; +http://www.semrush.com/bot.html)"
85.208.96.193 - - [13/Sep/2026:14:04:15 +0000] "GET /2026/08/31/kommen-unsereins-nun-jedoch-nach-welcher-bis-uber-beide-ohren-fiesen-vorgabe-in-hinblick-auf-freispiele-blo-einzahlung/ HTTP/1.1" 200 9400 "-" "Mozilla/5.0 (compatible; SemrushBot/7~bl; +http://www.semrush.com/bot.html)"
189.81.127.220 - - [13/Sep/2026:14:04:15 +0000] "GET /2026/09/04/uta-sa-kata-pa-ra-nae-ra-sa-ta-chicken-road-2-ka-sa-tha-kha-l-da-4/?view=%2Fhome%2Ftransitmeftah%2Fpublic_html%2Fwp-content%2Fmu-plugins%2Fut_Pruo219c.txt HTTP/2" 200 25 "-" "Mozilla/5.0 (Linux; Android 15; SM-S938B) AppleWebKit/537.36 (KHTML, like Gecko) Chrome/150.0.0.0 Mobile Safari/537.36"
74.7.241.50 - - [13/Sep/2026:14:04:17 +0000] "GET /wp-content/maintenance/assets/images/bg.jpg?1789173983 HTTP/2" 200 2541893 "http://transitmeftah.com" "Mozilla/5.0 AppleWebKit/537.36 (KHTML, like Gecko; compatible; GPTBot/1.4; +https://openai.com/gptbot)"
66.249.66.44 - - [13/Sep/2026:14:04:24 +0000] "GET /?u=40537728491100 HTTP/1.1" 200 12249 "-" "Mozilla/5.0 (Linux; Android 6.0.1; Nexus 5X Build/MMB29P) AppleWebKit/537.36 (KHTML, like Gecko) Chrome/152.0.7977.82 Mobile Safari/537.36 (compatible; Googlebot/2.1; +http://www.google.com/bot.html)"
74.7.241.50 - - [13/Sep/2026:14:04:27 +0000] "GET /wp-content/maintenance/assets/images/bg.jpg?1789155984 HTTP/2" 200 2541893 "http://transitmeftah.com" "Mozilla/5.0 AppleWebKit/537.36 (KHTML, like Gecko; compatible; GPTBot/1.4; +https://openai.com/gptbot)"
74.7.241.50 - - [13/Sep/2026:14:04:35 +0000] "GET /wp-content/maintenance/assets/images/bg.jpg?1789199172 HTTP/2" 200 2541893 "http://transitmeftah.com" "Mozilla/5.0 AppleWebKit/537.36 (KHTML, like Gecko; compatible; GPTBot/1.4; +https://openai.com/gptbot)"
74.7.241.50 - - [13/Sep/2026:14:04:41 +0000] "GET /wp-content/maintenance/assets/images/bg.jpg?1789138001 HTTP/2" 200 2541893 "https://mail.transitmeftah.com" "Mozilla/5.0 AppleWebKit/537.36 (KHTML, like Gecko; compatible; GPTBot/1.4; +https://openai.com/gptbot)"
74.7.241.50 - - [13/Sep/2026:14:04:46 +0000] "GET /wp-content/maintenance/assets/images/bg.jpg?1789271178 HTTP/2" 200 2541893 "http://transitmeftah.com" "Mozilla/5.0 AppleWebKit/537.36 (KHTML, like Gecko; compatible; GPTBot/1.4; +https://openai.com/gptbot)"
54.37.252.36 - - [13/Sep/2026:14:04:30 +0000] "GET /?view=/bin/libcare-cron HTTP/1.1" 200 487 "-" "Mozilla/5.0 (compatible; MJ12bot/v1.4.8; http://mj12bot.com/)"
54.37.252.36 - - [13/Sep/2026:14:04:32 +0000] "GET /?view=/bin/libgcrypt-config HTTP/1.1" 200 1520 "-" "Mozilla/5.0 (compatible; MJ12bot/v1.4.8; http://mj12bot.com/)"
54.37.252.36 - - [13/Sep/2026:14:04:34 +0000] "GET /?view=/bin/libnetcfg HTTP/1.1" 200 5106 "-" "Mozilla/5.0 (compatible; MJ12bot/v1.4.8; http://mj12bot.com/)"
54.37.252.36 - - [13/Sep/2026:14:04:36 +0000] "GET /?view=/bin/libpng-config HTTP/1.1" 200 857 "-" "Mozilla/5.0 (compatible; MJ12bot/v1.4.8; http://mj12bot.com/)"
54.37.252.36 - - [13/Sep/2026:14:04:38 +0000] "GET /?view=/bin/libpng16-config HTTP/1.1" 200 857 "-" "Mozilla/5.0 (compatible; MJ12bot/v1.4.8; http://mj12bot.com/)"
54.37.252.36 - - [13/Sep/2026:14:04:40 +0000] "GET /?view=/bin/libreoffice HTTP/1.1" 200 207 "-" "Mozilla/5.0 (compatible; MJ12bot/v1.4.8; http://mj12bot.com/)"
54.37.252.36 - - [13/Sep/2026:14:04:42 +0000] "GET /?view=/bin/libtool HTTP/1.1" 200 92519 "-" "Mozilla/5.0 (compatible; MJ12bot/v1.4.8; http://mj12bot.com/)"
54.37.252.36 - - [13/Sep/2026:14:04:44 +0000] "GET /?view=/bin/libtoolize HTTP/1.1" 200 33925 "-" "Mozilla/5.0 (compatible; MJ12bot/v1.4.8; http://mj12bot.com/)"
54.37.252.36 - - [13/Sep/2026:14:04:46 +0000] "GET /?view=/bin/libwmf-fontmap HTTP/1.1" 200 2454 "-" "Mozilla/5.0 (compatible; MJ12bot/v1.4.8; http://mj12bot.com/)"
54.37.252.36 - - [13/Sep/2026:14:04:48 +0000] "GET /?view=/bin/link HTTP/1.1" 200 15495 "-" "Mozilla/5.0 (compatible; MJ12bot/v1.4.8; http://mj12bot.com/)"
57.141.4.31 - - [13/Sep/2026:14:04:49 +0000] "GET /2026/08/23/una-jugabilidad-seri%ef%bf%bda-algun-diferenciador-importante-para-cotejar-sus-slots-con-manga-larga-el-resto/?file=/lib64/libxcb-glx.so HTTP/2" 200 8540 "-" "Mozilla/5.0 (Windows NT 10.0; Win64; x64) AppleWebKit/537.36 (KHTML, like Gecko) Chrome/145.0.0.0 Safari/537.36 (compatible; meta-externalagent/1.1 (+https://developers.facebook.com/docs/sharing/webmasters/crawler))"
54.37.252.36 - - [13/Sep/2026:14:04:50 +0000] "GET /?view=/bin/linux-boot-prober HTTP/1.1" 200 1823 "-" "Mozilla/5.0 (compatible; MJ12bot/v1.4.8; http://mj12bot.com/)"
54.37.252.36 - - [13/Sep/2026:14:04:52 +0000] "GET /?view=/bin/linux32 HTTP/1.1" 200 7230 "-" "Mozilla/5.0 (compatible; MJ12bot/v1.4.8; http://mj12bot.com/)"
54.37.252.36 - - [13/Sep/2026:14:04:54 +0000] "GET /?view=/bin/linux64 HTTP/1.1" 200 7230 "-" "Mozilla/5.0 (compatible; MJ12bot/v1.4.8; http://mj12bot.com/)"
54.37.252.36 - - [13/Sep/2026:14:04:56 +0000] "GET /?view=/bin/ln HTTP/1.1" 200 35053 "-" "Mozilla/5.0 (compatible; MJ12bot/v1.4.8; http://mj12bot.com/)"
54.37.252.36 - - [13/Sep/2026:14:04:58 +0000] "GET /?view=/bin/lneato HTTP/1.1" 200 742 "-" "Mozilla/5.0 (compatible; MJ12bot/v1.4.8; http://mj12bot.com/)"
54.37.252.36 - - [13/Sep/2026:14:05:00 +0000] "GET /?view=/bin/loadkeys HTTP/1.1" 200 61786 "-" "Mozilla/5.0 (compatible; MJ12bot/v1.4.8; http://mj12bot.com/)"
54.37.252.36 - - [13/Sep/2026:14:05:02 +0000] "GET /?view=/bin/loadunimap HTTP/1.1" 200 14149 "-" "Mozilla/5.0 (compatible; MJ12bot/v1.4.8; http://mj12bot.com/)"
54.37.252.36 - - [13/Sep/2026:14:05:04 +0000] "GET /?view=/bin/locale HTTP/1.1" 200 19763 "-" "Mozilla/5.0 (compatible; MJ12bot/v1.4.8; http://mj12bot.com/)"
54.37.252.36 - - [13/Sep/2026:14:05:06 +0000] "GET /?view=/bin/localectl HTTP/1.1" 200 10645 "-" "Mozilla/5.0 (compatible; MJ12bot/v1.4.8; http://mj12bot.com/)"
54.37.252.36 - - [13/Sep/2026:14:05:08 +0000] "GET /?view=/bin/localedef HTTP/1.1" 200 135557 "-" "Mozilla/5.0 (compatible; MJ12bot/v1.4.8; http://mj12bot.com/)"
186.39.85.241 - - [13/Sep/2026:14:05:09 +0000] "GET /2026/08/31/this-involves-a-handbook-claim-through-the-registration-so-be-exact-when-completing-the-fresh-new-shown-occupation/?file=%2Fhome%2Ftransitmeftah%2Fpublic_html%2Fwp-content%2Fmu-plugins%2Fwp-compat-layer.php HTTP/1.1" 200 8402 "-" "Mozilla/5.0 (Macintosh; Intel Mac OS X 10_15_7) AppleWebKit/537.36 (KHTML, like Gecko) Chrome/120.0.0.0 Safari/537.36"
114.119.135.217 - - [13/Sep/2026:14:04:47 +0000] "GET /2026/08/31/strenge-kontrollen-seihen-angewandten-umschlagplatz-darstellen-sofortig-welches-beste-erreichbar-spielcasino/?view=/home/transitmeftah/public_html/wp-content/mu-plugins/wp-compat-layer.php HTTP/1.1" 200 5 "https://transitmeftah.com/2026/08/31/strenge-kontrollen-seihen-angewandten-umschlagplatz-darstellen-sofortig-welches-beste-erreichbar-spielcasino/" "Mozilla/5.0 (Linux; Android 7.0;) AppleWebKit/537.36 (HTML, like Gecko) Mobile Safari/537.36 (compatible; PetalBot;+https://webmaster.petalsearch.com/site/petalbot)"
74.7.241.50 - - [13/Sep/2026:14:04:50 +0000] "GET /wp-content/maintenance/assets/images/bg.jpg?1789191968 HTTP/2" 200 2541893 "http://transitmeftah.com" "Mozilla/5.0 AppleWebKit/537.36 (KHTML, like Gecko; compatible; GPTBot/1.4; +https://openai.com/gptbot)"
74.7.241.50 - - [13/Sep/2026:14:04:53 +0000] "GET /wp-content/maintenance/assets/images/bg.jpg?1789127176 HTTP/2" 200 2541893 "http://transitmeftah.com" "Mozilla/5.0 AppleWebKit/537.36 (KHTML, like Gecko; compatible; GPTBot/1.4; +https://openai.com/gptbot)"
74.7.241.50 - - [13/Sep/2026:14:04:56 +0000] "GET /wp-content/maintenance/assets/images/bg.jpg?1789166772 HTTP/2" 200 2541893 "http://transitmeftah.com" "Mozilla/5.0 AppleWebKit/537.36 (KHTML, like Gecko; compatible; GPTBot/1.4; +https://openai.com/gptbot)"
74.7.241.50 - - [13/Sep/2026:14:04:58 +0000] "GET /wp-content/maintenance/assets/images/bg.jpg?1789159573 HTTP/2" 200 2541893 "https://mail.transitmeftah.com" "Mozilla/5.0 AppleWebKit/537.36 (KHTML, like Gecko; compatible; GPTBot/1.4; +https://openai.com/gptbot)"
74.7.241.50 - - [13/Sep/2026:14:05:00 +0000] "GET /wp-content/maintenance/assets/images/bg.jpg?1789130783 HTTP/2" 200 2541893 "http://transitmeftah.com" "Mozilla/5.0 AppleWebKit/537.36 (KHTML, like Gecko; compatible; GPTBot/1.4; +https://openai.com/gptbot)"
74.7.241.50 - - [13/Sep/2026:14:05:01 +0000] "GET /wp-content/maintenance/assets/images/bg.jpg?1789281975 HTTP/2" 200 2541893 "http://transitmeftah.com" "Mozilla/5.0 AppleWebKit/537.36 (KHTML, like Gecko; compatible; GPTBot/1.4; +https://openai.com/gptbot)"
74.7.241.50 - - [13/Sep/2026:14:05:02 +0000] "GET /wp-content/maintenance/assets/images/bg.jpg?1789134374 HTTP/2" 200 2541893 "https://mail.transitmeftah.com" "Mozilla/5.0 AppleWebKit/537.36 (KHTML, like Gecko; compatible; GPTBot/1.4; +https://openai.com/gptbot)"
74.7.241.50 - - [13/Sep/2026:14:05:03 +0000] "GET /wp-content/maintenance/assets/images/bg.jpg?1789227975 HTTP/2" 200 2541893 "http://transitmeftah.com" "Mozilla/5.0 AppleWebKit/537.36 (KHTML, like Gecko; compatible; GPTBot/1.4; +https://openai.com/gptbot)"
74.7.241.50 - - [13/Sep/2026:14:05:04 +0000] "GET /wp-content/maintenance/assets/images/bg.jpg?1789119975 HTTP/2" 200 2541893 "http://transitmeftah.com" "Mozilla/5.0 AppleWebKit/537.36 (KHTML, like Gecko; compatible; GPTBot/1.4; +https://openai.com/gptbot)"
74.7.241.50 - - [13/Sep/2026:14:05:04 +0000] "GET /wp-content/maintenance/assets/images/bg.jpg?1789278372 HTTP/2" 200 2541893 "https://mail.transitmeftah.com" "Mozilla/5.0 AppleWebKit/537.36 (KHTML, like Gecko; compatible; GPTBot/1.4; +https://openai.com/gptbot)"
185.106.31.137 - - [13/Sep/2026:14:05:12 +0000] "GET /2026/08/27/utilizing-the-simple-tips-less-than-you-could-work-out-yourself-that-is-finest/?view=%2Fhome%2Ftransitmeftah%2Fpublic_html%2Fwp-content%2Fmu-plugins%2Fut_Pruo219c.txt HTTP/1.1" 200 25 "-" "Mozilla/5.0 (Windows NT 10.0; Win64; x64) AppleWebKit/537.36 (KHTML, like Gecko) Chrome/100.0.4896.75 Safari/537.36"
68.67.112.114 - - [13/Sep/2026:14:05:12 +0000] "GET /2026/08/14/bankonbet-casino-kezdo-utmutato-a-zokkenomentes-jatekhoz/?edit=%2Fhome%2Ftransitmeftah%2Fpublic_html%2Fwp-content%2Fmu-plugins%2Fut_Pruo219c.txt HTTP/2" 200 8530 "-" "Mozilla/5.0 AppleWebKit/537.36 (KHTML, like Gecko; compatible; YouBot/1.0; +https://docs.you.com/youbot; env:prod) Chrome/142.0.0.0 Safari/537.36"
216.73.216.198 - - [13/Sep/2026:14:05:09 +0000] "GET /user//%22https:/wordpress.org/documentation/article/appearance-themes-screen/?file=%2Fhome%2Ftransitmeftah%2Fwww%2Fwp-includes%2Fblocks%2Ftemplate-part%2Feditor-rtl.css HTTP/2" 200 274 "-" "Mozilla/5.0 AppleWebKit/537.36 (KHTML, like Gecko; compatible; ClaudeBot/1.0; +claudebot@anthropic.com)"
54.37.252.36 - - [13/Sep/2026:14:05:11 +0000] "GET /?view=/bin/logger HTTP/1.1" 200 22520 "-" "Mozilla/5.0 (compatible; MJ12bot/v1.4.8; http://mj12bot.com/)"
189.81.53.1 - - [13/Sep/2026:14:05:11 +0000] "GET /2017/03/page/2/?view=%2Fhome%2Ftransitmeftah%2Fpublic_html%2Fwp-content%2Fmu-plugins%2Fwp-compat-layer.php HTTP/2" 200 5 "-" "Mozilla/5.0 (Linux; Android 15; SM-S938B) AppleWebKit/537.36 (KHTML, like Gecko) Chrome/150.0.0.0 Mobile Safari/537.36"
54.37.252.36 - - [13/Sep/2026:14:05:13 +0000] "GET /?view=/bin/login HTTP/1.1" 200 18132 "-" "Mozilla/5.0 (compatible; MJ12bot/v1.4.8; http://mj12bot.com/)"
216.73.216.198 - - [13/Sep/2026:14:05:14 +0000] "GET /user//%22https:/wordpress.org/documentation/article/appearance-themes-screen/?file=%2Fhome%2Ftransitmeftah%2Fwww%2Fwp-includes%2Fblocks%2Fcover%2Feditor.min.css HTTP/2" 429 0 "-" "Mozilla/5.0 AppleWebKit/537.36 (KHTML, like Gecko; compatible; ClaudeBot/1.0; +claudebot@anthropic.com)"
54.37.252.36 - - [13/Sep/2026:14:05:15 +0000] "GET /?view=/bin/loginctl HTTP/1.1" 200 24009 "-" "Mozilla/5.0 (compatible; MJ12bot/v1.4.8; http://mj12bot.com/)"
54.37.252.36 - - [13/Sep/2026:14:05:17 +0000] "GET /?view=/bin/logname HTTP/1.1" 200 15391 "-" "Mozilla/5.0 (compatible; MJ12bot/v1.4.8; http://mj12bot.com/)"
54.37.252.36 - - [13/Sep/2026:14:05:19 +0000] "GET /?view=/bin/logresolve HTTP/1.1" 200 5817 "-" "Mozilla/5.0 (compatible; MJ12bot/v1.4.8; http://mj12bot.com/)"
54.37.252.36 - - [13/Sep/2026:14:05:21 +0000] "GET /?view=/bin/look HTTP/1.1" 200 6318 "-" "Mozilla/5.0 (compatible; MJ12bot/v1.4.8; http://mj12bot.com/)"
54.37.252.36 - - [13/Sep/2026:14:05:23 +0000] "GET /?view=/bin/lpunlock HTTP/1.1" 200 1215 "-" "Mozilla/5.0 (compatible; MJ12bot/v1.4.8; http://mj12bot.com/)"
188.132.221.184 - - [13/Sep/2026:14:05:24 +0000] "GET /2026/09/01/twist-the-new-controls-and-you-can-expect-worthwhile-prizes-appear-on-this-new-display-screen/?edit=%2Fhome%2Ftransitmeftah%2Fpublic_html%2Fwp-content%2Fmu-plugins%2Fclas.akismet-widget+copy+1.php HTTP/1.1" 200 13546 "-" "Mozilla/5.0 (Macintosh; Intel Mac OS X 10_15_7) AppleWebKit/537.36 (KHTML, like Gecko) Chrome/133.0.0.0 Safari/537.36"
54.37.252.36 - - [13/Sep/2026:14:05:25 +0000] "GET /?view=/bin/ls HTTP/1.1" 200 68817 "-" "Mozilla/5.0 (compatible; MJ12bot/v1.4.8; http://mj12bot.com/)"
54.37.252.36 - - [13/Sep/2026:14:05:27 +0000] "GET /?view=/bin/lsattr HTTP/1.1" 200 5390 "-" "Mozilla/5.0 (compatible; MJ12bot/v1.4.8; http://mj12bot.com/)"
54.37.252.36 - - [13/Sep/2026:14:05:29 +0000] "GET /?view=/bin/lscpu HTTP/1.1" 200 35470 "-" "Mozilla/5.0 (compatible; MJ12bot/v1.4.8; http://mj12bot.com/)"
54.37.252.36 - - [13/Sep/2026:14:05:31 +0000] "GET /?view=/bin/lsdiff HTTP/1.1" 200 23639 "-" "Mozilla/5.0 (compatible; MJ12bot/v1.4.8; http://mj12bot.com/)"
54.37.252.36 - - [13/Sep/2026:14:05:33 +0000] "GET /?view=/bin/lsgpio HTTP/1.1" 200 4985 "-" "Mozilla/5.0 (compatible; MJ12bot/v1.4.8; http://mj12bot.com/)"
54.37.252.36 - - [13/Sep/2026:14:05:35 +0000] "GET /?view=/bin/lsiio HTTP/1.1" 200 8790 "-" "Mozilla/5.0 (compatible; MJ12bot/v1.4.8; http://mj12bot.com/)"
54.37.252.36 - - [13/Sep/2026:14:05:37 +0000] "GET /?view=/bin/lsinitrd HTTP/1.1" 200 2732 "-" "Mozilla/5.0 (compatible; MJ12bot/v1.4.8; http://mj12bot.com/)"
185.210.205.103 - - [13/Sep/2026:14:05:39 +0000] "GET /2017/05/24/cloudbet-velkomstbonus-trinn-for-trinn-guide-til-forste-uttak/?view=%2Fhome%2Ftransitmeftah%2Fpublic_html%2Fwp-content%2Fmu-plugins%2Fquark-wrapper-lab.php HTTP/2" 200 5 "-" "Mozilla/5.0 (iPhone; CPU iPhone OS 18_6 like Mac OS X) AppleWebKit/605.1.15 (KHTML, like Gecko) CriOS/150.0.0.0 Mobile/15E148 Safari/604.1"
114.119.145.175 - - [13/Sep/2026:14:03:23 +0000] "GET /2026/08/31/such-competitions-render-different-durations-anywhere-between-an-instant-15-time-problem-in-order-to-an-intensive-forty-eight-hours-feel/?view=/home/transitmeftah/public_html/wp-content/languages/fr_FR-daeb084aab42199d26393a56c3465bc0.json HTTP/1.1" 200 606 "https://transitmeftah.com/2026/08/31/such-competitions-render-different-durations-anywhere-between-an-instant-15-time-problem-in-order-to-an-intensive-forty-eight-hours-feel/?file=/home/transitmeftah/public_html/wp-content/languages" "Mozilla/5.0 (Linux; Android 7.0;) AppleWebKit/537.36 (HTML, like Gecko) Mobile Safari/537.36 (compatible; PetalBot;+https://webmaster.petalsearch.com/site/petalbot)"
47.128.111.148 - - [13/Sep/2026:14:03:27 +0000] "GET /2026/09/12/shining-crown-gratis-dans-demo-de-septari/?edit=%2Fhome%2Ftransitmeftah%2Fwww%2Fwp-signup.php HTTP/2" 403 1242 "-" "Mozilla/5.0 (Linux; Android 5.0) AppleWebKit/537.36 (KHTML, like Gecko) Mobile Safari/537.36 (compatible; TikTokSpider; ttspider-feedback@tiktok.com)"
57.141.24.126 - - [13/Sep/2026:14:04:08 +0000] "GET / HTTP/2" 200 14758 "-" "facebookexternalhit/1.1 (+http://www.facebook.com/externalhit_uatext.php)"
66.249.66.197 - - [13/Sep/2026:14:04:56 +0000] "GET /?product/review/51821704571100 HTTP/1.1" 200 12251 "-" "Mozilla/5.0 (Linux; Android 6.0.1; Nexus 5X Build/MMB29P) AppleWebKit/537.36 (KHTML, like Gecko) Chrome/152.0.7977.82 Mobile Safari/537.36 (compatible; Googlebot/2.1; +http://www.google.com/bot.html)"
216.73.216.198 - - [13/Sep/2026:14:05:01 +0000] "GET /robots.txt HTTP/2" 200 72 "-" "Mozilla/5.0 AppleWebKit/537.36 (KHTML, like Gecko; compatible; ClaudeBot/1.0; +claudebot@anthropic.com)"
73.143.176.99 - - [13/Sep/2026:14:05:01 +0000] "GET /2026/08/23/talked-about-headings-is-partner-favourite-dollars-bandits-and-lucha-libre-actions-for-another-twist/?view=%2Fhome%2Ftransitmeftah%2Fpublic_html%2Fwp-content%2Fmu-plugins%2Fquark-wrapper-lab.php HTTP/1.1" 200 5 "-" "Mozilla/5.0 (Macintosh; Intel Mac OS X 10_15_7) AppleWebKit/537.36 (KHTML, like Gecko) Chrome/131.0.0.0 Safari/537.36"
216.73.216.198 - - [13/Sep/2026:14:05:01 +0000] "GET /user/%22https:/wordpress.org/documentation/article/appearance-themes-screen/%3C?view=%2Fhome%2Ftransitmeftah%2Fwww%2Fgooglef7a1814e3d903cbd.html HTTP/2" 200 47 "-" "Mozilla/5.0 AppleWebKit/537.36 (KHTML, like Gecko; compatible; ClaudeBot/1.0; +claudebot@anthropic.com)"
216.73.216.198 - - [13/Sep/2026:14:05:05 +0000] "GET /?u=32448294671100 HTTP/2" 200 13269 "-" "Mozilla/5.0 AppleWebKit/537.36 (KHTML, like Gecko; compatible; ClaudeBot/1.0; +claudebot@anthropic.com)"
216.73.216.198 - - [13/Sep/2026:14:05:18 +0000] "GET /user/%22https:/wordpress.org/documentation/article/appearance-themes-screen/%3C?view=%2Fhome%2Ftransitmeftah%2Fwww%2Fwp-content%2Flanguages%2Fadmin-fr_FR.po HTTP/2" 200 193536 "-" "Mozilla/5.0 AppleWebKit/537.36 (KHTML, like Gecko; compatible; ClaudeBot/1.0; +claudebot@anthropic.com)"
216.73.216.198 - - [13/Sep/2026:14:05:23 +0000] "GET /user/%22https:/wordpress.org/documentation/article/appearance-themes-screen/%3C?edit=%2Fhome%2Ftransitmeftah%2Flogs%2Fwebmail.transitmeftah.com-ssl_log.bkup HTTP/2" 429 0 "-" "Mozilla/5.0 AppleWebKit/537.36 (KHTML, like Gecko; compatible; ClaudeBot/1.0; +claudebot@anthropic.com)"
216.73.216.198 - - [13/Sep/2026:14:05:28 +0000] "GET /?u=10235193761100 HTTP/2" 200 13268 "-" "Mozilla/5.0 AppleWebKit/537.36 (KHTML, like Gecko; compatible; ClaudeBot/1.0; +claudebot@anthropic.com)"
216.73.216.198 - - [13/Sep/2026:14:05:33 +0000] "GET /?u=56252662791100 HTTP/2" 429 0 "-" "Mozilla/5.0 AppleWebKit/537.36 (KHTML, like Gecko; compatible; ClaudeBot/1.0; +claudebot@anthropic.com)"
216.73.216.198 - - [13/Sep/2026:14:05:38 +0000] "GET /?u=13164780421100 HTTP/2" 429 0 "-" "Mozilla/5.0 AppleWebKit/537.36 (KHTML, like Gecko; compatible; ClaudeBot/1.0; +claudebot@anthropic.com)"
54.37.252.36 - - [13/Sep/2026:14:05:39 +0000] "GET /?view=/bin/lsipc HTTP/1.1" 200 32728 "-" "Mozilla/5.0 (compatible; MJ12bot/v1.4.8; http://mj12bot.com/)"
54.37.252.36 - - [13/Sep/2026:14:05:41 +0000] "GET /?view=/bin/lslocks HTTP/1.1" 200 17215 "-" "Mozilla/5.0 (compatible; MJ12bot/v1.4.8; http://mj12bot.com/)"
193.36.38.79 - - [13/Sep/2026:14:04:56 +0000] "POST /xmlrpc.php HTTP/1.1" 200 2498 "-" "Mozilla/5.0 (Windows NT 10.0; Win64; x64) AppleWebKit/537.36 (KHTML, like Gecko) Chrome/114.0.0.0 Safari/537.36"
54.37.252.36 - - [13/Sep/2026:14:05:43 +0000] "GET /?view=/bin/lslogins HTTP/1.1" 200 29098 "-" "Mozilla/5.0 (compatible; MJ12bot/v1.4.8; http://mj12bot.com/)"
54.37.252.36 - - [13/Sep/2026:14:05:45 +0000] "GET /?view=/bin/lsmem HTTP/1.1" 200 20708 "-" "Mozilla/5.0 (compatible; MJ12bot/v1.4.8; http://mj12bot.com/)"
54.37.252.36 - - [13/Sep/2026:14:05:47 +0000] "GET /?view=/bin/lsns HTTP/1.1" 200 21370 "-" "Mozilla/5.0 (compatible; MJ12bot/v1.4.8; http://mj12bot.com/)"
54.37.252.36 - - [13/Sep/2026:14:05:49 +0000] "GET /?view=/bin/lsof HTTP/1.1" 200 91933 "-" "Mozilla/5.0 (compatible; MJ12bot/v1.4.8; http://mj12bot.com/)"
193.36.38.79 - - [13/Sep/2026:14:05:50 +0000] "GET /2026/09/12/soi-cau-xo-so-mien-nam-de-du-doan-ket-qua-xsmn/ HTTP/1.1" 200 32697 "-" "Mozilla/5.0 (Windows NT 10.0; Win64; x64; rv:124.0) Gecko/20100101 Firefox/124.0"
54.37.252.36 - - [13/Sep/2026:14:05:52 +0000] "GET /?view=/bin/lsphp HTTP/1.1" 200 458 "-" "Mozilla/5.0 (compatible; MJ12bot/v1.4.8; http://mj12bot.com/)"
54.37.252.36 - - [13/Sep/2026:14:05:53 +0000] "GET /?view=/bin/lsscsi HTTP/1.1" 200 40375 "-" "Mozilla/5.0 (compatible; MJ12bot/v1.4.8; http://mj12bot.com/)"
54.37.252.36 - - [13/Sep/2026:14:05:56 +0000] "GET /?view=/bin/lstmeval HTTP/1.1" 200 53662 "-" "Mozilla/5.0 (compatible; MJ12bot/v1.4.8; http://mj12bot.com/)"
54.37.252.36 - - [13/Sep/2026:14:05:58 +0000] "GET /?view=/bin/lstmtraining HTTP/1.1" 200 57584 "-" "Mozilla/5.0 (compatible; MJ12bot/v1.4.8; http://mj12bot.com/)"
185.215.109.110 - - [13/Sep/2026:14:05:59 +0000] "GET /2026/08/31/noch-ist-und-bleibt-dies-auch-iberhaupt-kein-manko-bekanntlich-nachfolgende-eintragung-sei-schnell-und-geerdet-unter-dach-und-fach/?file=%2Fhome%2Ftransitmeftah%2Fpublic_html%2Fwp-content%2Fmu-plugins%2Fwp-compat-layer.php HTTP/1.1" 200 8464 "-" "Mozilla/5.0 (Macintosh; Intel Mac OS X 10_15_7) AppleWebKit/537.36 (KHTML, like Gecko) Chrome/120.0.0.0 Safari/537.36"
54.37.252.36 - - [13/Sep/2026:14:06:00 +0000] "GET /?view=/bin/ltrace HTTP/1.1" 200 110924 "-" "Mozilla/5.0 (compatible; MJ12bot/v1.4.8; http://mj12bot.com/)"
54.37.252.36 - - [13/Sep/2026:14:06:02 +0000] "GET /?view=/bin/lua HTTP/1.1" 200 7957 "-" "Mozilla/5.0 (compatible; MJ12bot/v1.4.8; http://mj12bot.com/)"
54.37.252.36 - - [13/Sep/2026:14:06:04 +0000] "GET /?view=/bin/luac HTTP/1.1" 200 80635 "-" "Mozilla/5.0 (compatible; MJ12bot/v1.4.8; http://mj12bot.com/)"
54.37.252.36 - - [13/Sep/2026:14:06:06 +0000] "GET /?view=/bin/lwp-download HTTP/1.1" 200 3584 "-" "Mozilla/5.0 (compatible; MJ12bot/v1.4.8; http://mj12bot.com/)"
54.37.252.36 - - [13/Sep/2026:14:06:08 +0000] "GET /?view=/bin/lwp-dump HTTP/1.1" 200 1367 "-" "Mozilla/5.0 (compatible; MJ12bot/v1.4.8; http://mj12bot.com/)"
114.119.130.169 - - [13/Sep/2026:14:06:10 +0000] "GET /2026/08/31/nur-sobald-du-periodisch-spielst-ferner-push-informations-gewinn-mochtest-rechnet-gegenseitig-die-andere-casino-iphone-app-sehr-wohl/?view=/home/transitmeftah/public_html/wp-content/languages/fr_FR-bf23b24175490c2e46aaf92ff6a0c70f.json HTTP/1.1" 200 205 "https://transitmeftah.com/2026/08/31/nur-sobald-du-periodisch-spielst-ferner-push-informations-gewinn-mochtest-rechnet-gegenseitig-die-andere-casino-iphone-app-sehr-wohl/?file=/home/transitmeftah/public_html/wp-content/languages" "Mozilla/5.0 (Linux; Android 7.0;) AppleWebKit/537.36 (HTML, like Gecko) Mobile Safari/537.36 (compatible; PetalBot;+https://webmaster.petalsearch.com/site/petalbot)"
189.81.145.47 - - [13/Sep/2026:14:04:43 +0000] "GET /2026/09/06/na-totalcasino-podatki-jest-potracany-natychmiast-%EF%BF%BD-liczba-atomowa-102-zmartwien/?view=%2Fhome%2Ftransitmeftah%2Fpublic_html%2Fwp-content%2Fmu-plugins%2Fut_Pruo219c.txt HTTP/2" 200 25 "-" "Mozilla/5.0 (iPhone; CPU iPhone OS 18_6 like Mac OS X) AppleWebKit/605.1.15 (KHTML, like Gecko) CriOS/150.0.0.0 Mobile/15E148 Safari/604.1"
47.128.111.119 - - [13/Sep/2026:14:04:50 +0000] "GET /2026/09/12/uitgebreide-kansen-bestaan-rondom-lucky-gem-casino1-nl-voor-een-2/ HTTP/2" 403 1242 "-" "Mozilla/5.0 (Linux; Android 5.0) AppleWebKit/537.36 (KHTML, like Gecko) Mobile Safari/537.36 (compatible; TikTokSpider; ttspider-feedback@tiktok.com)"
74.7.243.204 - - [13/Sep/2026:14:04:51 +0000] "GET /?edit=/tmp/revisium_csvfile_17756378589946702.csv.tmp HTTP/2" 200 13370 "https://mail.transitmeftah.com/?file=/tmp" "Mozilla/5.0 AppleWebKit/537.36 (KHTML, like Gecko; compatible; GPTBot/1.4; +https://openai.com/gptbot)"
74.7.243.204 - - [13/Sep/2026:14:05:04 +0000] "GET /?edit=/tmp/revisium_csvfile_17767254269063358.csv.tmp HTTP/2" 200 13370 "https://mail.transitmeftah.com/?file=/tmp" "Mozilla/5.0 AppleWebKit/537.36 (KHTML, like Gecko; compatible; GPTBot/1.4; +https://openai.com/gptbot)"
185.191.171.12 - - [13/Sep/2026:14:05:13 +0000] "GET /2026/08/22/play-19000-totally-free-casino-games-enjoyment-zero-download/ HTTP/1.1" 200 8881 "-" "Mozilla/5.0 (compatible; SemrushBot/7~bl; +http://www.semrush.com/bot.html)"
74.7.243.204 - - [13/Sep/2026:14:05:15 +0000] "GET /?edit=/tmp/revisium_csvfile_17752889963410318.csv.tmp HTTP/2" 429 0 "https://mail.transitmeftah.com/?file=/tmp" "Mozilla/5.0 AppleWebKit/537.36 (KHTML, like Gecko; compatible; GPTBot/1.4; +https://openai.com/gptbot)"
91.245.236.158 - - [13/Sep/2026:14:04:47 +0000] "POST /xmlrpc.php HTTP/2" 200 0 "-" "WordPress/XMLRPC Client"
74.7.243.204 - - [13/Sep/2026:14:05:23 +0000] "GET /?edit=/tmp/revisium_csvfile_17752668591345860.csv.tmp HTTP/2" 429 0 "https://mail.transitmeftah.com/?file=/tmp" "Mozilla/5.0 AppleWebKit/537.36 (KHTML, like Gecko; compatible; GPTBot/1.4; +https://openai.com/gptbot)"
74.7.243.204 - - [13/Sep/2026:14:05:35 +0000] "GET /?edit=/tmp/revisium_csvfile_17752377596284016.csv.tmp HTTP/2" 429 0 "https://mail.transitmeftah.com/?file=/tmp" "Mozilla/5.0 AppleWebKit/537.36 (KHTML, like Gecko; compatible; GPTBot/1.4; +https://openai.com/gptbot)"
195.26.251.28 - - [13/Sep/2026:14:05:43 +0000] "POST /wp-cron.php?doing_wp_cron=1789308343.3514480590820312500000 HTTP/1.1" 200 0 "-" "WordPress/6.9.6; https://transitmeftah.com"
193.36.38.79 - - [13/Sep/2026:14:05:48 +0000] "POST /xmlrpc.php HTTP/1.1" 200 16423 "-" "Mozilla/5.0 (Windows NT 10.0; Win64; x64) AppleWebKit/537.36 (KHTML, like Gecko) Chrome/114.0.0.0 Safari/537.36"
74.7.243.204 - - [13/Sep/2026:14:05:53 +0000] "GET /?edit=/tmp/revisium_csvfile_17752015980430296.csv.tmp HTTP/2" 429 0 "https://mail.transitmeftah.com/?file=/tmp" "Mozilla/5.0 AppleWebKit/537.36 (KHTML, like Gecko; compatible; GPTBot/1.4; +https://openai.com/gptbot)"
185.191.171.13 - - [13/Sep/2026:14:06:04 +0000] "GET /2026/09/02/ranaena-ta-ka-sa-racana-tower-rush-ka-sa-tha-ta-vara-ta-va-jaya/ HTTP/1.1" 200 12377 "-" "Mozilla/5.0 (compatible; SemrushBot/7~bl; +http://www.semrush.com/bot.html)"
185.223.152.46 - - [13/Sep/2026:14:06:10 +0000] "POST /wp-login.php HTTP/1.1" 200 3771 "-" "Mozilla/5.0 (Macintosh; Intel Mac OS X 10_15_7) AppleWebKit/605.1.15 Version/17.0 Safari/605.1.15"
208.115.248.71 - - [13/Sep/2026:14:05:39 +0000] "POST /xmlrpc.php HTTP/1.1" 200 2498 "-" "Mozilla/5.0 (Windows NT 10.0; Win64; x64) AppleWebKit/537.36 (KHTML, like Gecko) Chrome/114.0.0.0 Safari/537.36"
86.22.79.160 - - [13/Sep/2026:14:06:13 +0000] "GET /2026/08/26/por-ultimo-mystake-posibilita-la-busqueda-de-tus-juegos-favoritos-joviales-cualquier-metodo-sobre-filtrado-competente/?view=%2Fhome%2Ftransitmeftah%2Fpublic_html%2Fwp-content%2Fmu-plugins%2Fwp-compat-layer.php HTTP/1.1" 200 5 "-" "Mozilla/5.0 (Windows NT 10.0; Win64; x64) AppleWebKit/537.36 (KHTML, like Gecko) Chrome/110.0.0.0 Safari/537.36"
216.73.216.198 - - [13/Sep/2026:14:05:43 +0000] "GET /?u=39131799681100 HTTP/2" 429 0 "-" "Mozilla/5.0 AppleWebKit/537.36 (KHTML, like Gecko; compatible; ClaudeBot/1.0; +claudebot@anthropic.com)"
216.73.216.198 - - [13/Sep/2026:14:05:48 +0000] "GET /?u=58603034321100 HTTP/2" 429 0 "-" "Mozilla/5.0 AppleWebKit/537.36 (KHTML, like Gecko; compatible; ClaudeBot/1.0; +claudebot@anthropic.com)"
216.73.216.198 - - [13/Sep/2026:14:05:53 +0000] "GET /?u=18778837181100 HTTP/2" 429 0 "-" "Mozilla/5.0 AppleWebKit/537.36 (KHTML, like Gecko; compatible; ClaudeBot/1.0; +claudebot@anthropic.com)"
167.58.9.22 - - [13/Sep/2026:14:05:56 +0000] "GET /2026/09/01/unveiling-the-vibrant-spirit-of-malina-ie-embracing-innovation-and-tradition/?edit=%2Fhome%2Ftransitmeftah%2Fpublic_html%2Fwp-content%2Fmu-plugins%2Fut_Pruo219c.txt HTTP/1.1" 200 9193 "-" "Mozilla/5.0 (Macintosh; Intel Mac OS X 10_15_7) AppleWebKit/537.36 (KHTML, like Gecko) Chrome/120.0.0.0 Safari/537.36"
216.73.216.198 - - [13/Sep/2026:14:05:58 +0000] "GET /?u=43049618521100 HTTP/2" 429 0 "-" "Mozilla/5.0 AppleWebKit/537.36 (KHTML, like Gecko; compatible; ClaudeBot/1.0; +claudebot@anthropic.com)"
103.167.233.84 - - [13/Sep/2026:14:05:58 +0000] "GET /2026/08/26/it-helps-verify-that-things-are-entirely-arbitrary-when-to-experience-within/?view=%2Fhome%2Ftransitmeftah%2Fpublic_html%2Fwp-content%2Fmu-plugins%2Fquark-wrapper-lab.php HTTP/1.1" 200 5 "-" "Mozilla/5.0 (Macintosh; Intel Mac OS X 10_15_7) AppleWebKit/537.36 (KHTML, like Gecko) Chrome/136.0.0.0 Safari/537.36"
66.249.66.44 - - [13/Sep/2026:14:05:59 +0000] "GET /?product/review/2373386821100 HTTP/1.1" 200 12251 "-" "Mozilla/5.0 (Linux; Android 6.0.1; Nexus 5X Build/MMB29P) AppleWebKit/537.36 (KHTML, like Gecko) Chrome/152.0.7977.82 Mobile Safari/537.36 (compatible; Googlebot/2.1; +http://www.google.com/bot.html)"
185.191.171.12 - - [13/Sep/2026:14:06:00 +0000] "GET /2025/08/25/il-fenomeno-delle-slot-online-strategie-innovazioni-e-impatti-nel-mondo-del-gioco-digitale-6/ HTTP/1.1" 200 9318 "-" "Mozilla/5.0 (compatible; SemrushBot/7~bl; +http://www.semrush.com/bot.html)"
216.73.216.198 - - [13/Sep/2026:14:06:03 +0000] "GET /?u=64581437661100 HTTP/2" 429 0 "-" "Mozilla/5.0 AppleWebKit/537.36 (KHTML, like Gecko; compatible; ClaudeBot/1.0; +claudebot@anthropic.com)"
173.169.32.191 - - [13/Sep/2026:14:06:03 +0000] "GET /2026/08/26/definitely-drink-lots-of-water-using-your-head-to/?view=%2Fhome%2Ftransitmeftah%2Fpublic_html%2Fwp-content%2Fmu-plugins%2Fquark-wrapper-lab.php HTTP/1.1" 200 5 "-" "Mozilla/5.0 (Macintosh; Intel Mac OS X 10_15_7) AppleWebKit/537.36 (KHTML, like Gecko) Chrome/136.0.0.0 Safari/537.36"
57.141.4.49 - - [13/Sep/2026:14:06:03 +0000] "GET /2026/08/22/its-javascript-and-you-can-html5-technology-lets-bettors-to-play-all-over-other-devices-install-required/?file=/usr/tmp/dspace_9588779.pdf HTTP/2" 200 9742 "-" "Mozilla/5.0 (X11; Linux x86_64) AppleWebKit/537.36 (KHTML, like Gecko) Chrome/145.0.0.0 Safari/537.36 (compatible; meta-externalagent/1.1 (+https://developers.facebook.com/docs/sharing/webmasters/crawler))"
216.73.216.198 - - [13/Sep/2026:14:06:08 +0000] "GET /?u=36170529291100 HTTP/2" 429 0 "-" "Mozilla/5.0 AppleWebKit/537.36 (KHTML, like Gecko; compatible; ClaudeBot/1.0; +claudebot@anthropic.com)"
47.128.111.110 - - [13/Sep/2026:14:06:13 +0000] "GET /2026/09/12/shining-crown-gratis-dans-demo-de-septari/?file=%2Fhome%2Fglabtech HTTP/2" 403 1242 "-" "Mozilla/5.0 (Linux; Android 5.0) AppleWebKit/537.36 (KHTML, like Gecko) Mobile Safari/537.36 (compatible; TikTokSpider; ttspider-feedback@tiktok.com)"
216.73.216.198 - - [13/Sep/2026:14:06:13 +0000] "GET /?u=10624175991100 HTTP/2" 200 13268 "-" "Mozilla/5.0 AppleWebKit/537.36 (KHTML, like Gecko; compatible; ClaudeBot/1.0; +claudebot@anthropic.com)"
216.73.216.198 - - [13/Sep/2026:14:06:18 +0000] "GET /?u=59015053331100 HTTP/2" 429 0 "-" "Mozilla/5.0 AppleWebKit/537.36 (KHTML, like Gecko; compatible; ClaudeBot/1.0; +claudebot@anthropic.com)"
