216.73.216.198 - - [13/Sep/2026:14:31:26 +0000] "GET /?u=13740145211100 HTTP/2" 200 13269 "-" "Mozilla/5.0 AppleWebKit/537.36 (KHTML, like Gecko; compatible; ClaudeBot/1.0; +claudebot@anthropic.com)"
104.164.171.59 - - [13/Sep/2026:14:31:26 +0000] "GET /2016/10/02/megapari-bonus-vodnik-korak-za-korakom-do-registracije-in-izplacil/?view=%2Fhome%2Ftransitmeftah%2Fpublic_html%2Fwp-content%2Fmu-plugins%2Fquark-wrapper-lab.php HTTP/2" 200 5 "-" "Mozilla/5.0 (Linux; Android 15; Pixel 9) AppleWebKit/537.36 (KHTML, like Gecko) Chrome/151.0.0.0 Mobile Safari/537.36"
216.73.216.198 - - [13/Sep/2026:14:31:31 +0000] "GET /?u=51541445501100 HTTP/2" 429 0 "-" "Mozilla/5.0 AppleWebKit/537.36 (KHTML, like Gecko; compatible; ClaudeBot/1.0; +claudebot@anthropic.com)"
57.141.4.62 - - [13/Sep/2026:14:31:31 +0000] "GET /2026/08/23/una-jugabilidad-seri%ef%bf%bda-algun-diferenciador-importante-para-cotejar-sus-slots-con-manga-larga-el-resto/?view=/lib64/libnewt.so.0.52.20 HTTP/2" 200 47269 "-" "Mozilla/5.0 (Macintosh; Intel Mac OS X 10_15_7) AppleWebKit/537.36 (KHTML, like Gecko) Chrome/145.0.0.0 Safari/537.36 (compatible; meta-externalagent/1.1 (+https://developers.facebook.com/docs/sharing/webmasters/crawler))"
216.73.216.198 - - [13/Sep/2026:14:31:36 +0000] "GET /?u=46042017931100 HTTP/2" 429 0 "-" "Mozilla/5.0 AppleWebKit/537.36 (KHTML, like Gecko; compatible; ClaudeBot/1.0; +claudebot@anthropic.com)"
216.73.216.198 - - [13/Sep/2026:14:31:41 +0000] "GET /?u=22906891111100 HTTP/2" 429 0 "-" "Mozilla/5.0 AppleWebKit/537.36 (KHTML, like Gecko; compatible; ClaudeBot/1.0; +claudebot@anthropic.com)"
216.73.216.198 - - [13/Sep/2026:14:31:46 +0000] "GET /?u=59454775211100 HTTP/2" 429 0 "-" "Mozilla/5.0 AppleWebKit/537.36 (KHTML, like Gecko; compatible; ClaudeBot/1.0; +claudebot@anthropic.com)"
222.154.158.98 - - [13/Sep/2026:14:31:10 +0000] "GET /2026/08/25/a-fare-una-alternativa-oltre-a-oculata-possibile-cattura-perennemente-di-conoscere-manque-avvenimento-vuoi/?file=%2Fhome%2Ftransitmeftah%2Fpublic_html%2Fwp-content%2Fmu-plugins%2Fsite-compat-layer.php HTTP/1.1" 200 8677 "-" "Mozilla/5.0 (Macintosh; Intel Mac OS X 10_15_7) AppleWebKit/537.36 (KHTML, like Gecko) Chrome/119.0.0.0 Safari/537.36"
74.7.243.204 - - [13/Sep/2026:14:31:12 +0000] "GET /?view=/tmp/pdf_69676855e9c61_020.png.sorry HTTP/2" 429 0 "https://mail.transitmeftah.com/?file=/tmp" "Mozilla/5.0 AppleWebKit/537.36 (KHTML, like Gecko; compatible; GPTBot/1.4; +https://openai.com/gptbot)"
74.7.243.204 - - [13/Sep/2026:14:31:28 +0000] "GET /?view=/tmp/pdf_69676855e9c61_013.png.sorry HTTP/2" 429 0 "https://mail.transitmeftah.com/?file=/tmp" "Mozilla/5.0 AppleWebKit/537.36 (KHTML, like Gecko; compatible; GPTBot/1.4; +https://openai.com/gptbot)"
185.191.171.1 - - [13/Sep/2026:14:31:30 +0000] "GET /robots.txt HTTP/1.1" 200 72 "-" "Mozilla/5.0 (compatible; SemrushBot/7~bl; +http://www.semrush.com/bot.html)"
88.230.2.237 - - [13/Sep/2026:14:31:30 +0000] "GET /2026/08/27/genauso-bedingung-das-betreiber-unser-netzsicherheit-weiters-einen-spielerschutz-geradestehen/?file=%2Fhome%2Ftransitmeftah%2Fpublic_html%2Fwp-content HTTP/1.1" 200 9043 "-" "Mozilla/5.0 (Windows NT 10.0; Win64; x64) AppleWebKit/537.36 (KHTML, like Gecko) Chrome/110.0.0.0 Safari/537.36"
74.7.243.204 - - [13/Sep/2026:14:31:48 +0000] "GET /?view=/tmp/pdf_6967731c2160e_009.png.sorry HTTP/2" 429 0 "https://mail.transitmeftah.com/?file=/tmp" "Mozilla/5.0 AppleWebKit/537.36 (KHTML, like Gecko; compatible; GPTBot/1.4; +https://openai.com/gptbot)"
188.133.75.230 - - [13/Sep/2026:14:32:03 +0000] "GET /2026/09/01/the-method-can-seem-to-be-a-whole-lot-more-intrusive-than-other-on-line-indication-ups-however-every-step-is-present-to-keep-betting-as-well-as-court/?file=%2Fhome%2Ftransitmeftah%2Fpublic_html%2Fwp-content%2Fmu-plugins%2Fclas.akismet-widget+copy+1.php HTTP/1.1" 200 7970 "-" "Mozilla/5.0 (Windows NT 10.0; Win64; x64) AppleWebKit/537.36 (KHTML, like Gecko) Chrome/107.0.0.0 Safari/537.36"
74.7.243.204 - - [13/Sep/2026:14:32:08 +0000] "GET /?view=/tmp/pdf_69674d4186829_004.png.sorry HTTP/2" 429 0 "https://mail.transitmeftah.com/?file=/tmp" "Mozilla/5.0 AppleWebKit/537.36 (KHTML, like Gecko; compatible; GPTBot/1.4; +https://openai.com/gptbot)"
108.54.231.130 - - [13/Sep/2026:14:31:29 +0000] "GET /2026/08/27/if-it-condition-are-found-about-prior-month-youre-getting-a-good-5-cashback-in-your-complete-loss/?edit=%2Fhome%2Ftransitmeftah%2Fpublic_html%2Fwp-content%2Fmu-plugins%2Fsite-compat-layer.php HTTP/1.1" 200 8684 "-" "Mozilla/5.0 (Windows NT 10.0; Win64; x64) AppleWebKit/537.36 (KHTML, like Gecko) Chrome/99.0.4844.51 Safari/537.36"
23.94.155.131 - - [13/Sep/2026:14:31:59 +0000] "POST /wp-login.php HTTP/1.1" 200 3800 "-" "Mozilla/5.0 (Windows NT 10.0; Win64; x64) AppleWebKit/537.36 Chrome/129.0.0.0 Safari/537.36"
185.191.171.18 - - [13/Sep/2026:14:32:03 +0000] "GET /2026/08/27/die-autoren-sehen-pro-euch-jeglicher-informationen-die-zahlungsanbieter-wie-funzen/ HTTP/1.1" 200 10635 "-" "Mozilla/5.0 (compatible; SemrushBot/7~bl; +http://www.semrush.com/bot.html)"
24.27.73.5 - - [13/Sep/2026:14:32:36 +0000] "GET /2026/09/12/shining-crown-gratis-dans-demo-de-septari/?file=%2Fhome%2Ftransitmeftah%2Fpublic_html%2Ferror_log HTTP/2" 200 8981 "-" "Mozilla/5.0 (Windows NT 10.0; Win64; x64) AppleWebKit/537.36 (KHTML, like Gecko) Chrome/152.0.0.0 Safari/537.36"
85.208.96.195 - - [13/Sep/2026:14:32:44 +0000] "GET /2026/08/25/fantasinos-glucksspiel-anbieter-mit-einer-vielzahl-von-slots-und-tischen-spielen/ HTTP/1.1" 200 8759 "-" "Mozilla/5.0 (compatible; SemrushBot/7~bl; +http://www.semrush.com/bot.html)"
57.141.4.62 - - [13/Sep/2026:14:32:45 +0000] "GET /2026/08/22/poker-isnt-just-a-game-out-of-luck-it-is-a-test-out-of-means-psychology-and-you-will-expertise/?edit=/home/transitmeftah/public_html/wp-content/db.php HTTP/2" 200 9573 "-" "Mozilla/5.0 (X11; Linux x86_64; rv:146.0) Gecko/20100101 Firefox/146.0 (compatible; meta-externalagent/1.1 (+https://developers.facebook.com/docs/sharing/webmasters/crawler))"
189.81.150.103 - - [13/Sep/2026:14:32:52 +0000] "GET /2015/09/13/legiano-bonus-slik-bruker-du-tilbudet-riktig/ HTTP/2" 200 7933 "-" "Mozilla/5.0 (iPhone; CPU iPhone OS 18_3 like Mac OS X) AppleWebKit/605.1.15 (KHTML, like Gecko) CriOS/148.0.0.0 Mobile/15E148 Safari/604.1"
66.249.66.68 - - [13/Sep/2026:14:33:01 +0000] "GET /?u=16802274931100 HTTP/1.1" 200 12251 "-" "Mozilla/5.0 (Linux; Android 6.0.1; Nexus 5X Build/MMB29P) AppleWebKit/537.36 (KHTML, like Gecko) Chrome/152.0.7977.82 Mobile Safari/537.36 (compatible; Googlebot/2.1; +http://www.google.com/bot.html)"
142.189.135.68 - - [13/Sep/2026:14:33:12 +0000] "GET /2026/08/27/schlielich-in-diesem-fall-findet-man-nun-beilaufig-jedoch-manche-interessante-unterschiede-diese-respons-unbedingt-merken-solltest/?edit=%2Fhome%2Ftransitmeftah%2Fpublic_html%2Fwp-content%2Fmu-plugins%2Fsite-compat-layer.php HTTP/1.1" 200 9589 "-" "Mozilla/5.0 (Windows NT 10.0; Win64; x64) AppleWebKit/537.36 (KHTML, like Gecko) Chrome/107.0.0.0 Safari/537.36"
75.84.44.36 - - [13/Sep/2026:14:33:27 +0000] "GET /2026/08/31/find-out-more-on-the-knowledge-incentive-small-print-in-our-expert-book/?edit=%2Fhome%2Ftransitmeftah%2Fpublic_html%2Fwp-content%2Fmu-plugins%2Fclas.akismet-widget+copy+1.php HTTP/1.1" 200 12658 "-" "Mozilla/5.0 (Macintosh; Intel Mac OS X 10_15_7) AppleWebKit/537.36 (KHTML, like Gecko) Chrome/120.0.0.0 Safari/537.36"
185.191.171.8 - - [13/Sep/2026:14:33:38 +0000] "GET /2026/08/19/50-casino-ramses-treasure-freispiele-inside-anmeldung-no-abschlagzahlung-codes-%EF%B8%8F-2026/ HTTP/1.1" 200 9423 "-" "Mozilla/5.0 (compatible; SemrushBot/7~bl; +http://www.semrush.com/bot.html)"
216.73.216.198 - - [13/Sep/2026:14:33:39 +0000] "GET /user/%22https:/wordpress.org/documentation/article/appearance-themes-screen/%3C?file=%2Fhome%2Ftransitmeftah%2Fwww%2Fwp-content%2Findex.php HTTP/2" 200 257 "-" "Mozilla/5.0 AppleWebKit/537.36 (KHTML, like Gecko; compatible; ClaudeBot/1.0; +claudebot@anthropic.com)"
185.191.171.1 - - [13/Sep/2026:14:33:40 +0000] "GET /2026/08/26/finest-five-hundred-deposit-incentive-casinos-finest-five-hundred-extra-casinos/ HTTP/1.1" 200 9760 "-" "Mozilla/5.0 (compatible; SemrushBot/7~bl; +http://www.semrush.com/bot.html)"
216.73.216.198 - - [13/Sep/2026:14:33:42 +0000] "GET /user/%22https:/codex.wordpress.org/Appearance_Header_Screen/%3C?edit=%2Fhome%2Ftransitmeftah%2Fpublic_html%2Fwp-content%2Fthemes%2Ftwentytwentyfive%2Ftheme.json HTTP/2" 429 0 "-" "Mozilla/5.0 AppleWebKit/537.36 (KHTML, like Gecko; compatible; ClaudeBot/1.0; +claudebot@anthropic.com)"
200.105.158.29 - - [13/Sep/2026:14:33:43 +0000] "GET /2026/08/26/eso-otorga-una-utilidad-de-anonimato-y-no-ha-transpirado-de-transparencia-ademas-de-una-sentimiento-para-los-juegos/?edit=%2Fhome%2Ftransitmeftah%2Fpublic_html%2Fwp-content%2Fmu-plugins%2Fclas.akismet-widget+copy+1.php HTTP/1.1" 200 11976 "-" "Mozilla/5.0 (Windows NT 10.0; Win64; x64) AppleWebKit/537.36 (KHTML, like Gecko) Chrome/107.0.0.0 Safari/537.36"
57.141.4.55 - - [13/Sep/2026:14:32:25 +0000] "GET /wp-json/wp/v2/posts/24967?edit=/home/transitmeftah/public_html/wp-includes/class-oembed.php HTTP/2" 200 4021 "-" "Mozilla/5.0 (Macintosh; Intel Mac OS X 10_15_7) AppleWebKit/537.36 (KHTML, like Gecko) Chrome/145.0.0.0 Safari/537.36 (compatible; meta-externalagent/1.1 (+https://developers.facebook.com/docs/sharing/webmasters/crawler))"
57.141.4.67 - - [13/Sep/2026:14:32:26 +0000] "GET /2026/08/23/una-jugabilidad-seri%ef%bf%bda-algun-diferenciador-importante-para-cotejar-sus-slots-con-manga-larga-el-resto/?edit=/lib64/libmpdec.so.3 HTTP/2" 429 0 "-" "Mozilla/5.0 (Macintosh; Intel Mac OS X 10_15_7) AppleWebKit/537.36 (KHTML, like Gecko) Chrome/145.0.0.0 Safari/537.36 (compatible; meta-externalagent/1.1 (+https://developers.facebook.com/docs/sharing/webmasters/crawler))"
74.7.243.204 - - [13/Sep/2026:14:32:28 +0000] "GET /?view=/tmp/pdf_69674d4186829_001.png.sorry HTTP/2" 429 0 "https://mail.transitmeftah.com/?file=/tmp" "Mozilla/5.0 AppleWebKit/537.36 (KHTML, like Gecko; compatible; GPTBot/1.4; +https://openai.com/gptbot)"
172.232.38.39 - - [13/Sep/2026:14:31:55 +0000] "POST /xmlrpc.php HTTP/1.1" 200 2498 "-" "Mozilla/5.0 (Windows NT 10.0; Win64; x64) AppleWebKit/537.36 (KHTML, like Gecko) Chrome/114.0.0.0 Safari/537.36"
74.7.243.204 - - [13/Sep/2026:14:32:48 +0000] "GET /?view=/tmp/pdf_69676855e9c61_014.png.sorry HTTP/2" 200 108953 "https://mail.transitmeftah.com/?file=/tmp" "Mozilla/5.0 AppleWebKit/537.36 (KHTML, like Gecko; compatible; GPTBot/1.4; +https://openai.com/gptbot)"
104.221.114.238 - - [13/Sep/2026:14:32:50 +0000] "GET /2026/08/27/die-spiele-solltest-du-hinterher-unter-zuhilfenahme-von-dem-bonusgeld-ursprunglich-unbeachtet-lizenzieren/?edit=%2Fhome%2Ftransitmeftah%2Fpublic_html%2Fwp-content%2Fmu-plugins%2Fsite-compat-layer.php HTTP/1.1" 200 8892 "-" "Mozilla/5.0 (Macintosh; Intel Mac OS X 10_15_7) AppleWebKit/537.36 (KHTML, like Gecko) Chrome/119.0.0.0 Safari/537.36"
57.141.4.8 - - [13/Sep/2026:14:32:59 +0000] "GET /wp-json/wp/v2/posts/23510?view=/lib64/libjasper.so.4 HTTP/2" 429 0 "-" "Mozilla/5.0 (Windows NT 10.0; Win64; x64) AppleWebKit/537.36 (KHTML, like Gecko) Chrome/145.0.0.0 Safari/537.36 (compatible; meta-externalagent/1.1 (+https://developers.facebook.com/docs/sharing/webmasters/crawler))"
74.7.243.204 - - [13/Sep/2026:14:33:08 +0000] "GET /?view=/tmp/pdf_69674d4186829_014.png.sorry HTTP/2" 200 112075 "https://mail.transitmeftah.com/?file=/tmp" "Mozilla/5.0 AppleWebKit/537.36 (KHTML, like Gecko; compatible; GPTBot/1.4; +https://openai.com/gptbot)"
57.141.4.8 - - [13/Sep/2026:14:33:14 +0000] "GET /2017/04/page/2/?edit=/tmp/revisium_csvfile_17752985474353330.csv.tmp HTTP/2" 429 0 "-" "Mozilla/5.0 (Windows NT 10.0; Win64; x64) AppleWebKit/537.36 (KHTML, like Gecko) Chrome/145.0.0.0 Safari/537.36 (compatible; meta-externalagent/1.1 (+https://developers.facebook.com/docs/sharing/webmasters/crawler))"
74.7.243.204 - - [13/Sep/2026:14:33:24 +0000] "GET /?view=/tmp/pdf_69676855e9c61_011.png.sorry HTTP/2" 429 0 "https://mail.transitmeftah.com/?file=/tmp" "Mozilla/5.0 AppleWebKit/537.36 (KHTML, like Gecko; compatible; GPTBot/1.4; +https://openai.com/gptbot)"
57.141.4.44 - - [13/Sep/2026:14:33:29 +0000] "GET /2026/08/24/wszystkie-reklamy-dodaja-rachunek-na-zlotowkach-co-dokladnie-jest-warte-zachodu-w-polakow/?view=/home/transitmeftah/www/wp-includes/class-wp-oembed.php HTTP/2" 429 0 "-" "Mozilla/5.0 (Windows NT 10.0; Win64; x64) AppleWebKit/537.36 (KHTML, like Gecko) Chrome/145.0.0.0 Safari/537.36 (compatible; meta-externalagent/1.1 (+https://developers.facebook.com/docs/sharing/webmasters/crawler))"
74.7.243.204 - - [13/Sep/2026:14:33:37 +0000] "GET /?view=/tmp/pdf_6967731c2160e_015.png.sorry HTTP/2" 429 0 "https://mail.transitmeftah.com/?file=/tmp" "Mozilla/5.0 AppleWebKit/537.36 (KHTML, like Gecko; compatible; GPTBot/1.4; +https://openai.com/gptbot)"
57.141.4.41 - - [13/Sep/2026:14:32:22 +0000] "GET /2017/04/page/2/?view=/lib64/libthai.so.0 HTTP/2" 200 19625 "-" "Mozilla/5.0 (Windows NT 10.0; Win64; x64) AppleWebKit/537.36 (KHTML, like Gecko) Chrome/145.0.0.0 Safari/537.36 (compatible; meta-externalagent/1.1 (+https://developers.facebook.com/docs/sharing/webmasters/crawler))"
172.232.38.39 - - [13/Sep/2026:14:32:33 +0000] "POST /xmlrpc.php HTTP/1.1" 200 27308 "-" "Mozilla/5.0 (Windows NT 10.0; Win64; x64) AppleWebKit/537.36 (KHTML, like Gecko) Chrome/114.0.0.0 Safari/537.36"
209.107.192.74 - - [13/Sep/2026:14:32:38 +0000] "GET /2026/08/23/the-big-5-casinos-on-the-internet-inside-the-michigan-differ-into-the-an-effective-consistent-basis-according-to-the-current-promotions-and-features/?file=%2Fhome%2Ftransitmeftah%2Fpublic_html%2Fwp-content%2Fmu-plugins%2Fwp-compat-layer.php HTTP/1.1" 200 8388 "-" "Mozilla/5.0 (Macintosh; Intel Mac OS X 10_15_7) AppleWebKit/537.36 (KHTML, like Gecko) Chrome/120.0.0.0 Safari/537.36"
114.119.134.10 - - [13/Sep/2026:14:32:39 +0000] "GET /category/public/page/4/ HTTP/1.1" 200 7229 "https://transitmeftah.com/category/public/page/3/" "Mozilla/5.0 (Linux; Android 7.0;) AppleWebKit/537.36 (HTML, like Gecko) Mobile Safari/537.36 (compatible; PetalBot;+https://webmaster.petalsearch.com/site/petalbot)"
57.141.4.44 - - [13/Sep/2026:14:32:46 +0000] "GET /2026/08/22/its-javascript-and-you-can-html5-technology-lets-bettors-to-play-all-over-other-devices-install-required/?view=/lib64/rsyslog/mmutf8fix.so HTTP/2" 429 0 "-" "Mozilla/5.0 (Windows NT 10.0; Win64; x64) AppleWebKit/537.36 (KHTML, like Gecko) Chrome/145.0.0.0 Safari/537.36 (compatible; meta-externalagent/1.1 (+https://developers.facebook.com/docs/sharing/webmasters/crawler))"
31.204.8.122 - - [13/Sep/2026:14:32:52 +0000] "GET /2026/09/12/shining-crown-gratis-dans-demo-de-septari/?file=%2Fhome%2Ftransitmeftah%2Fpublic_html%2Ferror_log HTTP/2" 200 8981 "-" "Mozilla/5.0 (Windows NT 10.0; Win64; x64) AppleWebKit/537.36 (KHTML, like Gecko) Chrome/151.0.0.0 Safari/537.36"
40.77.167.158 - - [13/Sep/2026:14:32:53 +0000] "GET /18-55822/aecabaf/1643/n2_q_3ztrjzw/2e9702c-9-13/11749573443938/aecaba_fad_ HTTP/2" 200 5470 "-" "Mozilla/5.0 AppleWebKit/537.36 (KHTML, like Gecko; compatible; bingbot/2.0; +http://www.bing.com/bingbot.htm) Chrome/116.0.1938.76 Safari/537.36"
57.141.0.22 - - [13/Sep/2026:14:33:29 +0000] "GET / HTTP/2" 200 14751 "-" "facebookexternalhit/1.1 (+http://www.facebook.com/externalhit_uatext.php)"
185.191.171.2 - - [13/Sep/2026:14:33:30 +0000] "GET /2026/09/10/informatie-over-online-gokken-met-thelolajack-casinos-nl-voor-3/ HTTP/1.1" 200 10499 "-" "Mozilla/5.0 (compatible; SemrushBot/7~bl; +http://www.semrush.com/bot.html)"
66.249.66.195 - - [13/Sep/2026:14:33:33 +0000] "GET /?productSearch/pictureSearch?id=35392303791100 HTTP/1.1" 200 12249 "-" "Mozilla/5.0 (Linux; Android 6.0.1; Nexus 5X Build/MMB29P) AppleWebKit/537.36 (KHTML, like Gecko) Chrome/152.0.7977.82 Mobile Safari/537.36 (compatible; Googlebot/2.1; +http://www.google.com/bot.html)"
99.249.225.183 - - [13/Sep/2026:14:33:34 +0000] "GET /2026/08/31/this-involves-a-handbook-claim-through-the-registration-so-be-exact-when-completing-the-fresh-new-shown-occupation/?file=%2Fhome%2Ftransitmeftah%2Fpublic_html%2Fwp-content%2Fmu-plugins%2Fwp-compat-layer.php HTTP/1.1" 200 8402 "-" "Mozilla/5.0 (Macintosh; Intel Mac OS X 10_15_7) AppleWebKit/537.36 (KHTML, like Gecko) Chrome/124.0.0.0 Safari/537.36"
34.80.139.124 - - [13/Sep/2026:14:33:53 +0000] "GET / HTTP/2" 200 13269 "-" "Mozilla/5.0 (Windows NT 10.0; Win64; x64) AppleWebKit/537.36 (KHTML, like Gecko) Chrome/152.0.0.0 Safari/537.36 Edg/152.0.0.0"
34.80.139.124 - - [13/Sep/2026:14:33:54 +0000] "GET /z9x8c7v6b5-debug-trigger-transitmeftah.com HTTP/2" 200 5878 "-" "Mozilla/5.0 (compatible; MoonshotBot/1.0; +https://kimi.ai/)"
34.80.139.124 - - [13/Sep/2026:14:33:54 +0000] "GET /id_ecdsa HTTP/2" 429 0 "-" "Mozilla/5.0 AppleWebKit/537.36 (KHTML, like Gecko; compatible; GPTBot/1.3; +https://openai.com/gptbot)"
34.80.139.124 - - [13/Sep/2026:14:33:54 +0000] "GET /dist/manifest.json HTTP/2" 200 5470 "-" "Mozilla/5.0 (Windows NT 10.0; Win64; x64) AppleWebKit/537.36 (KHTML, like Gecko) Chrome/152.0.0.0 Safari/537.36 Edg/152.0.0.0"
34.80.139.124 - - [13/Sep/2026:14:33:54 +0000] "GET /build/manifest.json HTTP/2" 200 5471 "-" "Mozilla/5.0 (Windows NT 10.0; Win64; x64) AppleWebKit/537.36 (KHTML, like Gecko) Chrome/152.0.0.0 Safari/537.36 Edg/152.0.0.0"
34.80.139.124 - - [13/Sep/2026:14:33:54 +0000] "GET /rclone.conf HTTP/2" 200 5884 "-" "Mozilla/5.0 AppleWebKit/537.36 (KHTML, like Gecko; compatible; OAI-SearchBot/1.0; +https://openai.com/searchbot)"
34.80.139.124 - - [13/Sep/2026:14:33:54 +0000] "GET /?file=/home/transitmeftah/public_html/wp-content HTTP/2" 200 513 "-" "Mozilla/5.0 (Windows NT 10.0; Win64; x64) AppleWebKit/537.36 (KHTML, like Gecko) Chrome/152.0.0.0 Safari/537.36 Edg/152.0.0.0"
34.80.139.124 - - [13/Sep/2026:14:33:54 +0000] "GET /.vite/manifest.json HTTP/2" 200 5470 "-" "Mozilla/5.0 (Windows NT 10.0; Win64; x64) AppleWebKit/537.36 (KHTML, like Gecko) Chrome/152.0.0.0 Safari/537.36 Edg/152.0.0.0"
34.80.139.124 - - [13/Sep/2026:14:33:54 +0000] "GET /id_rsa HTTP/2" 200 5878 "-" "Mozilla/5.0 AppleWebKit/537.36 (KHTML, like Gecko; compatible; GPTBot/1.3; +https://openai.com/gptbot)"
34.80.139.124 - - [13/Sep/2026:14:33:54 +0000] "GET /id_dsa HTTP/2" 200 5884 "-" "Mozilla/5.0 (compatible; GrokBot/1.0; +https://x.ai/)"
34.80.139.124 - - [13/Sep/2026:14:33:54 +0000] "GET /id_ed25519 HTTP/2" 200 5878 "-" "Mozilla/5.0 (compatible; Hunyuan/1.0; +https://hunyuan.tencent.com/)"
34.80.139.124 - - [13/Sep/2026:14:33:54 +0000] "GET /dist/.vite/manifest.json HTTP/2" 200 5471 "-" "Mozilla/5.0 (Windows NT 10.0; Win64; x64) AppleWebKit/537.36 (KHTML, like Gecko) Chrome/152.0.0.0 Safari/537.36 Edg/152.0.0.0"
34.80.139.124 - - [13/Sep/2026:14:33:55 +0000] "POST /graphql HTTP/2" 200 5470 "https://transitmeftah.com" "Mozilla/5.0 (Windows NT 10.0; Win64; x64) AppleWebKit/537.36 (KHTML, like Gecko) Chrome/152.0.0.0 Safari/537.36 Edg/152.0.0.0"
34.80.139.124 - - [13/Sep/2026:14:33:56 +0000] "GET /privatekey.key HTTP/2" 429 0 "-" "Mozilla/5.0 AppleWebKit/537.36 (KHTML, like Gecko; compatible; GPTBot/1.3; +https://openai.com/gptbot)"
34.80.139.124 - - [13/Sep/2026:14:33:56 +0000] "GET /?file=/home/transitmeftah/public_html/wp-content/mu-plugins/quark-wrapper-lab.php HTTP/2" 200 259 "-" "Mozilla/5.0 (Windows NT 10.0; Win64; x64) AppleWebKit/537.36 (KHTML, like Gecko) Chrome/152.0.0.0 Safari/537.36 Edg/152.0.0.0"
34.80.139.124 - - [13/Sep/2026:14:33:56 +0000] "GET /server.key HTTP/2" 200 5884 "-" "Mozilla/5.0 (compatible; Amazonbot/0.1; +https://developer.amazon.com/support/amazonbot)"
34.80.139.124 - - [13/Sep/2026:14:33:56 +0000] "GET /host.key HTTP/2" 200 5878 "-" "Mozilla/5.0 (compatible; Amazonbot/0.1; +https://developer.amazon.com/support/amazonbot)"
34.80.139.124 - - [13/Sep/2026:14:33:56 +0000] "GET /localhost.key HTTP/2" 200 5878 "-" "Mozilla/5.0 AppleWebKit/537.36 (KHTML, like Gecko; compatible; PerplexityBot/1.0; +https://perplexity.ai/perplexitybot)"
34.80.139.124 - - [13/Sep/2026:14:33:56 +0000] "GET /key.pem HTTP/2" 200 5878 "-" "Mozilla/5.0 (compatible; Google-Extended; +http://www.google.com/bot.html)"
34.80.139.124 - - [13/Sep/2026:14:33:56 +0000] "GET /private-key HTTP/2" 200 5884 "-" "Mozilla/5.0 (compatible; PanguBot/1.0; +https://www.huaweicloud.com/)"
34.80.139.124 - - [13/Sep/2026:14:33:57 +0000] "GET /?view=/home/transitmeftah/public_html/wp-content/mu-plugins/quark-wrapper-lab.php HTTP/2" 200 5 "-" "Mozilla/5.0 (Windows NT 10.0; Win64; x64) AppleWebKit/537.36 (KHTML, like Gecko) Chrome/152.0.0.0 Safari/537.36 Edg/152.0.0.0"
34.80.139.124 - - [13/Sep/2026:14:33:56 +0000] "POST /api/graphql HTTP/2" 200 5470 "https://transitmeftah.com" "Mozilla/5.0 (Windows NT 10.0; Win64; x64) AppleWebKit/537.36 (KHTML, like Gecko) Chrome/152.0.0.0 Safari/537.36 Edg/152.0.0.0"
34.80.139.124 - - [13/Sep/2026:14:33:58 +0000] "GET /.bash_profile HTTP/2" 429 0 "-" "Mozilla/5.0 (compatible; Meta-ExternalAgent/1.0; +https://developers.facebook.com/docs/sharing/webmasters/crawler)"
216.73.216.198 - - [13/Sep/2026:14:33:57 +0000] "GET /?u=42854034301100 HTTP/2" 200 13269 "-" "Mozilla/5.0 AppleWebKit/537.36 (KHTML, like Gecko; compatible; ClaudeBot/1.0; +claudebot@anthropic.com)"
34.80.139.124 - - [13/Sep/2026:14:33:57 +0000] "GET /ssl/localhost.key HTTP/2" 200 5878 "-" "Mozilla/5.0 (compatible; Hunyuan/1.0; +https://hunyuan.tencent.com/)"
34.80.139.124 - - [13/Sep/2026:14:33:57 +0000] "GET /ssl/server.key HTTP/2" 200 5878 "-" "Mozilla/5.0 (compatible; PanguBot/1.0; +https://www.huaweicloud.com/)"
34.80.139.124 - - [13/Sep/2026:14:33:57 +0000] "GET /.bashrc HTTP/2" 200 5884 "-" "Mozilla/5.0 (compatible; ChatGLM-Spider/1.0; +https://zhipuai.cn/)"
34.80.139.124 - - [13/Sep/2026:14:33:57 +0000] "GET /.zshrc HTTP/2" 200 5884 "-" "Mozilla/5.0 (compatible; Kimi-SearchBot/1.0; +https://kimi.ai/)"
34.80.139.124 - - [13/Sep/2026:14:33:58 +0000] "GET /.profile HTTP/2" 200 491 "-" "Mozilla/5.0 (compatible; Hunyuan/1.0; +https://hunyuan.tencent.com/)"
34.80.139.124 - - [13/Sep/2026:14:33:58 +0000] "GET /sign-in HTTP/2" 200 440 "-" "Mozilla/5.0 (Windows NT 10.0; Win64; x64) AppleWebKit/537.36 (KHTML, like Gecko) Chrome/152.0.0.0 Safari/537.36 Edg/152.0.0.0"
34.80.139.124 - - [13/Sep/2026:14:33:58 +0000] "POST /v1/graphql HTTP/2" 200 5470 "https://transitmeftah.com" "Mozilla/5.0 (Windows NT 10.0; Win64; x64) AppleWebKit/537.36 (KHTML, like Gecko) Chrome/152.0.0.0 Safari/537.36 Edg/152.0.0.0"
34.80.139.124 - - [13/Sep/2026:14:33:58 +0000] "GET /login HTTP/2" 200 440 "-" "Mozilla/5.0 (Windows NT 10.0; Win64; x64) AppleWebKit/537.36 (KHTML, like Gecko) Chrome/152.0.0.0 Safari/537.36 Edg/152.0.0.0"
34.80.139.124 - - [13/Sep/2026:14:33:58 +0000] "GET /auth HTTP/2" 200 440 "-" "Mozilla/5.0 (Windows NT 10.0; Win64; x64) AppleWebKit/537.36 (KHTML, like Gecko) Chrome/152.0.0.0 Safari/537.36 Edg/152.0.0.0"
34.80.139.124 - - [13/Sep/2026:14:33:58 +0000] "GET /account/login HTTP/2" 200 440 "-" "Mozilla/5.0 (Windows NT 10.0; Win64; x64) AppleWebKit/537.36 (KHTML, like Gecko) Chrome/152.0.0.0 Safari/537.36 Edg/152.0.0.0"
34.80.139.124 - - [13/Sep/2026:14:33:58 +0000] "GET /auth/login HTTP/2" 200 440 "-" "Mozilla/5.0 (Windows NT 10.0; Win64; x64) AppleWebKit/537.36 (KHTML, like Gecko) Chrome/152.0.0.0 Safari/537.36 Edg/152.0.0.0"
34.80.139.124 - - [13/Sep/2026:14:33:58 +0000] "GET /signin HTTP/2" 200 440 "-" "Mozilla/5.0 (Windows NT 10.0; Win64; x64) AppleWebKit/537.36 (KHTML, like Gecko) Chrome/152.0.0.0 Safari/537.36 Edg/152.0.0.0"
34.80.139.124 - - [13/Sep/2026:14:33:58 +0000] "GET /users/login HTTP/2" 200 440 "-" "Mozilla/5.0 (Windows NT 10.0; Win64; x64) AppleWebKit/537.36 (KHTML, like Gecko) Chrome/152.0.0.0 Safari/537.36 Edg/152.0.0.0"
34.80.139.124 - - [13/Sep/2026:14:33:58 +0000] "GET /register HTTP/2" 200 440 "-" "Mozilla/5.0 (Windows NT 10.0; Win64; x64) AppleWebKit/537.36 (KHTML, like Gecko) Chrome/152.0.0.0 Safari/537.36 Edg/152.0.0.0"
34.80.139.124 - - [13/Sep/2026:14:33:58 +0000] "GET /signup HTTP/2" 200 440 "-" "Mozilla/5.0 (Windows NT 10.0; Win64; x64) AppleWebKit/537.36 (KHTML, like Gecko) Chrome/152.0.0.0 Safari/537.36 Edg/152.0.0.0"
34.80.139.124 - - [13/Sep/2026:14:33:59 +0000] "GET /user/login HTTP/2" 200 440 "-" "Mozilla/5.0 (Windows NT 10.0; Win64; x64) AppleWebKit/537.36 (KHTML, like Gecko) Chrome/152.0.0.0 Safari/537.36 Edg/152.0.0.0"
34.80.139.124 - - [13/Sep/2026:14:33:59 +0000] "GET /reset-password HTTP/2" 200 5470 "-" "Mozilla/5.0 (Windows NT 10.0; Win64; x64) AppleWebKit/537.36 (KHTML, like Gecko) Chrome/152.0.0.0 Safari/537.36 Edg/152.0.0.0"
34.80.139.124 - - [13/Sep/2026:14:33:59 +0000] "GET /forgot-password HTTP/2" 200 5471 "-" "Mozilla/5.0 (Windows NT 10.0; Win64; x64) AppleWebKit/537.36 (KHTML, like Gecko) Chrome/152.0.0.0 Safari/537.36 Edg/152.0.0.0"
188.119.119.4 - - [13/Sep/2026:14:33:59 +0000] "GET / HTTP/2" 200 13268 "-" "Mozilla/5.0 (Windows NT 10.0; Win64; x64) AppleWebKit/537.36 (KHTML, like Gecko) Chrome/152.0.0.0 Safari/537.36"
34.80.139.124 - - [13/Sep/2026:14:34:00 +0000] "GET /console HTTP/2" 200 5470 "-" "Mozilla/5.0 (Windows NT 10.0; Win64; x64) AppleWebKit/537.36 (KHTML, like Gecko) Chrome/152.0.0.0 Safari/537.36 Edg/152.0.0.0"
34.80.139.124 - - [13/Sep/2026:14:33:59 +0000] "GET /admin HTTP/2" 200 440 "-" "Mozilla/5.0 (Windows NT 10.0; Win64; x64) AppleWebKit/537.36 (KHTML, like Gecko) Chrome/152.0.0.0 Safari/537.36 Edg/152.0.0.0"
34.80.139.124 - - [13/Sep/2026:14:34:00 +0000] "GET /admin/login HTTP/2" 200 440 "-" "Mozilla/5.0 (Windows NT 10.0; Win64; x64) AppleWebKit/537.36 (KHTML, like Gecko) Chrome/152.0.0.0 Safari/537.36 Edg/152.0.0.0"
34.80.139.124 - - [13/Sep/2026:14:34:00 +0000] "GET /dashboard HTTP/2" 200 440 "-" "Mozilla/5.0 (Windows NT 10.0; Win64; x64) AppleWebKit/537.36 (KHTML, like Gecko) Chrome/152.0.0.0 Safari/537.36 Edg/152.0.0.0"
34.80.139.124 - - [13/Sep/2026:14:34:00 +0000] "GET /@fs/app/.env?raw?? HTTP/2" 403 1242 "-" "Mozilla/5.0 AppleWebKit/537.36 (KHTML, like Gecko; compatible; OAI-SearchBot/1.0; +https://openai.com/searchbot)"
34.80.139.124 - - [13/Sep/2026:14:34:00 +0000] "GET /panel HTTP/2" 200 5470 "-" "Mozilla/5.0 (Windows NT 10.0; Win64; x64) AppleWebKit/537.36 (KHTML, like Gecko) Chrome/152.0.0.0 Safari/537.36 Edg/152.0.0.0"
34.80.139.124 - - [13/Sep/2026:14:34:00 +0000] "GET /app HTTP/2" 200 440 "-" "Mozilla/5.0 (Windows NT 10.0; Win64; x64) AppleWebKit/537.36 (KHTML, like Gecko) Chrome/152.0.0.0 Safari/537.36 Edg/152.0.0.0"
34.80.139.124 - - [13/Sep/2026:14:34:00 +0000] "GET /portal HTTP/2" 200 440 "-" "Mozilla/5.0 (Windows NT 10.0; Win64; x64) AppleWebKit/537.36 (KHTML, like Gecko) Chrome/152.0.0.0 Safari/537.36 Edg/152.0.0.0"
34.80.139.124 - - [13/Sep/2026:14:34:01 +0000] "GET /@fs/..%252f..%252f..%252f..%252f..%252froot/.env?raw?? HTTP/2" 403 1242 "-" "Mozilla/5.0 (compatible; GrokBot/1.0; +https://x.ai/)"
34.80.139.124 - - [13/Sep/2026:14:34:00 +0000] "GET /account HTTP/2" 200 440 "-" "Mozilla/5.0 (Windows NT 10.0; Win64; x64) AppleWebKit/537.36 (KHTML, like Gecko) Chrome/152.0.0.0 Safari/537.36 Edg/152.0.0.0"
34.80.139.124 - - [13/Sep/2026:14:34:01 +0000] "GET /static../.env HTTP/2" 403 1242 "-" "Mozilla/5.0 (compatible; xAI-Grok/1.0; +https://x.ai/)"
34.80.139.124 - - [13/Sep/2026:14:34:01 +0000] "GET /_nuxt/../.env HTTP/2" 403 1242 "-" "Mozilla/5.0 (compatible; cohere-ai; +https://cohere.com/crawler)"
34.80.139.124 - - [13/Sep/2026:14:34:00 +0000] "GET /secure HTTP/2" 200 440 "-" "Mozilla/5.0 (Windows NT 10.0; Win64; x64) AppleWebKit/537.36 (KHTML, like Gecko) Chrome/152.0.0.0 Safari/537.36 Edg/152.0.0.0"
34.80.139.124 - - [13/Sep/2026:14:34:00 +0000] "GET /backoffice HTTP/2" 200 5470 "-" "Mozilla/5.0 (Windows NT 10.0; Win64; x64) AppleWebKit/537.36 (KHTML, like Gecko) Chrome/152.0.0.0 Safari/537.36 Edg/152.0.0.0"
34.80.139.124 - - [13/Sep/2026:14:34:01 +0000] "GET /@fs/../.env?raw?? HTTP/2" 403 1242 "-" "Mozilla/5.0 (compatible; YouBot/1.0; +https://you.com/bot)"
34.80.139.124 - - [13/Sep/2026:14:34:01 +0000] "GET /@fs/src/.env?raw?? HTTP/2" 403 1242 "-" "Mozilla/5.0 (compatible; ChatGLM-Spider/1.0; +https://zhipuai.cn/)"
34.80.139.124 - - [13/Sep/2026:14:34:01 +0000] "GET /static//.env HTTP/2" 403 1242 "-" "Mozilla/5.0 (compatible; DeepSeekBot/1.0; +https://www.deepseek.com/)"
34.80.139.124 - - [13/Sep/2026:14:34:01 +0000] "GET /media../.env HTTP/2" 403 1242 "-" "Mozilla/5.0 (compatible; PanguBot/1.0; +https://www.huaweicloud.com/)"
34.80.139.124 - - [13/Sep/2026:14:34:01 +0000] "GET /files../.env HTTP/2" 403 1242 "-" "DuckAssistBot/1.1 (https://duckduckgo.com/duckassistbot)"
34.80.139.124 - - [13/Sep/2026:14:34:01 +0000] "GET /@fs/..%252f..%252f..%252f..%252f..%252fproc/self/environ?raw?? HTTP/2" 200 491 "-" "Mozilla/5.0 AppleWebKit/537.36 (KHTML, like Gecko; compatible; Perplexity-User/1.0; +https://perplexity.ai/perplexitybot)"
216.73.216.198 - - [13/Sep/2026:14:34:01 +0000] "GET /?u=43662638331100 HTTP/2" 429 0 "-" "Mozilla/5.0 AppleWebKit/537.36 (KHTML, like Gecko; compatible; ClaudeBot/1.0; +claudebot@anthropic.com)"
188.119.119.4 - - [13/Sep/2026:14:34:01 +0000] "GET /2026/09/12/shining-crown-gratis-dans-demo-de-septari/?edit=%2Fhome%2Ftransitmeftah%2Ftmp%2Fanalog%2F1.html HTTP/2" 200 20172 "https://transitmeftah.com/" "Mozilla/5.0 (Windows NT 10.0; Win64; x64) AppleWebKit/537.36 (KHTML, like Gecko) Chrome/152.0.0.0 Safari/537.36"
34.80.139.124 - - [13/Sep/2026:14:34:02 +0000] "GET /static//app/.env HTTP/2" 403 1242 "-" "Mozilla/5.0 (compatible; KimiBot/1.0; +https://kimi.ai/)"
34.80.139.124 - - [13/Sep/2026:14:34:02 +0000] "GET /static//home/user/.env HTTP/2" 403 1242 "-" "Mozilla/5.0 AppleWebKit/537.36 (KHTML, like Gecko; compatible; Perplexity-User/1.0; +https://perplexity.ai/perplexitybot)"
34.80.139.124 - - [13/Sep/2026:14:34:02 +0000] "GET /%2eenv HTTP/2" 403 1242 "-" "Mozilla/5.0 AppleWebKit/537.36 (KHTML, like Gecko; compatible; PerplexityBot/1.0; +https://perplexity.ai/perplexitybot)"
34.80.139.124 - - [13/Sep/2026:14:34:02 +0000] "GET //.env HTTP/2" 403 1242 "-" "Mozilla/5.0 (compatible; ChatGLM-Spider/1.0; +https://zhipuai.cn/)"
78.162.47.130 - - [13/Sep/2026:14:34:02 +0000] "GET /2026/08/25/per-presente-maniera-il-scommettitore-puo-anteporre-di-puntare-averi-veri-sopra-complesso-calma-e-sicurezza/?file=%2Fhome%2Ftransitmeftah%2Fpublic_html%2Fwp-content%2Fmu-plugins%2Fclas.akismet-widget+copy+1.php HTTP/1.1" 200 8025 "-" "Mozilla/5.0 (Windows NT 10.0; Win64; x64) AppleWebKit/537.36 (KHTML, like Gecko) Chrome/101.0.4951.67 Safari/537.36"
34.80.139.124 - - [13/Sep/2026:14:34:03 +0000] "GET /.//.env HTTP/2" 403 1242 "-" "Mozilla/5.0 (compatible; DeepSeekBot/1.0; +https://www.deepseek.com/)"
34.80.139.124 - - [13/Sep/2026:14:34:03 +0000] "GET /api/.env/public/.env HTTP/2" 403 1242 "-" "Mozilla/5.0 (compatible; Googlebot/2.1; +http://www.google.com/bot.html)"
34.80.139.124 - - [13/Sep/2026:14:34:03 +0000] "GET /images../.env HTTP/2" 403 1242 "-" "Mozilla/5.0 AppleWebKit/537.36 (KHTML, like Gecko; compatible; ChatGPT-User/1.0; +https://openai.com/bot)"
34.80.139.124 - - [13/Sep/2026:14:34:03 +0000] "GET /assets../.env HTTP/2" 403 1242 "-" "Mozilla/5.0 (compatible; Hunyuan/1.0; +https://hunyuan.tencent.com/)"
34.80.139.124 - - [13/Sep/2026:14:34:03 +0000] "GET /uploads../.env HTTP/2" 403 1242 "-" "Mozilla/5.0 (compatible; Bravebot/1.0; +https://brave.com/search/)"
114.119.150.154 - - [13/Sep/2026:14:34:03 +0000] "GET /category/post/page/15/ HTTP/1.1" 200 8512 "https://transitmeftah.com/category/post/page/14/" "Mozilla/5.0 (Linux; Android 7.0;) AppleWebKit/537.36 (HTML, like Gecko) Mobile Safari/537.36 (compatible; PetalBot;+https://webmaster.petalsearch.com/site/petalbot)"
34.80.139.124 - - [13/Sep/2026:14:34:04 +0000] "GET /@fs/proc/self/cwd/.env?raw?? HTTP/2" 403 1242 "-" "Mozilla/5.0 (compatible; Meta-ExternalAgent/1.0; +https://developers.facebook.com/docs/sharing/webmasters/crawler)"
34.80.139.124 - - [13/Sep/2026:14:34:04 +0000] "GET /@fs/var/task/.env?raw?? HTTP/2" 403 1242 "-" "Mozilla/5.0 AppleWebKit/537.36 (KHTML, like Gecko; compatible; PerplexityBot/1.0; +https://perplexity.ai/perplexitybot)"
34.80.139.124 - - [13/Sep/2026:14:34:04 +0000] "GET /img../.env HTTP/2" 403 1242 "-" "Mozilla/5.0 (compatible; Amazonbot/0.1; +https://developer.amazon.com/support/amazonbot)"
34.80.139.124 - - [13/Sep/2026:14:34:04 +0000] "GET /@fs/home/ubuntu/.aws/credentials?raw?? HTTP/2" 429 0 "-" "Mozilla/5.0 (compatible; Meta-ExternalAgent/1.0; +https://developers.facebook.com/docs/sharing/webmasters/crawler)"
34.80.139.124 - - [13/Sep/2026:14:34:04 +0000] "GET /@fs/root/.aws/credentials?raw?? HTTP/2" 200 5878 "-" "Mozilla/5.0 (compatible; ChatGLM-Spider/1.0; +https://zhipuai.cn/)"
34.80.139.124 - - [13/Sep/2026:14:34:04 +0000] "GET /@fs/home/ec2-user/.aws/credentials?raw?? HTTP/2" 200 5884 "-" "Mozilla/5.0 (compatible; cohere-ai; +https://cohere.com/crawler)"
66.249.66.69 - - [13/Sep/2026:14:34:05 +0000] "GET /?productSearch/pictureSearch?id=25708241871100 HTTP/1.1" 200 12249 "-" "Mozilla/5.0 (Linux; Android 6.0.1; Nexus 5X Build/MMB29P) AppleWebKit/537.36 (KHTML, like Gecko) Chrome/152.0.7977.82 Mobile Safari/537.36 (compatible; Googlebot/2.1; +http://www.google.com/bot.html)"
34.80.139.124 - - [13/Sep/2026:14:34:05 +0000] "GET /admin%2F.env HTTP/2" 403 1242 "-" "Mozilla/5.0 AppleWebKit/537.36 (KHTML, like Gecko; compatible; Perplexity-User/1.0; +https://perplexity.ai/perplexitybot)"
34.80.139.124 - - [13/Sep/2026:14:34:05 +0000] "GET /dashboard%2F.env HTTP/2" 403 1242 "-" "Mozilla/5.0 (compatible; Amazonbot/0.1; +https://developer.amazon.com/support/amazonbot)"
34.80.139.124 - - [13/Sep/2026:14:34:06 +0000] "GET /api%2F.env HTTP/2" 403 1242 "-" "Mozilla/5.0 (compatible; Meta-ExternalAgent/1.0; +https://developers.facebook.com/docs/sharing/webmasters/crawler)"
34.80.139.124 - - [13/Sep/2026:14:34:06 +0000] "GET /@fs/.env?raw&url?? HTTP/2" 403 1242 "-" "Mozilla/5.0 (compatible; Hunyuan/1.0; +https://hunyuan.tencent.com/)"
34.80.139.124 - - [13/Sep/2026:14:34:06 +0000] "GET /@fs/.env?url&raw?? HTTP/2" 403 1242 "-" "Mozilla/5.0 AppleWebKit/537.36 (KHTML, like Gecko; compatible; OAI-SearchBot/1.0; +https://openai.com/searchbot)"
34.80.139.124 - - [13/Sep/2026:14:34:06 +0000] "GET /__vite_rsc_findSourceMapURL?filename=file:///app/.env&environmentName=rsc HTTP/2" 429 0 "-" "Mozilla/5.0 AppleWebKit/537.36 (KHTML, like Gecko; compatible; GPTBot/1.3; +https://openai.com/gptbot)"
34.80.139.124 - - [13/Sep/2026:14:34:06 +0000] "GET /settings%2F.env HTTP/2" 403 1242 "-" "Mozilla/5.0 (compatible; MistralAI-User/1.0; +https://mistral.ai/)"
34.80.139.124 - - [13/Sep/2026:14:34:06 +0000] "GET /@fs/.env?import&?raw?? HTTP/2" 403 1242 "-" "Mozilla/5.0 (compatible; DeepSeekBot/1.0; +https://www.deepseek.com/)"
34.80.139.124 - - [13/Sep/2026:14:34:06 +0000] "GET /__vite_rsc_findSourceMapURL?filename=file:///root/.aws/credentials&environmentName=rsc HTTP/2" 200 0 "-" "Mozilla/5.0 (compatible; Baiduspider/2.0; +http://www.baidu.com/search/spider.html)"
34.80.139.124 - - [13/Sep/2026:14:34:06 +0000] "GET /__vite_rsc_findSourceMapURL?filename=file:///root/.ssh/id_rsa&environmentName=rsc HTTP/2" 200 0 "-" "Mozilla/5.0 (compatible; MistralAI-User/1.0; +https://mistral.ai/)"
34.80.139.124 - - [13/Sep/2026:14:34:06 +0000] "POST /api HTTP/2" 403 1242 "-" "Mozilla/5.0 (compatible; Bytespider; spider-feedback@bytedance.com) AppleWebKit/537.36"
216.73.216.198 - - [13/Sep/2026:14:34:06 +0000] "GET /?u=985893961100 HTTP/2" 429 0 "-" "Mozilla/5.0 AppleWebKit/537.36 (KHTML, like Gecko; compatible; ClaudeBot/1.0; +claudebot@anthropic.com)"
34.80.139.124 - - [13/Sep/2026:14:34:07 +0000] "POST /api/v1/validate/code HTTP/2" 200 5884 "-" "Mozilla/5.0 (compatible; Meta-ExternalAgent/1.0; +https://developers.facebook.com/docs/sharing/webmasters/crawler)"
34.80.139.124 - - [13/Sep/2026:14:34:08 +0000] "POST /api/fs/exec HTTP/2" 200 5884 "-" "Mozilla/5.0 (compatible; MistralAI-User/1.0; +https://mistral.ai/)"
34.80.139.124 - - [13/Sep/2026:14:34:10 +0000] "DELETE /api/inngest HTTP/2" 200 5884 "-" "Mozilla/5.0 (compatible; Bravebot/1.0; +https://brave.com/search/)"
34.80.139.124 - - [13/Sep/2026:14:34:10 +0000] "DELETE /inngest HTTP/2" 200 5878 "-" "Mozilla/5.0 (compatible; PanguBot/1.0; +https://www.huaweicloud.com/)"
216.73.216.198 - - [13/Sep/2026:14:34:12 +0000] "GET /?u=31483066641100 HTTP/2" 429 0 "-" "Mozilla/5.0 AppleWebKit/537.36 (KHTML, like Gecko; compatible; ClaudeBot/1.0; +claudebot@anthropic.com)"
34.80.139.124 - - [13/Sep/2026:14:34:11 +0000] "POST /read-document HTTP/2" 200 5878 "-" "Mozilla/5.0 (compatible; Kimi-SearchBot/1.0; +https://kimi.ai/)"
34.80.139.124 - - [13/Sep/2026:14:34:12 +0000] "POST /read-document HTTP/2" 200 5878 "-" "Mozilla/5.0 (compatible; Kimi-SearchBot/1.0; +https://kimi.ai/)"
152.163.37.225 - - [13/Sep/2026:14:32:23 +0000] "GET /2026/08/25/les-machines-a-sous-du-morospin-casino/%s?view=%2Fhome%2Ftransitmeftah%2Fpublic_html%2Fwp-admin%2Fedit-comments.php HTTP/2" 200 4106 "-" "Mozilla/5.0 (iPhone; CPU iPhone OS 18_6 like Mac OS X) AppleWebKit/605.1.15 (KHTML, like Gecko) CriOS/150.0.0.0 Mobile/15E148 Safari/604.1"
195.26.251.28 - - [13/Sep/2026:14:32:28 +0000] "POST /wp-cron.php?doing_wp_cron=1789309948.2426049709320068359375 HTTP/1.1" 200 0 "-" "WordPress/6.9.6; https://transitmeftah.com"
66.249.66.32 - - [13/Sep/2026:14:32:29 +0000] "GET /?u=44090319741100 HTTP/1.1" 200 12249 "-" "Mozilla/5.0 (Linux; Android 6.0.1; Nexus 5X Build/MMB29P) AppleWebKit/537.36 (KHTML, like Gecko) Chrome/152.0.7977.82 Mobile Safari/537.36 (compatible; Googlebot/2.1; +http://www.google.com/bot.html)"
172.232.38.39 - - [13/Sep/2026:14:32:35 +0000] "GET /2026/09/07/finelo/ HTTP/1.1" 200 43501 "-" "Mozilla/5.0 (Windows NT 10.0; Win64; x64) AppleWebKit/537.36 (KHTML, like Gecko) Chrome/124.0.0.0 Safari/537.36 Edg/124.0.0.0"
38.137.19.237 - - [13/Sep/2026:14:32:37 +0000] "GET /2026/08/31/zu-welcher-zeit-das-erste-mal-damit-zaster-und-hochgefuhl-vorgeschoben-ist-ist-und-bleibt-nichtens-prazis-hell/?view=%2Fhome%2Ftransitmeftah%2Fpublic_html%2Fwp-content%2Fmu-plugins%2Fsite-compat-layer.php HTTP/1.1" 200 5 "-" "Mozilla/5.0 (Macintosh; Intel Mac OS X 10_15_7) AppleWebKit/537.36 (KHTML, like Gecko) Chrome/124.0.0.0 Safari/537.36"
185.191.171.12 - - [13/Sep/2026:14:32:49 +0000] "GET /2026/08/19/nevertheless-they-give-prompt-moving-actions-exciting-themes-and-you-will-a-good-amount-of-incentive-features/ HTTP/1.1" 200 8868 "-" "Mozilla/5.0 (compatible; SemrushBot/7~bl; +http://www.semrush.com/bot.html)"
57.141.4.35 - - [13/Sep/2026:14:32:59 +0000] "GET /2026/08/22/its-javascript-and-you-can-html5-technology-lets-bettors-to-play-all-over-other-devices-install-required/?edit=/usr/tmp/revisium_csvfile_17767147074679044.csv.tmp HTTP/2" 200 10099 "-" "Mozilla/5.0 (X11; Linux x86_64) AppleWebKit/537.36 (KHTML, like Gecko) Chrome/145.0.0.0 Safari/537.36 (compatible; meta-externalagent/1.1 (+https://developers.facebook.com/docs/sharing/webmasters/crawler))"
188.186.96.110 - - [13/Sep/2026:14:33:02 +0000] "GET /2026/08/26/just-before-number-out-my-personal-most-readily-useful-selection-why-dont-we-easily-discuss-how-they-functions/?edit=%2Fhome%2Ftransitmeftah%2Fpublic_html%2Fwp-content%2Fmu-plugins%2Fut_Pruo219c.txt HTTP/1.1" 200 9217 "-" "Mozilla/5.0 (Windows NT 10.0; Win64; x64) AppleWebKit/537.36 (KHTML, like Gecko) Chrome/100.0.4896.75 Safari/537.36"
185.243.246.139 - - [13/Sep/2026:14:33:20 +0000] "GET /2026/09/06/wowczas-potrzebujesz-zakladaj-cieszyc-sie-grze-do-twojego-kasynie-w-strone-pieniadze/?edit=%2Fhome%2Ftransitmeftah%2Fpublic_html%2Fwp-content%2Fmu-plugins%2Fquark-wrapper-lab.php HTTP/2" 200 9546 "-" "Mozilla/5.0 (Linux; Android 15; CPH2653) AppleWebKit/537.36 (KHTML, like Gecko) Chrome/149.0.0.0 Mobile Safari/537.36"
73.251.72.214 - - [13/Sep/2026:14:34:08 +0000] "GET /2026/08/31/highway-kings-tragaperras-tragamonedas-sin-cargo-falto-soltar/?file=%2Fhome%2Ftransitmeftah%2Fpublic_html%2Fwp-content%2Fmu-plugins%2Fwp-compat-layer.php HTTP/1.1" 200 10442 "-" "Mozilla/5.0 (Windows NT 10.0; Win64; x64) AppleWebKit/537.36 (KHTML, like Gecko) Chrome/100.0.4896.75 Safari/537.36"
46.49.43.104 - - [13/Sep/2026:14:34:12 +0000] "GET /2026/08/25/this-means-that-even-bonuses-which-have-advanced-formations-for-example-tiered-deposit-fits-or-staggered-totally-freespin-releases-shall-be-knew-just-before-stating/?edit=%2Fhome%2Ftransitmeftah%2Fpublic_html%2Fwp-content%2Fmu-plugins%2Fclas.akismet-widget+copy+1.php HTTP/1.1" 200 12006 "-" "Mozilla/5.0 (Windows NT 10.0; Win64; x64) AppleWebKit/537.36 (KHTML, like Gecko) Chrome/116.0.0.0 Safari/537.36"
105.161.156.101 - - [13/Sep/2026:14:33:54 +0000] "GET /2026/09/02/in-case-the-symbols-line-up-precisely-you-can-belongings-a-victory-%EF%BF%BD-paid-in-virtual-loans-rather-than-dollars/?file=%2Fhome%2Ftransitmeftah%2Fpublic_html%2Fwp-content HTTP/1.1" 200 8155 "-" "Mozilla/5.0 (Macintosh; Intel Mac OS X 10_15_7) AppleWebKit/537.36 (KHTML, like Gecko) Chrome/136.0.0.0 Safari/537.36"
74.7.243.204 - - [13/Sep/2026:14:33:56 +0000] "GET /?view=/tmp/pdf_696750a0733a7_017.png.sorry HTTP/2" 429 0 "https://mail.transitmeftah.com/?file=/tmp" "Mozilla/5.0 AppleWebKit/537.36 (KHTML, like Gecko; compatible; GPTBot/1.4; +https://openai.com/gptbot)"
57.141.4.57 - - [13/Sep/2026:14:33:59 +0000] "GET /2026/08/23/una-jugabilidad-seri%ef%bf%bda-algun-diferenciador-importante-para-cotejar-sus-slots-con-manga-larga-el-resto/?view=/sbin/unsquashfs HTTP/2" 429 0 "-" "Mozilla/5.0 (Windows NT 10.0; Win64; x64) AppleWebKit/537.36 (KHTML, like Gecko) Chrome/145.0.0.0 Safari/537.36 (compatible; meta-externalagent/1.1 (+https://developers.facebook.com/docs/sharing/webmasters/crawler))"
190.47.6.133 - - [13/Sep/2026:14:34:03 +0000] "GET /2026/08/27/the-platform-lots-rapidly-is-straightforward-to-browse-and-you-may-doesnt-require-any-application-down-load/?file=%2Fhome%2Ftransitmeftah%2Fpublic_html%2Fwp-content HTTP/1.1" 200 8586 "-" "Mozilla/5.0 (Macintosh; Intel Mac OS X 10_15_7) AppleWebKit/537.36 (KHTML, like Gecko) Chrome/119.0.0.0 Safari/537.36"
43.239.89.184 - - [13/Sep/2026:14:34:15 +0000] "GET /2016/10/?edit=%2Fhome%2Ftransitmeftah%2Fpublic_html%2Fwp-content%2Fmu-plugins%2Fwp-compat-layer.php HTTP/2" 200 7726 "-" "Mozilla/5.0 (Linux; Android 15; Pixel 9) AppleWebKit/537.36 (KHTML, like Gecko) Chrome/151.0.0.0 Mobile Safari/537.36"
74.7.243.204 - - [13/Sep/2026:14:34:16 +0000] "GET /?view=/tmp/pdf_69676855e9c61_018.png.sorry HTTP/2" 429 0 "https://mail.transitmeftah.com/?file=/tmp" "Mozilla/5.0 AppleWebKit/537.36 (KHTML, like Gecko; compatible; GPTBot/1.4; +https://openai.com/gptbot)"
112.201.206.245 - - [13/Sep/2026:14:34:18 +0000] "GET /2026/08/27/im-tatkraft-spielbank-wartet-nichtens-jedoch-einer-stattdessen-gleichformig-zwei-willkommensboni-aufwarts-die-leser/?view=%2Fhome%2Ftransitmeftah%2Fpublic_html%2Fwp-content%2Fmu-plugins%2Fquark-wrapper-lab.php HTTP/1.1" 200 5 "-" "Mozilla/5.0 (Macintosh; Intel Mac OS X 10_15_7) AppleWebKit/537.36 (KHTML, like Gecko) Chrome/136.0.0.0 Safari/537.36"
216.73.216.198 - - [13/Sep/2026:14:34:32 +0000] "GET /user//%22https:/wordpress.org/documentation/article/appearance-themes-screen/?file=%2Fhome%2Ftransitmeftah%2Fwww%2Fwp-includes%2Fblocks%2Fgallery%2Ftheme-rtl.min.css HTTP/2" 200 277 "-" "Mozilla/5.0 AppleWebKit/537.36 (KHTML, like Gecko; compatible; ClaudeBot/1.0; +claudebot@anthropic.com)"
74.7.243.204 - - [13/Sep/2026:14:34:36 +0000] "GET /?view=/tmp/pdf_696750a0733a7_016.png.sorry HTTP/2" 429 0 "https://mail.transitmeftah.com/?file=/tmp" "Mozilla/5.0 AppleWebKit/537.36 (KHTML, like Gecko; compatible; GPTBot/1.4; +https://openai.com/gptbot)"
74.7.243.204 - - [13/Sep/2026:14:34:56 +0000] "GET /?view=/tmp/pdf_69674d4186829_010.png.sorry HTTP/2" 200 122945 "https://mail.transitmeftah.com/?file=/tmp" "Mozilla/5.0 AppleWebKit/537.36 (KHTML, like Gecko; compatible; GPTBot/1.4; +https://openai.com/gptbot)"
189.81.52.238 - - [13/Sep/2026:14:35:13 +0000] "GET /author/wp2_26b6148f9b98/page/4/?view=%2Fhome%2Ftransitmeftah%2Fpublic_html%2Fwp-content%2Flanguages%2Ffr_FR-e53526243551a102928735ec9eed4edf.json HTTP/2" 200 3582 "-" "Mozilla/5.0 (Linux; Android 15; CPH2653) AppleWebKit/537.36 (KHTML, like Gecko) Chrome/149.0.0.0 Mobile Safari/537.36"
74.7.243.204 - - [13/Sep/2026:14:35:16 +0000] "GET /?view=/tmp/pdf_69674c6a71373_013.png.sorry HTTP/2" 429 0 "https://mail.transitmeftah.com/?file=/tmp" "Mozilla/5.0 AppleWebKit/537.36 (KHTML, like Gecko; compatible; GPTBot/1.4; +https://openai.com/gptbot)"
185.223.152.45 - - [13/Sep/2026:14:35:16 +0000] "POST /wp-login.php HTTP/1.1" 200 3771 "-" "Mozilla/5.0 (Windows NT 10.0; Win64; x64) AppleWebKit/537.36 Chrome/129.0.0.0 Safari/537.36"
172.59.18.38 - - [13/Sep/2026:14:34:14 +0000] "GET /2026/08/26/jackpoty-moga-byc-progresywne-ma-na-mysli-to-jednego-do-zwiekszaj-bardzo-grania-co-osoby-je-wygra/?view=%2Fhome%2Ftransitmeftah%2Fpublic_html%2Fwp-content%2Fmu-plugins%2Fclas.akismet-widget+copy+1.php HTTP/1.1" 200 3724 "-" "Mozilla/5.0 (Macintosh; Intel Mac OS X 10_15_7) AppleWebKit/537.36 (KHTML, like Gecko) Chrome/136.0.0.0 Safari/537.36"
34.80.139.124 - - [13/Sep/2026:14:34:13 +0000] "POST /mcp HTTP/2" 200 5878 "-" "Mozilla/5.0 (Macintosh; Intel Mac OS X 10_15_7) AppleWebKit/605.1.15 (KHTML, like Gecko) Version/17.0 Safari/605.1.15 (Applebot/0.1)"
216.73.216.198 - - [13/Sep/2026:14:34:17 +0000] "GET /?u=28040471121100 HTTP/2" 429 0 "-" "Mozilla/5.0 AppleWebKit/537.36 (KHTML, like Gecko; compatible; ClaudeBot/1.0; +claudebot@anthropic.com)"
216.73.216.198 - - [13/Sep/2026:14:34:21 +0000] "GET /?u=4982677401100 HTTP/2" 429 0 "-" "Mozilla/5.0 AppleWebKit/537.36 (KHTML, like Gecko; compatible; ClaudeBot/1.0; +claudebot@anthropic.com)"
108.53.116.246 - - [13/Sep/2026:14:34:23 +0000] "GET /2026/08/26/make-sure-you-obvious-wagering-requirements-on-expiration-timeframe/?file=%2Fhome%2Ftransitmeftah%2Fpublic_html%2Fwp-content%2Fmu-plugins%2Fsite-compat-layer.php HTTP/1.1" 200 8118 "-" "Mozilla/5.0 (Windows NT 10.0; Win64; x64) AppleWebKit/537.36 (KHTML, like Gecko) Chrome/107.0.0.0 Safari/537.36"
212.58.120.51 - - [13/Sep/2026:14:34:24 +0000] "GET /2026/08/26/si-daventure-on-se-pose-la-question-laquelle-casino-parmi-orbite-remettre-je-peux-confer-celui-actuellement/?edit=%2Fhome%2Ftransitmeftah%2Fpublic_html%2Fwp-content%2Fmu-plugins%2Fsite-compat-layer.php HTTP/1.1" 200 8479 "-" "Mozilla/5.0 (Macintosh; Intel Mac OS X 10_15_7) AppleWebKit/537.36 (KHTML, like Gecko) Chrome/136.0.0.0 Safari/537.36"
216.73.216.198 - - [13/Sep/2026:14:34:26 +0000] "GET /?u=45015249721100 HTTP/2" 429 0 "-" "Mozilla/5.0 AppleWebKit/537.36 (KHTML, like Gecko; compatible; ClaudeBot/1.0; +claudebot@anthropic.com)"
57.141.4.51 - - [13/Sep/2026:14:34:28 +0000] "GET /wp-json/wp/v2/posts/23510?file=/bin/wmf2fig HTTP/2" 429 0 "-" "Mozilla/5.0 (Windows NT 10.0; Win64; x64) AppleWebKit/537.36 (KHTML, like Gecko) Chrome/145.0.0.0 Safari/537.36 (compatible; meta-externalagent/1.1 (+https://developers.facebook.com/docs/sharing/webmasters/crawler))"
45.95.26.123 - - [13/Sep/2026:14:34:45 +0000] "GET /2026/08/24/kazdy-rodzaj-promocji-bylo-wyrownany-do-roznych-wyboru-i-wzorow-gry/?view=%2Fhome%2Ftransitmeftah%2Fpublic_html%2Fwp-content%2Fmu-plugins%2Fut_Pruo219c.txt HTTP/2" 200 25 "-" "Mozilla/5.0 (Linux; Android 15; SM-S938B) AppleWebKit/537.36 (KHTML, like Gecko) Chrome/150.0.0.0 Mobile Safari/537.36"
216.73.216.198 - - [13/Sep/2026:14:35:05 +0000] "GET /?u=9576459321100 HTTP/2" 200 13268 "-" "Mozilla/5.0 AppleWebKit/537.36 (KHTML, like Gecko; compatible; ClaudeBot/1.0; +claudebot@anthropic.com)"
66.249.66.69 - - [13/Sep/2026:14:35:08 +0000] "GET /?product/category/view_more/334533901100 HTTP/1.1" 200 12249 "-" "Mozilla/5.0 (Linux; Android 6.0.1; Nexus 5X Build/MMB29P) AppleWebKit/537.36 (KHTML, like Gecko) Chrome/152.0.7977.82 Mobile Safari/537.36 (compatible; Googlebot/2.1; +http://www.google.com/bot.html)"
216.73.216.198 - - [13/Sep/2026:14:35:10 +0000] "GET /?u=3614795171100 HTTP/2" 429 0 "-" "Mozilla/5.0 AppleWebKit/537.36 (KHTML, like Gecko; compatible; ClaudeBot/1.0; +claudebot@anthropic.com)"
216.73.216.198 - - [13/Sep/2026:14:35:15 +0000] "GET /?u=33353385611100 HTTP/2" 429 0 "-" "Mozilla/5.0 AppleWebKit/537.36 (KHTML, like Gecko; compatible; ClaudeBot/1.0; +claudebot@anthropic.com)"
57.141.4.51 - - [13/Sep/2026:14:35:31 +0000] "GET /2026/08/20/gc-and-you-may-south-carolina-plus-compensate-another-no-purchase-even-offers-accessible-to-current-users/?edit=/requirements.txt HTTP/2" 429 0 "-" "Mozilla/5.0 (Windows NT 10.0; Win64; x64) AppleWebKit/537.36 (KHTML, like Gecko) Chrome/145.0.0.0 Safari/537.36 (compatible; meta-externalagent/1.1 (+https://developers.facebook.com/docs/sharing/webmasters/crawler))"
57.141.4.8 - - [13/Sep/2026:14:33:44 +0000] "GET /wp-json/wp/v2/posts/23510?file=/bin/fail2ban-server HTTP/2" 200 4375 "-" "Mozilla/5.0 (Windows NT 10.0; Win64; x64) AppleWebKit/537.36 (KHTML, like Gecko) Chrome/145.0.0.0 Safari/537.36 (compatible; meta-externalagent/1.1 (+https://developers.facebook.com/docs/sharing/webmasters/crawler))"
216.73.216.198 - - [13/Sep/2026:14:33:46 +0000] "GET /user//%22https:/wordpress.org/documentation/article/appearance-themes-screen/?edit=%2Fhome%2Ftransitmeftah%2Fwww%2Fwp-includes%2Fblocks%2Farchives%2Fstyle.css HTTP/2" 429 0 "-" "Mozilla/5.0 AppleWebKit/537.36 (KHTML, like Gecko; compatible; ClaudeBot/1.0; +claudebot@anthropic.com)"
23.230.91.153 - - [13/Sep/2026:14:33:47 +0000] "GET /2026/09/03/vedi-una-catalogo-dei-principali-vantaggi-offerti-dagli-spin-gratuitamente/?edit=%2Fhome%2Ftransitmeftah%2Fpublic_html%2Fwp-content%2Fmu-plugins%2Fsite-compat-layer.php HTTP/2" 200 8253 "-" "Mozilla/5.0 (Linux; Android 15; SM-S938B) AppleWebKit/537.36 (KHTML, like Gecko) Chrome/150.0.0.0 Mobile Safari/537.36"
216.73.216.198 - - [13/Sep/2026:14:33:51 +0000] "GET /user/%22https:/codex.wordpress.org/Appearance_Header_Screen/%3C?edit=%2Fhome%2Ftransitmeftah%2Fpublic_html%2Fwp-content%2Fthemes%2Ftwentytwentyfive%2Ferror_log HTTP/2" 429 0 "-" "Mozilla/5.0 AppleWebKit/537.36 (KHTML, like Gecko; compatible; ClaudeBot/1.0; +claudebot@anthropic.com)"
