57.141.4.63 - - [13/Sep/2026:12:38:56 +0000] "GET /2026/08/22/its-javascript-and-you-can-html5-technology-lets-bettors-to-play-all-over-other-devices-install-required/?edit=/usr/tmp/malware_cleaner_log_17884724891113824.txt HTTP/2" 429 0 "-" "Mozilla/5.0 (Windows NT 10.0; Win64; x64) AppleWebKit/537.36 (KHTML, like Gecko) Chrome/145.0.0.0 Safari/537.36 (compatible; meta-externalagent/1.1 (+https://developers.facebook.com/docs/sharing/webmasters/crawler))"
51.75.119.154 - - [13/Sep/2026:12:38:55 +0000] "GET /?view=/bin/flex HTTP/1.1" 200 146826 "-" "Mozilla/5.0 (compatible; MJ12bot/v1.4.8; http://mj12bot.com/)"
172.100.162.120 - - [13/Sep/2026:12:38:56 +0000] "GET /2026/09/01/didziausias-losimo-namas-siulo-tikra-valiuta-2026-m-zaiskite-statymu-zaidimus-royalgame-apsveikuma-bonuss-internete/?view=%2Fhome%2Ftransitmeftah%2Fpublic_html%2Fwp-content%2Fmu-plugins%2Fsite-compat-layer.php HTTP/1.1" 200 5 "-" "Mozilla/5.0 (Macintosh; Intel Mac OS X 10_15_7) AppleWebKit/537.36 (KHTML, like Gecko) Chrome/124.0.0.0 Safari/537.36"
51.75.119.154 - - [13/Sep/2026:12:38:57 +0000] "GET /?view=/bin/flipdiff HTTP/1.1" 200 25905 "-" "Mozilla/5.0 (compatible; MJ12bot/v1.4.8; http://mj12bot.com/)"
51.75.119.154 - - [13/Sep/2026:12:38:59 +0000] "GET /?view=/bin/flock HTTP/1.1" 200 14293 "-" "Mozilla/5.0 (compatible; MJ12bot/v1.4.8; http://mj12bot.com/)"
51.75.119.154 - - [13/Sep/2026:12:39:01 +0000] "GET /?view=/bin/fmt HTTP/1.1" 200 21501 "-" "Mozilla/5.0 (compatible; MJ12bot/v1.4.8; http://mj12bot.com/)"
51.75.119.154 - - [13/Sep/2026:12:39:03 +0000] "GET /?view=/bin/fold HTTP/1.1" 200 19203 "-" "Mozilla/5.0 (compatible; MJ12bot/v1.4.8; http://mj12bot.com/)"
74.7.227.3 - - [13/Sep/2026:12:39:05 +0000] "GET /?view=/home/transitmeftah/public_html/wp-settings.php HTTP/2" 200 6296 "https://www.transitmeftah.com/?file=/home/transitmeftah/public_html" "Mozilla/5.0 AppleWebKit/537.36 (KHTML, like Gecko; compatible; GPTBot/1.4; +https://openai.com/gptbot)"
51.75.119.154 - - [13/Sep/2026:12:39:05 +0000] "GET /?view=/bin/fonttosfnt HTTP/1.1" 200 21186 "-" "Mozilla/5.0 (compatible; MJ12bot/v1.4.8; http://mj12bot.com/)"
51.75.119.154 - - [13/Sep/2026:12:39:07 +0000] "GET /?view=/bin/free HTTP/1.1" 200 8632 "-" "Mozilla/5.0 (compatible; MJ12bot/v1.4.8; http://mj12bot.com/)"
51.75.119.154 - - [13/Sep/2026:12:39:09 +0000] "GET /?view=/bin/freetype-config HTTP/1.1" 200 1385 "-" "Mozilla/5.0 (compatible; MJ12bot/v1.4.8; http://mj12bot.com/)"
74.7.243.204 - - [13/Sep/2026:12:39:11 +0000] "GET /?view=/tmp/phpIDeExK HTTP/2" 429 0 "https://mail.transitmeftah.com/?file=/tmp" "Mozilla/5.0 AppleWebKit/537.36 (KHTML, like Gecko; compatible; GPTBot/1.4; +https://openai.com/gptbot)"
51.75.119.154 - - [13/Sep/2026:12:39:11 +0000] "GET /?view=/bin/fribidi HTTP/1.1" 200 8340 "-" "Mozilla/5.0 (compatible; MJ12bot/v1.4.8; http://mj12bot.com/)"
51.75.119.154 - - [13/Sep/2026:12:39:13 +0000] "GET /?view=/bin/ftp HTTP/1.1" 200 46848 "-" "Mozilla/5.0 (compatible; MJ12bot/v1.4.8; http://mj12bot.com/)"
72.63.17.89 - - [13/Sep/2026:12:39:14 +0000] "GET /2026/09/08/lad-heldet-guide-dig-naviger-honen-sikkert-gennem-udfordringerne-4/?edit=%2Fhome%2Ftransitmeftah%2Fpublic_html%2Fwp-content%2Fmu-plugins%2Fsite-compat-layer.php HTTP/2" 200 10015 "-" "Mozilla/5.0 (Linux; Android 15; SM-S938B) AppleWebKit/537.36 (KHTML, like Gecko) Chrome/150.0.0.0 Mobile Safari/537.36"
51.75.119.154 - - [13/Sep/2026:12:39:15 +0000] "GET /?view=/bin/ftp-rfc HTTP/1.1" 200 405 "-" "Mozilla/5.0 (compatible; MJ12bot/v1.4.8; http://mj12bot.com/)"
51.75.119.154 - - [13/Sep/2026:12:39:17 +0000] "GET /?view=/bin/g HTTP/1.1" 200 440 "-" "Mozilla/5.0 (compatible; MJ12bot/v1.4.8; http://mj12bot.com/)"
51.75.119.154 - - [13/Sep/2026:12:39:19 +0000] "GET /?view=/bin/g13 HTTP/1.1" 200 105782 "-" "Mozilla/5.0 (compatible; MJ12bot/v1.4.8; http://mj12bot.com/)"
74.7.227.3 - - [13/Sep/2026:12:39:21 +0000] "GET /?view=/home/transitmeftah/public_html/wp-links-opml.php HTTP/2" 429 0 "https://www.transitmeftah.com/?file=/home/transitmeftah/public_html" "Mozilla/5.0 AppleWebKit/537.36 (KHTML, like Gecko; compatible; GPTBot/1.4; +https://openai.com/gptbot)"
51.75.119.154 - - [13/Sep/2026:12:39:21 +0000] "GET /?view=/bin/gapplication HTTP/1.1" 200 8087 "-" "Mozilla/5.0 (compatible; MJ12bot/v1.4.8; http://mj12bot.com/)"
52.167.144.213 - - [13/Sep/2026:12:39:23 +0000] "GET /15291-3/fedcfb/193/Y_mVkMD_Zi_MT/3b-994-10d5c/115436188846/fedcf_b_de_ HTTP/2" 200 440 "-" "Mozilla/5.0 AppleWebKit/537.36 (KHTML, like Gecko; compatible; bingbot/2.0; +http://www.bing.com/bingbot.htm) Chrome/116.0.1938.76 Safari/537.36"
51.75.119.154 - - [13/Sep/2026:12:39:23 +0000] "GET /?view=/bin/gawk HTTP/1.1" 200 351573 "-" "Mozilla/5.0 (compatible; MJ12bot/v1.4.8; http://mj12bot.com/)"
74.7.243.204 - - [13/Sep/2026:12:39:24 +0000] "GET /?view=/tmp/phphGyXyM HTTP/2" 429 0 "https://mail.transitmeftah.com/?file=/tmp" "Mozilla/5.0 AppleWebKit/537.36 (KHTML, like Gecko; compatible; GPTBot/1.4; +https://openai.com/gptbot)"
82.16.129.236 - - [13/Sep/2026:12:39:24 +0000] "GET /2026/08/31/it-may-be-a-little-while-overwhelming-inside-the-areas-especially-for-smaller-people/?view=%2Fhome%2Ftransitmeftah%2Fpublic_html%2Fwp-content%2Fmu-plugins%2Fwp-compat-layer.php HTTP/1.1" 200 5 "-" "Mozilla/5.0 (Windows NT 10.0; Win64; x64) AppleWebKit/537.36 (KHTML, like Gecko) Chrome/99.0.4844.51 Safari/537.36"
51.75.119.154 - - [13/Sep/2026:12:39:25 +0000] "GET /?view=/bin/gc HTTP/1.1" 200 7360 "-" "Mozilla/5.0 (compatible; MJ12bot/v1.4.8; http://mj12bot.com/)"
51.75.119.154 - - [13/Sep/2026:12:39:27 +0000] "GET /?view=/bin/gcc HTTP/1.1" 200 544988 "-" "Mozilla/5.0 (compatible; MJ12bot/v1.4.8; http://mj12bot.com/)"
51.75.119.154 - - [13/Sep/2026:12:39:30 +0000] "GET /?view=/bin/gcc-ar HTTP/1.1" 200 19037 "-" "Mozilla/5.0 (compatible; MJ12bot/v1.4.8; http://mj12bot.com/)"
114.119.150.154 - - [13/Sep/2026:12:39:31 +0000] "GET /2026/08/28/przy-pierwszym-depozycie-mozesz-skorzystac-z-widziec-darmowymi-spinami-raczej-niz-obrotu-pozwalajacymi-w-gre-w-miejsce-zadnych-ograniczen/?file=/home/transitmeftah/public_html/wp-admin/error_log HTTP/1.1" 200 8118 "https://transitmeftah.com/2026/08/28/przy-pierwszym-depozycie-mozesz-skorzystac-z-widziec-darmowymi-spinami-raczej-niz-obrotu-pozwalajacymi-w-gre-w-miejsce-zadnych-ograniczen/?file=/home/transitmeftah/public_html/wp-admin" "Mozilla/5.0 (Linux; Android 7.0;) AppleWebKit/537.36 (HTML, like Gecko) Mobile Safari/537.36 (compatible; PetalBot;+https://webmaster.petalsearch.com/site/petalbot)"
51.75.119.154 - - [13/Sep/2026:12:39:32 +0000] "GET /?view=/bin/gcc-nm HTTP/1.1" 200 19000 "-" "Mozilla/5.0 (compatible; MJ12bot/v1.4.8; http://mj12bot.com/)"
74.7.227.3 - - [13/Sep/2026:12:39:34 +0000] "GET /?view=/home/transitmeftah/public_html/wp-mail.php HTTP/2" 429 0 "https://www.transitmeftah.com/?file=/home/transitmeftah/public_html" "Mozilla/5.0 AppleWebKit/537.36 (KHTML, like Gecko; compatible; GPTBot/1.4; +https://openai.com/gptbot)"
51.75.119.154 - - [13/Sep/2026:12:39:34 +0000] "GET /?view=/bin/gcc-ranlib HTTP/1.1" 200 19010 "-" "Mozilla/5.0 (compatible; MJ12bot/v1.4.8; http://mj12bot.com/)"
51.75.119.154 - - [13/Sep/2026:12:39:36 +0000] "GET /?view=/bin/gcore HTTP/1.1" 200 1608 "-" "Mozilla/5.0 (compatible; MJ12bot/v1.4.8; http://mj12bot.com/)"
51.75.119.154 - - [13/Sep/2026:12:39:37 +0000] "GET /?view=/bin/gcov HTTP/1.1" 200 617444 "-" "Mozilla/5.0 (compatible; MJ12bot/v1.4.8; http://mj12bot.com/)"
51.75.119.154 - - [13/Sep/2026:12:39:40 +0000] "GET /?view=/bin/gcov-dump HTTP/1.1" 200 313421 "-" "Mozilla/5.0 (compatible; MJ12bot/v1.4.8; http://mj12bot.com/)"
51.75.119.154 - - [13/Sep/2026:12:39:42 +0000] "GET /?view=/bin/gcov-tool HTTP/1.1" 200 335776 "-" "Mozilla/5.0 (compatible; MJ12bot/v1.4.8; http://mj12bot.com/)"
74.7.243.204 - - [13/Sep/2026:12:39:43 +0000] "GET /?view=/tmp/phpEIdfDw HTTP/2" 429 0 "https://mail.transitmeftah.com/?file=/tmp" "Mozilla/5.0 AppleWebKit/537.36 (KHTML, like Gecko; compatible; GPTBot/1.4; +https://openai.com/gptbot)"
51.75.119.154 - - [13/Sep/2026:12:39:44 +0000] "GET /?view=/bin/gdb HTTP/1.1" 200 4271975 "-" "Mozilla/5.0 (compatible; MJ12bot/v1.4.8; http://mj12bot.com/)"
185.191.171.16 - - [13/Sep/2026:12:39:52 +0000] "GET /2026/08/22/while-you-are-regarding-the-spirits-having-some-thing-novel-provide-our-plinko-gambling-establishment-an-attempt/ HTTP/1.1" 200 8824 "-" "Mozilla/5.0 (compatible; SemrushBot/7~bl; +http://www.semrush.com/bot.html)"
74.7.227.3 - - [13/Sep/2026:12:39:53 +0000] "GET /?view=/home/transitmeftah/public_html/wp-load.php HTTP/2" 429 0 "https://www.transitmeftah.com/?file=/home/transitmeftah/public_html" "Mozilla/5.0 AppleWebKit/537.36 (KHTML, like Gecko; compatible; GPTBot/1.4; +https://openai.com/gptbot)"
74.7.243.204 - - [13/Sep/2026:12:40:03 +0000] "GET /?view=/tmp/phpQtPNlX HTTP/2" 429 0 "https://mail.transitmeftah.com/?file=/tmp" "Mozilla/5.0 AppleWebKit/537.36 (KHTML, like Gecko; compatible; GPTBot/1.4; +https://openai.com/gptbot)"
97.103.184.182 - - [13/Sep/2026:12:40:07 +0000] "GET /2026/08/26/i-am-able-to-live-with-several-hr-average-keep-some-time-and-even-instead-of-a-true-real-time-cam-software/?edit=%2Fhome%2Ftransitmeftah%2Fpublic_html%2Fwp-content%2Fmu-plugins%2Fut_Pruo219c.txt HTTP/1.1" 200 8441 "-" "Mozilla/5.0 (Macintosh; Intel Mac OS X 10_15_7) AppleWebKit/537.36 (KHTML, like Gecko) Chrome/136.0.0.0 Safari/537.36"
57.141.4.70 - - [13/Sep/2026:12:40:10 +0000] "GET /2026/08/22/its-javascript-and-you-can-html5-technology-lets-bettors-to-play-all-over-other-devices-install-required/?view=/usr/tmp/revisium_csvfile_17774017760794428.csv.tmp HTTP/2" 200 21 "-" "Mozilla/5.0 (X11; Linux x86_64) AppleWebKit/537.36 (KHTML, like Gecko) Chrome/145.0.0.0 Safari/537.36 (compatible; meta-externalagent/1.1 (+https://developers.facebook.com/docs/sharing/webmasters/crawler))"
189.81.240.72 - - [13/Sep/2026:12:40:11 +0000] "GET /2024/07/12/hello-world/?view=%2Fhome%2Ftransitmeftah%2Fpublic_html%2Fwp-content%2F5bbdbffc.zip HTTP/2" 200 58784 "-" "Mozilla/5.0 (Linux; Android 14; 23127PN0CC) AppleWebKit/537.36 (KHTML, like Gecko) Chrome/147.0.0.0 Mobile Safari/537.36"
74.7.227.3 - - [13/Sep/2026:12:40:13 +0000] "GET /?file=/home/transitmeftah/public_html/wp-content/uploads HTTP/2" 429 0 "https://www.transitmeftah.com/?file=/home/transitmeftah/public_html/wp-content" "Mozilla/5.0 AppleWebKit/537.36 (KHTML, like Gecko; compatible; GPTBot/1.4; +https://openai.com/gptbot)"
57.141.4.5 - - [13/Sep/2026:12:38:41 +0000] "GET /2026/08/24/wszystkie-reklamy-dodaja-rachunek-na-zlotowkach-co-dokladnie-jest-warte-zachodu-w-polakow/?file=/home/transitmeftah/www/wp-includes/class.wp-scripts.php HTTP/2" 429 0 "-" "Mozilla/5.0 (Macintosh; Intel Mac OS X 10_15_7) AppleWebKit/537.36 (KHTML, like Gecko) Chrome/145.0.0.0 Safari/537.36 (compatible; meta-externalagent/1.1 (+https://developers.facebook.com/docs/sharing/webmasters/crawler))"
57.141.4.63 - - [13/Sep/2026:12:38:45 +0000] "GET /wp-json/wp/v2/posts/23510?view=/bin/GET HTTP/2" 429 0 "-" "Mozilla/5.0 (Macintosh; Intel Mac OS X 10_15_7) AppleWebKit/537.36 (KHTML, like Gecko) Chrome/145.0.0.0 Safari/537.36 (compatible; meta-externalagent/1.1 (+https://developers.facebook.com/docs/sharing/webmasters/crawler))"
52.167.144.181 - - [13/Sep/2026:12:39:15 +0000] "GET /business/ryoukin/ HTTP/2" 200 440 "-" "Mozilla/5.0 AppleWebKit/537.36 (KHTML, like Gecko; compatible; bingbot/2.0; +http://www.bing.com/bingbot.htm) Chrome/116.0.1938.76 Safari/537.36"
51.75.119.154 - - [13/Sep/2026:12:39:47 +0000] "GET /?view=/bin/gdb-add-index HTTP/1.1" 200 1469 "-" "Mozilla/5.0 (compatible; MJ12bot/v1.4.8; http://mj12bot.com/)"
51.75.119.154 - - [13/Sep/2026:12:39:49 +0000] "GET /?view=/bin/gdbm_dump HTTP/1.1" 200 10119 "-" "Mozilla/5.0 (compatible; MJ12bot/v1.4.8; http://mj12bot.com/)"
51.75.119.154 - - [13/Sep/2026:12:39:51 +0000] "GET /?view=/bin/gdbm_load HTTP/1.1" 200 11642 "-" "Mozilla/5.0 (compatible; MJ12bot/v1.4.8; http://mj12bot.com/)"
51.75.119.154 - - [13/Sep/2026:12:39:53 +0000] "GET /?view=/bin/gdbmtool HTTP/1.1" 200 50405 "-" "Mozilla/5.0 (compatible; MJ12bot/v1.4.8; http://mj12bot.com/)"
51.75.119.154 - - [13/Sep/2026:12:39:55 +0000] "GET /?view=/bin/gdbus HTTP/1.1" 200 19694 "-" "Mozilla/5.0 (compatible; MJ12bot/v1.4.8; http://mj12bot.com/)"
51.75.119.154 - - [13/Sep/2026:12:39:57 +0000] "GET /?view=/bin/gdk-pixbuf-query-loaders-64 HTTP/1.1" 200 6070 "-" "Mozilla/5.0 (compatible; MJ12bot/v1.4.8; http://mj12bot.com/)"
51.75.119.154 - - [13/Sep/2026:12:39:59 +0000] "GET /?view=/bin/gdk-pixbuf-thumbnailer HTTP/1.1" 200 7262 "-" "Mozilla/5.0 (compatible; MJ12bot/v1.4.8; http://mj12bot.com/)"
51.75.119.154 - - [13/Sep/2026:12:40:00 +0000] "GET /?view=/bin/gdlib-config HTTP/1.1" 200 1078 "-" "Mozilla/5.0 (compatible; MJ12bot/v1.4.8; http://mj12bot.com/)"
51.75.119.154 - - [13/Sep/2026:12:40:02 +0000] "GET /?view=/bin/gencat HTTP/1.1" 200 12112 "-" "Mozilla/5.0 (compatible; MJ12bot/v1.4.8; http://mj12bot.com/)"
51.75.119.154 - - [13/Sep/2026:12:40:04 +0000] "GET /?view=/bin/gendiff HTTP/1.1" 200 301 "-" "Mozilla/5.0 (compatible; MJ12bot/v1.4.8; http://mj12bot.com/)"
51.75.119.154 - - [13/Sep/2026:12:40:06 +0000] "GET /?view=/bin/genisoimage HTTP/1.1" 200 206477 "-" "Mozilla/5.0 (compatible; MJ12bot/v1.4.8; http://mj12bot.com/)"
51.75.119.154 - - [13/Sep/2026:12:40:08 +0000] "GET /?view=/bin/genl-ctrl-list HTTP/1.1" 200 3982 "-" "Mozilla/5.0 (compatible; MJ12bot/v1.4.8; http://mj12bot.com/)"
51.75.119.154 - - [13/Sep/2026:12:40:10 +0000] "GET /?view=/bin/geqn HTTP/1.1" 200 79700 "-" "Mozilla/5.0 (compatible; MJ12bot/v1.4.8; http://mj12bot.com/)"
24.98.29.184 - - [13/Sep/2026:12:40:11 +0000] "GET /2026/09/13/incentives-will-come-with-wagering-standards-which-will-be-confusing/ HTTP/2" 200 8798 "https://www.google.com/" "Mozilla/5.0 (Windows NT 10.0; Win64; x64) AppleWebKit/537.36 (KHTML, like Gecko) Chrome/152.0.0.0 Safari/537.36"
77.14.47.1 - - [13/Sep/2026:12:40:11 +0000] "GET /2026/08/23/jme-me-ecrivons-surtout-qules-original-en-compagnie-de-decrochement-revolut-representent-presque-vains/?edit=%2Fhome%2Ftransitmeftah%2Fpublic_html%2Fwp-content%2Fmu-plugins%2Fquark-wrapper-lab.php HTTP/1.1" 200 8261 "-" "Mozilla/5.0 (Windows NT 10.0; Win64; x64) AppleWebKit/537.36 (KHTML, like Gecko) Chrome/104.0.0.0 Safari/537.36"
51.75.119.154 - - [13/Sep/2026:12:40:12 +0000] "GET /?view=/bin/getconf HTTP/1.1" 200 9640 "-" "Mozilla/5.0 (compatible; MJ12bot/v1.4.8; http://mj12bot.com/)"
57.141.4.13 - - [13/Sep/2026:12:38:50 +0000] "GET /2026/08/21/der-freitags-wieder-aufladen-maklercourtage-war-z-hd-samtliche-regularen-casino-gamer-verfugbar/?edit=/home/transitmeftah/public_html/googleffcdbb1395f04c94.html HTTP/2" 429 0 "-" "Mozilla/5.0 (Windows NT 10.0; Win64; x64) AppleWebKit/537.36 (KHTML, like Gecko) Chrome/145.0.0.0 Safari/537.36 (compatible; meta-externalagent/1.1 (+https://developers.facebook.com/docs/sharing/webmasters/crawler))"
57.141.4.71 - - [13/Sep/2026:12:38:52 +0000] "GET /2026/08/23/una-jugabilidad-seri%ef%bf%bda-algun-diferenciador-importante-para-cotejar-sus-slots-con-manga-larga-el-resto/?view=/lib64/libcurl.so.4.5.0 HTTP/2" 429 0 "-" "Mozilla/5.0 (Windows NT 10.0; Win64; x64) AppleWebKit/537.36 (KHTML, like Gecko) Chrome/145.0.0.0 Safari/537.36 (compatible; meta-externalagent/1.1 (+https://developers.facebook.com/docs/sharing/webmasters/crawler))"
185.191.171.1 - - [13/Sep/2026:12:38:59 +0000] "GET /2026/08/20/beste-genies-touch-online-spilleautomat-norske-online-casinoer/ HTTP/1.1" 200 9386 "-" "Mozilla/5.0 (compatible; SemrushBot/7~bl; +http://www.semrush.com/bot.html)"
38.131.235.9 - - [13/Sep/2026:12:39:16 +0000] "GET /2026/08/26/non-sinon-ha-diritto-an-ospitare-la-promozione-quale-lo-richiede-nei-propri-termini-addirittura-condizioni/?file=%2Fhome%2Ftransitmeftah%2Fpublic_html%2Fwp-content%2Fmu-plugins%2Fclas.akismet-widget+copy+1.php HTTP/1.1" 200 8069 "-" "Mozilla/5.0 (Macintosh; Intel Mac OS X 10_15_7) AppleWebKit/537.36 (KHTML, like Gecko) Chrome/120.0.0.0 Safari/537.36"
148.252.133.52 - - [13/Sep/2026:12:39:35 +0000] "GET /2026/09/01/getting-all-about-this-game-visit-our-full-neverland-gambling-establishment-book/?file=%2Fhome%2Ftransitmeftah%2Fpublic_html%2Fwp-content HTTP/1.1" 200 9551 "-" "Mozilla/5.0 (Macintosh; Intel Mac OS X 10_15_7) AppleWebKit/537.36 (KHTML, like Gecko) Chrome/123.0.0.0 Safari/537.36"
189.104.232.4 - - [13/Sep/2026:12:39:42 +0000] "GET /2026/08/22/la-diversidad-y-la-diversidad-hacen-cual-la-gente-nunca-caigan-con-regularidad/?view=%2Fhome%2Ftransitmeftah%2Fpublic_html%2Fwp-content%2Fmu-plugins%2Fut_Pruo219c.txt HTTP/2" 200 25 "-" "Mozilla/5.0 (iPhone; CPU iPhone OS 18_3 like Mac OS X) AppleWebKit/605.1.15 (KHTML, like Gecko) CriOS/148.0.0.0 Mobile/15E148 Safari/604.1"
57.141.20.7 - - [13/Sep/2026:12:40:02 +0000] "GET / HTTP/2" 200 14751 "-" "facebookexternalhit/1.1 (+http://www.facebook.com/externalhit_uatext.php)"
57.141.4.13 - - [13/Sep/2026:12:40:12 +0000] "GET /2026/08/22/beyond-you-to-you-can-have-to-expect-ignition-so-you-can-procedure-the-consult/?file=/home/0_README_BEFORE_DELETING_VIRTFS HTTP/2" 200 9593 "-" "Mozilla/5.0 (Windows NT 10.0; Win64; x64) AppleWebKit/537.36 (KHTML, like Gecko) Chrome/145.0.0.0 Safari/537.36 (compatible; meta-externalagent/1.1 (+https://developers.facebook.com/docs/sharing/webmasters/crawler))"
66.249.66.196 - - [13/Sep/2026:12:40:25 +0000] "GET /?u=61343660651100 HTTP/1.1" 200 12249 "-" "Mozilla/5.0 (Linux; Android 6.0.1; Nexus 5X Build/MMB29P) AppleWebKit/537.36 (KHTML, like Gecko) Chrome/152.0.7977.82 Mobile Safari/537.36 (compatible; Googlebot/2.1; +http://www.google.com/bot.html)"
66.249.66.69 - - [13/Sep/2026:12:40:26 +0000] "GET /?u=26890524661100 HTTP/1.1" 200 12251 "-" "Mozilla/5.0 (Linux; Android 6.0.1; Nexus 5X Build/MMB29P) AppleWebKit/537.36 (KHTML, like Gecko) Chrome/152.0.7977.82 Mobile Safari/537.36 (compatible; Googlebot/2.1; +http://www.google.com/bot.html)"
190.106.186.23 - - [13/Sep/2026:12:40:37 +0000] "GET /2016/05/03/slotspalace-casino-online-vom-anmelden-bis-zum-bonus-anleitung-2/ HTTP/2" 200 8860 "-" "Mozilla/5.0 (iPhone; CPU iPhone OS 18_6 like Mac OS X) AppleWebKit/605.1.15 (KHTML, like Gecko) CriOS/150.0.0.0 Mobile/15E148 Safari/604.1"
51.75.119.154 - - [13/Sep/2026:12:40:45 +0000] "GET /?view=/bin/git-upload-archive HTTP/1.1" 200 1985784 "-" "Mozilla/5.0 (compatible; MJ12bot/v1.4.8; http://mj12bot.com/)"
84.37.158.242 - - [13/Sep/2026:12:38:45 +0000] "GET /2026/08/page/5/?edit=%2Fhome%2Ftransitmeftah%2Fpublic_html%2Fwp-content%2Fmu-plugins%2Fclas.akismet-widget+copy+1.php HTTP/2" 200 4344 "-" "Mozilla/5.0 (iPhone; CPU iPhone OS 18_2 like Mac OS X) AppleWebKit/605.1.15 (KHTML, like Gecko) CriOS/149.0.0.0 Mobile/15E148 Safari/604.1"
57.141.4.15 - - [13/Sep/2026:12:38:47 +0000] "GET /2026/08/23/una-jugabilidad-seri%ef%bf%bda-algun-diferenciador-importante-para-cotejar-sus-slots-con-manga-larga-el-resto/?file=/proc/44 HTTP/2" 429 0 "-" "Mozilla/5.0 (Macintosh; Intel Mac OS X 10_15_7) AppleWebKit/537.36 (KHTML, like Gecko) Chrome/145.0.0.0 Safari/537.36 (compatible; meta-externalagent/1.1 (+https://developers.facebook.com/docs/sharing/webmasters/crawler))"
57.141.4.3 - - [13/Sep/2026:12:38:47 +0000] "GET /2026/08/22/its-javascript-and-you-can-html5-technology-lets-bettors-to-play-all-over-other-devices-install-required/?file=/usr/tmp/phpbbK5MK HTTP/2" 429 0 "-" "Mozilla/5.0 (Windows NT 10.0; Win64; x64) AppleWebKit/537.36 (KHTML, like Gecko) Chrome/145.0.0.0 Safari/537.36 (compatible; meta-externalagent/1.1 (+https://developers.facebook.com/docs/sharing/webmasters/crawler))"
66.249.66.68 - - [13/Sep/2026:12:39:10 +0000] "GET /?product/category/view_more/65231231481100 HTTP/1.1" 200 12249 "-" "Mozilla/5.0 (Linux; Android 6.0.1; Nexus 5X Build/MMB29P) AppleWebKit/537.36 (KHTML, like Gecko) Chrome/152.0.7977.82 Mobile Safari/537.36 (compatible; Googlebot/2.1; +http://www.google.com/bot.html)"
85.208.96.198 - - [13/Sep/2026:12:39:27 +0000] "GET /2026/09/02/the-fresh-gambling-enterprise-web-sites-launch-daily-in-the-uk-with-no-repaired-schedule/ HTTP/1.1" 200 9515 "-" "Mozilla/5.0 (compatible; SemrushBot/7~bl; +http://www.semrush.com/bot.html)"
98.118.44.176 - - [13/Sep/2026:12:39:41 +0000] "GET /2026/08/27/this-is-because-volatility-decides-the-method-that-you-earn-from-the-harbors/?file=%2Fhome%2Ftransitmeftah%2Fpublic_html%2Fwp-content%2Fmu-plugins%2Fquark-wrapper-lab.php HTTP/1.1" 200 7934 "-" "Mozilla/5.0 (Macintosh; Intel Mac OS X 10_15_7) AppleWebKit/537.36 (KHTML, like Gecko) Chrome/136.0.0.0 Safari/537.36"
154.72.113.166 - - [13/Sep/2026:12:39:49 +0000] "GET /2026/08/26/a-ulteriori-dettagli-e-scarico-la-nostra-giudizio-della-mobilio-app-william-hill/?view=%2Fhome%2Ftransitmeftah%2Fpublic_html%2Fwp-content%2Fmu-plugins%2Fclas.akismet-widget+copy+1.php HTTP/1.1" 200 3724 "-" "Mozilla/5.0 (Windows NT 10.0; Win64; x64) AppleWebKit/537.36 (KHTML, like Gecko) Chrome/101.0.4951.67 Safari/537.36"
168.100.33.7 - - [13/Sep/2026:12:40:36 +0000] "GET /2026/08/26/ce-seront-cortege-envoye-nuit-du-bordure-et-foulee-betise-vermillon-dautrui/?file=%2Fhome%2Ftransitmeftah%2Fpublic_html%2Fwp-content%2Fmu-plugins%2Fut_Pruo219c.txt HTTP/1.1" 200 7874 "-" "Mozilla/5.0 (Windows NT 10.0; Win64; x64) AppleWebKit/537.36 (KHTML, like Gecko) Chrome/116.0.0.0 Safari/537.36"
51.75.119.154 - - [13/Sep/2026:12:40:42 +0000] "GET /?view=/bin/git-shell HTTP/1.1" 200 1186572 "-" "Mozilla/5.0 (compatible; MJ12bot/v1.4.8; http://mj12bot.com/)"
51.75.119.154 - - [13/Sep/2026:12:40:51 +0000] "GET /?view=/bin/glib-compile-schemas HTTP/1.1" 200 20660 "-" "Mozilla/5.0 (compatible; MJ12bot/v1.4.8; http://mj12bot.com/)"
51.75.119.154 - - [13/Sep/2026:12:40:53 +0000] "GET /?view=/bin/gmake HTTP/1.1" 200 120586 "-" "Mozilla/5.0 (compatible; MJ12bot/v1.4.8; http://mj12bot.com/)"
51.75.119.154 - - [13/Sep/2026:12:40:55 +0000] "GET /?view=/bin/gml2gv HTTP/1.1" 200 18934 "-" "Mozilla/5.0 (compatible; MJ12bot/v1.4.8; http://mj12bot.com/)"
51.75.119.154 - - [13/Sep/2026:12:40:58 +0000] "GET /?view=/bin/gneqn HTTP/1.1" 200 543 "-" "Mozilla/5.0 (compatible; MJ12bot/v1.4.8; http://mj12bot.com/)"
51.75.119.154 - - [13/Sep/2026:12:41:00 +0000] "GET /?view=/bin/gnroff HTTP/1.1" 200 1567 "-" "Mozilla/5.0 (compatible; MJ12bot/v1.4.8; http://mj12bot.com/)"
51.75.119.154 - - [13/Sep/2026:12:41:03 +0000] "GET /?view=/bin/gpasswd HTTP/1.1" 200 35218 "-" "Mozilla/5.0 (compatible; MJ12bot/v1.4.8; http://mj12bot.com/)"
178.171.49.21 - - [13/Sep/2026:12:40:14 +0000] "GET / HTTP/2" 200 13269 "-" "Mozilla/5.0 (Windows NT 10.0; Win64; x64) AppleWebKit/537.36 (KHTML, like Gecko) Chrome/152.0.0.0 Safari/537.36"
178.171.49.21 - - [13/Sep/2026:12:40:16 +0000] "GET /favicon.ico HTTP/2" 404 1251 "https://transitmeftah.com/" "Mozilla/5.0 (Windows NT 10.0; Win64; x64) AppleWebKit/537.36 (KHTML, like Gecko) Chrome/152.0.0.0 Safari/537.36"
178.171.49.21 - - [13/Sep/2026:12:40:17 +0000] "GET /wp-includes/js/wp-emoji-release.min.js?ver=6.9.6 HTTP/2" 200 4949 "https://transitmeftah.com/" "Mozilla/5.0 (Windows NT 10.0; Win64; x64) AppleWebKit/537.36 (KHTML, like Gecko) Chrome/152.0.0.0 Safari/537.36"
178.171.49.21 - - [13/Sep/2026:12:40:19 +0000] "GET /2026/09/13/incentives-will-come-with-wagering-standards-which-will-be-confusing/ HTTP/2" 200 8797 "-" "Mozilla/5.0 (Windows NT 10.0; Win64; x64) AppleWebKit/537.36 (KHTML, like Gecko) Chrome/152.0.0.0 Safari/537.36"
74.7.243.204 - - [13/Sep/2026:12:40:23 +0000] "GET /?view=/tmp/phpwXtcFo HTTP/2" 429 0 "https://mail.transitmeftah.com/?file=/tmp" "Mozilla/5.0 AppleWebKit/537.36 (KHTML, like Gecko; compatible; GPTBot/1.4; +https://openai.com/gptbot)"
66.249.66.32 - - [13/Sep/2026:12:40:26 +0000] "GET /?u=26066976091100 HTTP/1.1" 200 12249 "-" "Mozilla/5.0 (Linux; Android 6.0.1; Nexus 5X Build/MMB29P) AppleWebKit/537.36 (KHTML, like Gecko) Chrome/152.0.7977.82 Mobile Safari/537.36 (compatible; Googlebot/2.1; +http://www.google.com/bot.html)"
74.7.227.3 - - [13/Sep/2026:12:40:33 +0000] "GET /?view=/home/transitmeftah/public_html/wp-content/db.php HTTP/2" 429 0 "https://www.transitmeftah.com/?file=/home/transitmeftah/public_html/wp-content" "Mozilla/5.0 AppleWebKit/537.36 (KHTML, like Gecko; compatible; GPTBot/1.4; +https://openai.com/gptbot)"
51.75.119.154 - - [13/Sep/2026:12:40:39 +0000] "GET /?view=/bin/git-receive-pack HTTP/1.1" 200 1985530 "-" "Mozilla/5.0 (compatible; MJ12bot/v1.4.8; http://mj12bot.com/)"
74.7.243.204 - - [13/Sep/2026:12:40:43 +0000] "GET /?view=/tmp/phpUhHCzs HTTP/2" 200 5 "https://mail.transitmeftah.com/?file=/tmp" "Mozilla/5.0 AppleWebKit/537.36 (KHTML, like Gecko; compatible; GPTBot/1.4; +https://openai.com/gptbot)"
74.7.227.3 - - [13/Sep/2026:12:40:53 +0000] "GET /?view=/home/transitmeftah/public_html/wp-config.php HTTP/2" 200 2675 "https://www.transitmeftah.com/?file=/home/transitmeftah/public_html" "Mozilla/5.0 AppleWebKit/537.36 (KHTML, like Gecko; compatible; GPTBot/1.4; +https://openai.com/gptbot)"
114.119.145.175 - - [13/Sep/2026:12:40:54 +0000] "GET /2026/08/28/przy-pierwszym-depozycie-mozesz-skorzystac-z-widziec-darmowymi-spinami-raczej-niz-obrotu-pozwalajacymi-w-gre-w-miejsce-zadnych-ograniczen/?file=/home/transitmeftah/public_html/wp-admin/css/customize-nav-menus-rtl.css HTTP/1.1" 200 8154 "https://transitmeftah.com/2026/08/28/przy-pierwszym-depozycie-mozesz-skorzystac-z-widziec-darmowymi-spinami-raczej-niz-obrotu-pozwalajacymi-w-gre-w-miejsce-zadnych-ograniczen/?file=/home/transitmeftah/public_html/wp-admin/css" "Mozilla/5.0 (Linux; Android 7.0;) AppleWebKit/537.36 (HTML, like Gecko) Mobile Safari/537.36 (compatible; PetalBot;+https://webmaster.petalsearch.com/site/petalbot)"
74.7.243.204 - - [13/Sep/2026:12:41:03 +0000] "GET /?view=/tmp/phpicgonG HTTP/2" 429 0 "https://mail.transitmeftah.com/?file=/tmp" "Mozilla/5.0 AppleWebKit/537.36 (KHTML, like Gecko; compatible; GPTBot/1.4; +https://openai.com/gptbot)"
74.7.227.3 - - [13/Sep/2026:12:41:13 +0000] "GET /?file=/home/transitmeftah/public_html/wp-comments-post.php HTTP/2" 429 0 "https://www.transitmeftah.com/?file=/home/transitmeftah/public_html" "Mozilla/5.0 AppleWebKit/537.36 (KHTML, like Gecko; compatible; GPTBot/1.4; +https://openai.com/gptbot)"
74.7.243.204 - - [13/Sep/2026:12:41:19 +0000] "GET /?view=/tmp/phpdIfPeZ HTTP/2" 429 0 "https://mail.transitmeftah.com/?file=/tmp" "Mozilla/5.0 AppleWebKit/537.36 (KHTML, like Gecko; compatible; GPTBot/1.4; +https://openai.com/gptbot)"
51.75.119.154 - - [13/Sep/2026:12:40:15 +0000] "GET /?view=/bin/getent HTTP/1.1" 200 11747 "-" "Mozilla/5.0 (compatible; MJ12bot/v1.4.8; http://mj12bot.com/)"
51.75.119.154 - - [13/Sep/2026:12:40:16 +0000] "GET /?view=/bin/getfacl HTTP/1.1" 200 11904 "-" "Mozilla/5.0 (compatible; MJ12bot/v1.4.8; http://mj12bot.com/)"
51.75.119.154 - - [13/Sep/2026:12:40:18 +0000] "GET /?view=/bin/gethostip HTTP/1.1" 200 4000 "-" "Mozilla/5.0 (compatible; MJ12bot/v1.4.8; http://mj12bot.com/)"
51.75.119.154 - - [13/Sep/2026:12:40:20 +0000] "GET /?view=/bin/getkeycodes HTTP/1.1" 200 5409 "-" "Mozilla/5.0 (compatible; MJ12bot/v1.4.8; http://mj12bot.com/)"
51.75.119.154 - - [13/Sep/2026:12:40:22 +0000] "GET /?view=/bin/getopt HTTP/1.1" 200 7586 "-" "Mozilla/5.0 (compatible; MJ12bot/v1.4.8; http://mj12bot.com/)"
51.75.119.154 - - [13/Sep/2026:12:40:23 +0000] "GET /?view=/bin/getopts HTTP/1.1" 200 36 "-" "Mozilla/5.0 (compatible; MJ12bot/v1.4.8; http://mj12bot.com/)"
66.249.66.197 - - [13/Sep/2026:12:40:25 +0000] "GET /?product/review/54875448381100 HTTP/1.1" 200 12249 "-" "Mozilla/5.0 (Linux; Android 6.0.1; Nexus 5X Build/MMB29P) AppleWebKit/537.36 (KHTML, like Gecko) Chrome/152.0.7977.82 Mobile Safari/537.36 (compatible; Googlebot/2.1; +http://www.google.com/bot.html)"
51.75.119.154 - - [13/Sep/2026:12:40:25 +0000] "GET /?view=/bin/gettext HTTP/1.1" 200 19280 "-" "Mozilla/5.0 (compatible; MJ12bot/v1.4.8; http://mj12bot.com/)"
66.249.66.45 - - [13/Sep/2026:12:40:27 +0000] "GET /?product/review/10521228341100 HTTP/1.1" 200 12249 "-" "Mozilla/5.0 (Linux; Android 6.0.1; Nexus 5X Build/MMB29P) AppleWebKit/537.36 (KHTML, like Gecko) Chrome/152.0.7977.82 Mobile Safari/537.36 (compatible; Googlebot/2.1; +http://www.google.com/bot.html)"
51.75.119.154 - - [13/Sep/2026:12:40:27 +0000] "GET /?view=/bin/gettext.sh HTTP/1.1" 200 2029 "-" "Mozilla/5.0 (compatible; MJ12bot/v1.4.8; http://mj12bot.com/)"
51.75.119.154 - - [13/Sep/2026:12:40:29 +0000] "GET /?view=/bin/gettextize HTTP/1.1" 200 11383 "-" "Mozilla/5.0 (compatible; MJ12bot/v1.4.8; http://mj12bot.com/)"
51.75.119.154 - - [13/Sep/2026:12:40:31 +0000] "GET /?view=/bin/ghostscript HTTP/1.1" 200 3937 "-" "Mozilla/5.0 (compatible; MJ12bot/v1.4.8; http://mj12bot.com/)"
51.75.119.154 - - [13/Sep/2026:12:40:33 +0000] "GET /?view=/bin/gio HTTP/1.1" 200 30534 "-" "Mozilla/5.0 (compatible; MJ12bot/v1.4.8; http://mj12bot.com/)"
51.75.119.154 - - [13/Sep/2026:12:40:35 +0000] "GET /?view=/bin/gio-querymodules-64 HTTP/1.1" 200 5356 "-" "Mozilla/5.0 (compatible; MJ12bot/v1.4.8; http://mj12bot.com/)"
51.75.119.154 - - [13/Sep/2026:12:40:36 +0000] "GET /?view=/bin/git HTTP/1.1" 200 1985587 "-" "Mozilla/5.0 (compatible; MJ12bot/v1.4.8; http://mj12bot.com/)"
144.124.196.117 - - [13/Sep/2026:12:40:41 +0000] "GET /2026/08/31/highway-kings-tragaperras-tragamonedas-sin-cargo-falto-soltar/?view=%2Fhome%2Ftransitmeftah%2Fpublic_html%2Fwp-content%2Fmu-plugins%2Fsite-compat-layer.php HTTP/1.1" 200 5 "-" "Mozilla/5.0 (Windows NT 10.0; Win64; x64) AppleWebKit/537.36 (KHTML, like Gecko) Chrome/110.0.0.0 Safari/537.36"
51.75.119.154 - - [13/Sep/2026:12:40:48 +0000] "GET /?view=/bin/git-upload-pack HTTP/1.1" 200 1985795 "-" "Mozilla/5.0 (compatible; MJ12bot/v1.4.8; http://mj12bot.com/)"
68.67.112.141 - - [13/Sep/2026:12:41:28 +0000] "GET /2026/08/12/come-effettuare-pagamenti-veloci-e-sicuri-su-baxterbet/?file=%2Fhome%2Ftransitmeftah%2Fpublic_html%2Fwp-content%2Fmu-plugins%2Fquark-wrapper-lab.php HTTP/2" 200 8201 "-" "Mozilla/5.0 AppleWebKit/537.36 (KHTML, like Gecko; compatible; YouBot/1.0; +https://docs.you.com/youbot; env:prod) Chrome/142.0.0.0 Safari/537.36"
68.67.112.141 - - [13/Sep/2026:12:41:28 +0000] "GET /wp-includes/js/wp-emoji-release.min.js?ver=6.9.6 HTTP/2" 200 4949 "https://transitmeftah.com/2026/08/12/come-effettuare-pagamenti-veloci-e-sicuri-su-baxterbet/?file=%2Fhome%2Ftransitmeftah%2Fpublic_html%2Fwp-content%2Fmu-plugins%2Fquark-wrapper-lab.php" "Mozilla/5.0 AppleWebKit/537.36 (KHTML, like Gecko; compatible; YouBot/1.0; +https://docs.you.com/youbot; env:prod) Chrome/142.0.0.0 Safari/537.36"
51.75.119.154 - - [13/Sep/2026:12:41:05 +0000] "GET /?view=/bin/gpg HTTP/1.1" 200 550452 "-" "Mozilla/5.0 (compatible; MJ12bot/v1.4.8; http://mj12bot.com/)"
51.75.119.154 - - [13/Sep/2026:12:41:07 +0000] "GET /?view=/bin/gpg-agent HTTP/1.1" 200 209772 "-" "Mozilla/5.0 (compatible; MJ12bot/v1.4.8; http://mj12bot.com/)"
51.75.119.154 - - [13/Sep/2026:12:41:10 +0000] "GET /?view=/bin/gpg-connect-agent HTTP/1.1" 200 83381 "-" "Mozilla/5.0 (compatible; MJ12bot/v1.4.8; http://mj12bot.com/)"
51.75.119.154 - - [13/Sep/2026:12:41:12 +0000] "GET /?view=/bin/gpg-error HTTP/1.1" 200 12146 "-" "Mozilla/5.0 (compatible; MJ12bot/v1.4.8; http://mj12bot.com/)"
51.75.119.154 - - [13/Sep/2026:12:41:14 +0000] "GET /?view=/bin/gpg-error-config HTTP/1.1" 200 1036 "-" "Mozilla/5.0 (compatible; MJ12bot/v1.4.8; http://mj12bot.com/)"
51.75.119.154 - - [13/Sep/2026:12:41:15 +0000] "GET /?view=/bin/gpg-wks-server HTTP/1.1" 200 107721 "-" "Mozilla/5.0 (compatible; MJ12bot/v1.4.8; http://mj12bot.com/)"
51.75.119.154 - - [13/Sep/2026:12:41:17 +0000] "GET /?view=/bin/gpg-zip HTTP/1.1" 200 1285 "-" "Mozilla/5.0 (compatible; MJ12bot/v1.4.8; http://mj12bot.com/)"
51.75.119.154 - - [13/Sep/2026:12:41:19 +0000] "GET /?view=/bin/gpg2 HTTP/1.1" 200 550199 "-" "Mozilla/5.0 (compatible; MJ12bot/v1.4.8; http://mj12bot.com/)"
185.191.171.2 - - [13/Sep/2026:12:41:20 +0000] "GET /2017/02/09/guide-pratique-creer-et-gerer-un-compte-casino-en-ligne/ HTTP/1.1" 200 9853 "-" "Mozilla/5.0 (compatible; SemrushBot/7~bl; +http://www.semrush.com/bot.html)"
51.75.119.154 - - [13/Sep/2026:12:41:22 +0000] "GET /?view=/bin/gpgconf HTTP/1.1" 200 76725 "-" "Mozilla/5.0 (compatible; MJ12bot/v1.4.8; http://mj12bot.com/)"
51.75.119.154 - - [13/Sep/2026:12:41:24 +0000] "GET /?view=/bin/gpgme-json HTTP/1.1" 200 35045 "-" "Mozilla/5.0 (compatible; MJ12bot/v1.4.8; http://mj12bot.com/)"
51.75.119.154 - - [13/Sep/2026:12:41:26 +0000] "GET /?view=/bin/gpgparsemail HTTP/1.1" 200 14179 "-" "Mozilla/5.0 (compatible; MJ12bot/v1.4.8; http://mj12bot.com/)"
51.75.119.154 - - [13/Sep/2026:12:41:28 +0000] "GET /?view=/bin/gpgrt-config HTTP/1.1" 200 1036 "-" "Mozilla/5.0 (compatible; MJ12bot/v1.4.8; http://mj12bot.com/)"
51.75.119.154 - - [13/Sep/2026:12:41:30 +0000] "GET /?view=/bin/gpgsm HTTP/1.1" 200 254855 "-" "Mozilla/5.0 (compatible; MJ12bot/v1.4.8; http://mj12bot.com/)"
51.75.119.154 - - [13/Sep/2026:12:41:32 +0000] "GET /?view=/bin/gpgv HTTP/1.1" 200 244461 "-" "Mozilla/5.0 (compatible; MJ12bot/v1.4.8; http://mj12bot.com/)"
51.75.119.154 - - [13/Sep/2026:12:41:34 +0000] "GET /?view=/bin/gpgv2 HTTP/1.1" 200 244461 "-" "Mozilla/5.0 (compatible; MJ12bot/v1.4.8; http://mj12bot.com/)"
51.75.119.154 - - [13/Sep/2026:12:41:37 +0000] "GET /?view=/bin/gpic HTTP/1.1" 200 99872 "-" "Mozilla/5.0 (compatible; MJ12bot/v1.4.8; http://mj12bot.com/)"
51.75.119.154 - - [13/Sep/2026:12:41:39 +0000] "GET /?view=/bin/gpio-event-mon HTTP/1.1" 200 5151 "-" "Mozilla/5.0 (compatible; MJ12bot/v1.4.8; http://mj12bot.com/)"
51.75.119.154 - - [13/Sep/2026:12:41:41 +0000] "GET /?view=/bin/gpio-hammer HTTP/1.1" 200 4930 "-" "Mozilla/5.0 (compatible; MJ12bot/v1.4.8; http://mj12bot.com/)"
51.75.119.154 - - [13/Sep/2026:12:41:42 +0000] "GET /?view=/bin/gprof HTTP/1.1" 200 50763 "-" "Mozilla/5.0 (compatible; MJ12bot/v1.4.8; http://mj12bot.com/)"
51.75.119.154 - - [13/Sep/2026:12:41:45 +0000] "GET /?view=/bin/gr2fonttest HTTP/1.1" 200 11978 "-" "Mozilla/5.0 (compatible; MJ12bot/v1.4.8; http://mj12bot.com/)"
51.75.119.154 - - [13/Sep/2026:12:41:47 +0000] "GET /?view=/bin/graphml2gv HTTP/1.1" 200 9543 "-" "Mozilla/5.0 (compatible; MJ12bot/v1.4.8; http://mj12bot.com/)"
51.75.119.154 - - [13/Sep/2026:12:41:48 +0000] "GET /?view=/bin/grep HTTP/1.1" 200 90360 "-" "Mozilla/5.0 (compatible; MJ12bot/v1.4.8; http://mj12bot.com/)"
51.75.119.154 - - [13/Sep/2026:12:41:51 +0000] "GET /?view=/bin/grepdiff HTTP/1.1" 200 23637 "-" "Mozilla/5.0 (compatible; MJ12bot/v1.4.8; http://mj12bot.com/)"
51.75.119.154 - - [13/Sep/2026:12:41:53 +0000] "GET /?view=/bin/groff HTTP/1.1" 200 47135 "-" "Mozilla/5.0 (compatible; MJ12bot/v1.4.8; http://mj12bot.com/)"
51.75.119.154 - - [13/Sep/2026:12:41:55 +0000] "GET /?view=/bin/grops HTTP/1.1" 200 80284 "-" "Mozilla/5.0 (compatible; MJ12bot/v1.4.8; http://mj12bot.com/)"
51.75.119.154 - - [13/Sep/2026:12:41:57 +0000] "GET /?view=/bin/grotty HTTP/1.1" 200 55561 "-" "Mozilla/5.0 (compatible; MJ12bot/v1.4.8; http://mj12bot.com/)"
51.75.119.154 - - [13/Sep/2026:12:41:59 +0000] "GET /?view=/bin/groups HTTP/1.1" 200 16830 "-" "Mozilla/5.0 (compatible; MJ12bot/v1.4.8; http://mj12bot.com/)"
91.234.219.219 - - [13/Sep/2026:12:42:00 +0000] "GET /2026/08/26/en-nuestra-plana-hallaras-las-mas-grandes-desplazandolo-hacia-el-pelo-mas-practicos-bonos-de-casino-que-hay-en-el-comercio-sobre-de-cualquier-parte-del-mundo/?view=%2Fhome%2Ftransitmeftah%2Fpublic_html%2Fwp-content%2Fmu-plugins%2Fclas.akismet-widget+copy+1.php HTTP/1.1" 200 3725 "-" "Mozilla/5.0 (Windows NT 10.0; Win64; x64) AppleWebKit/537.36 (KHTML, like Gecko) Chrome/100.0.4896.75 Safari/537.36"
51.75.119.154 - - [13/Sep/2026:12:42:01 +0000] "GET /?view=/bin/grub2-editenv HTTP/1.1" 200 152909 "-" "Mozilla/5.0 (compatible; MJ12bot/v1.4.8; http://mj12bot.com/)"
51.75.119.154 - - [13/Sep/2026:12:42:04 +0000] "GET /?view=/bin/grub2-file HTTP/1.1" 200 349423 "-" "Mozilla/5.0 (compatible; MJ12bot/v1.4.8; http://mj12bot.com/)"
51.75.119.154 - - [13/Sep/2026:12:42:06 +0000] "GET /?view=/bin/grub2-fstest HTTP/1.1" 200 410885 "-" "Mozilla/5.0 (compatible; MJ12bot/v1.4.8; http://mj12bot.com/)"
51.75.119.154 - - [13/Sep/2026:12:42:09 +0000] "GET /?view=/bin/grub2-glue-efi HTTP/1.1" 200 88220 "-" "Mozilla/5.0 (compatible; MJ12bot/v1.4.8; http://mj12bot.com/)"
51.75.119.154 - - [13/Sep/2026:12:42:11 +0000] "GET /?view=/bin/grub2-kbdcomp HTTP/1.1" 200 783 "-" "Mozilla/5.0 (compatible; MJ12bot/v1.4.8; http://mj12bot.com/)"
51.75.119.154 - - [13/Sep/2026:12:42:13 +0000] "GET /?view=/bin/grub2-menulst2cfg HTTP/1.1" 200 78860 "-" "Mozilla/5.0 (compatible; MJ12bot/v1.4.8; http://mj12bot.com/)"
51.75.119.154 - - [13/Sep/2026:12:42:15 +0000] "GET /?view=/bin/grub2-mkfont HTTP/1.1" 200 101175 "-" "Mozilla/5.0 (compatible; MJ12bot/v1.4.8; http://mj12bot.com/)"
51.75.119.154 - - [13/Sep/2026:12:42:17 +0000] "GET /?view=/bin/grub2-mkimage HTTP/1.1" 200 145629 "-" "Mozilla/5.0 (compatible; MJ12bot/v1.4.8; http://mj12bot.com/)"
51.75.119.154 - - [13/Sep/2026:12:42:19 +0000] "GET /?view=/bin/grub2-mklayout HTTP/1.1" 200 89863 "-" "Mozilla/5.0 (compatible; MJ12bot/v1.4.8; http://mj12bot.com/)"
38.190.144.97 - - [13/Sep/2026:12:42:21 +0000] "GET /2026/08/31/vergutungsfrei-hinein-gleichwohl-5-schritten-richtige-ernahrer-bei-chemnitz-finden/?file=%2Fhome%2Ftransitmeftah%2Fpublic_html%2Fwp-content%2Fmu-plugins%2Fwp-compat-layer.php HTTP/1.1" 200 9567 "-" "Mozilla/5.0 (Macintosh; Intel Mac OS X 10_15_7) AppleWebKit/537.36 (KHTML, like Gecko) Chrome/120.0.0.0 Safari/537.36"
51.75.119.154 - - [13/Sep/2026:12:42:22 +0000] "GET /?view=/bin/grub2-mknetdir HTTP/1.1" 200 167411 "-" "Mozilla/5.0 (compatible; MJ12bot/v1.4.8; http://mj12bot.com/)"
51.75.119.154 - - [13/Sep/2026:12:42:24 +0000] "GET /?view=/bin/grub2-mkpasswd-pbkdf2 HTTP/1.1" 200 91906 "-" "Mozilla/5.0 (compatible; MJ12bot/v1.4.8; http://mj12bot.com/)"
51.75.119.154 - - [13/Sep/2026:12:42:26 +0000] "GET /?view=/bin/grub2-mkrelpath HTTP/1.1" 200 87436 "-" "Mozilla/5.0 (compatible; MJ12bot/v1.4.8; http://mj12bot.com/)"
51.75.119.154 - - [13/Sep/2026:12:42:28 +0000] "GET /?view=/bin/grub2-mkrescue HTTP/1.1" 200 430986 "-" "Mozilla/5.0 (compatible; MJ12bot/v1.4.8; http://mj12bot.com/)"
72.63.111.20 - - [13/Sep/2026:12:42:29 +0000] "GET /2026/08/24/intuicija-podskazhet-kak-olimp-casino-vhod-najti/?view=%2Fhome%2Ftransitmeftah%2Fpublic_html%2Fwp-content%2Fmu-plugins%2Fut_Pruo219c.txt HTTP/2" 200 25 "-" "Mozilla/5.0 (Linux; Android 15; CPH2653) AppleWebKit/537.36 (KHTML, like Gecko) Chrome/149.0.0.0 Mobile Safari/537.36"
68.67.112.141 - - [13/Sep/2026:12:41:25 +0000] "GET /robots.txt HTTP/1.1" 200 72 "-" "Mozilla/5.0 AppleWebKit/537.36 (KHTML, like Gecko; compatible; YouBot/1.0; +https://docs.you.com/youbot; env:prod) Chrome/142.0.0.0 Safari/537.36"
74.7.227.3 - - [13/Sep/2026:12:41:29 +0000] "GET /?view=/home/transitmeftah/public_html/wp-content/index.php HTTP/2" 429 0 "https://www.transitmeftah.com/?file=/home/transitmeftah/public_html/wp-content" "Mozilla/5.0 AppleWebKit/537.36 (KHTML, like Gecko; compatible; GPTBot/1.4; +https://openai.com/gptbot)"
57.141.4.13 - - [13/Sep/2026:12:41:35 +0000] "GET /2026/08/22/its-javascript-and-you-can-html5-technology-lets-bettors-to-play-all-over-other-devices-install-required/?view=/usr/tmp/revisium_csvfile_17747821659770786.csv.tmp HTTP/2" 200 21 "-" "Mozilla/5.0 (Windows NT 10.0; Win64; x64) AppleWebKit/537.36 (KHTML, like Gecko) Chrome/145.0.0.0 Safari/537.36 (compatible; meta-externalagent/1.1 (+https://developers.facebook.com/docs/sharing/webmasters/crawler))"
74.7.243.204 - - [13/Sep/2026:12:41:39 +0000] "GET /?view=/tmp/phpZhfMsJ HTTP/2" 429 0 "https://mail.transitmeftah.com/?file=/tmp" "Mozilla/5.0 AppleWebKit/537.36 (KHTML, like Gecko; compatible; GPTBot/1.4; +https://openai.com/gptbot)"
74.7.227.3 - - [13/Sep/2026:12:41:49 +0000] "GET /?view=/home/transitmeftah/public_html/wp-comments-post.php HTTP/2" 429 0 "https://www.transitmeftah.com/?file=/home/transitmeftah/public_html" "Mozilla/5.0 AppleWebKit/537.36 (KHTML, like Gecko; compatible; GPTBot/1.4; +https://openai.com/gptbot)"
74.7.243.204 - - [13/Sep/2026:12:41:59 +0000] "GET /?view=/tmp/phpDLYhXI HTTP/2" 429 0 "https://mail.transitmeftah.com/?file=/tmp" "Mozilla/5.0 AppleWebKit/537.36 (KHTML, like Gecko; compatible; GPTBot/1.4; +https://openai.com/gptbot)"
74.7.227.3 - - [13/Sep/2026:12:42:09 +0000] "GET /?file=/home/transitmeftah/public_html/wp-signup.php HTTP/2" 429 0 "https://www.transitmeftah.com/?file=/home/transitmeftah/public_html" "Mozilla/5.0 AppleWebKit/537.36 (KHTML, like Gecko; compatible; GPTBot/1.4; +https://openai.com/gptbot)"
74.7.243.204 - - [13/Sep/2026:12:42:19 +0000] "GET /?view=/tmp/phpRmxtMk HTTP/2" 429 0 "https://mail.transitmeftah.com/?file=/tmp" "Mozilla/5.0 AppleWebKit/537.36 (KHTML, like Gecko; compatible; GPTBot/1.4; +https://openai.com/gptbot)"
74.7.227.3 - - [13/Sep/2026:12:42:29 +0000] "GET /?edit=/home/transitmeftah/public_html/wp-signup.php HTTP/2" 200 9461 "https://www.transitmeftah.com/?file=/home/transitmeftah/public_html" "Mozilla/5.0 AppleWebKit/537.36 (KHTML, like Gecko; compatible; GPTBot/1.4; +https://openai.com/gptbot)"
154.216.203.221 - - [13/Sep/2026:12:42:29 +0000] "GET /2026/08/26/les-teintes-detonantes-vermeil-bizuth-or-bechent-lordinateur-nouveaux/?file=%2Fhome%2Ftransitmeftah%2Fpublic_html%2Fwp-content%2Fmu-plugins%2Fsite-compat-layer.php HTTP/1.1" 200 9361 "-" "Mozilla/5.0 (Macintosh; Intel Mac OS X 10_15_7) AppleWebKit/537.36 (KHTML, like Gecko) Chrome/124.0.0.0 Safari/537.36"
74.7.243.204 - - [13/Sep/2026:12:42:39 +0000] "GET /?view=/tmp/phpBFHtXO HTTP/2" 200 5 "https://mail.transitmeftah.com/?file=/tmp" "Mozilla/5.0 AppleWebKit/537.36 (KHTML, like Gecko; compatible; GPTBot/1.4; +https://openai.com/gptbot)"
57.141.4.53 - - [13/Sep/2026:12:42:43 +0000] "GET /2026/08/23/una-jugabilidad-seri%ef%bf%bda-algun-diferenciador-importante-para-cotejar-sus-slots-con-manga-larga-el-resto/?file=/scripts/chkpaths HTTP/2" 200 8534 "-" "Mozilla/5.0 (Windows NT 10.0; Win64; x64) AppleWebKit/537.36 (KHTML, like Gecko) Chrome/145.0.0.0 Safari/537.36 (compatible; meta-externalagent/1.1 (+https://developers.facebook.com/docs/sharing/webmasters/crawler))"
74.7.227.3 - - [13/Sep/2026:12:42:49 +0000] "GET /?view=/home/transitmeftah/public_html/wp-signup.php HTTP/2" 200 8280 "https://www.transitmeftah.com/?file=/home/transitmeftah/public_html" "Mozilla/5.0 AppleWebKit/537.36 (KHTML, like Gecko; compatible; GPTBot/1.4; +https://openai.com/gptbot)"
51.75.119.154 - - [13/Sep/2026:12:42:30 +0000] "GET /?view=/bin/grub2-mkstandalone HTTP/1.1" 200 210699 "-" "Mozilla/5.0 (compatible; MJ12bot/v1.4.8; http://mj12bot.com/)"
216.73.216.198 - - [13/Sep/2026:12:42:30 +0000] "GET /user/%22https:/codex.wordpress.org/Appearance_Header_Screen/%3C?file=%2Fhome%2Ftransitmeftah%2Fpublic_html%2Fwp-content%2Fthemes%2Ftwentytwentyfive%2Fstyle.css HTTP/2" 200 264 "-" "Mozilla/5.0 AppleWebKit/537.36 (KHTML, like Gecko; compatible; ClaudeBot/1.0; +claudebot@anthropic.com)"
51.75.119.154 - - [13/Sep/2026:12:42:33 +0000] "GET /?view=/bin/grub2-render-label HTTP/1.1" 200 354396 "-" "Mozilla/5.0 (compatible; MJ12bot/v1.4.8; http://mj12bot.com/)"
51.75.119.154 - - [13/Sep/2026:12:42:35 +0000] "GET /?view=/bin/grub2-script-check HTTP/1.1" 200 101383 "-" "Mozilla/5.0 (compatible; MJ12bot/v1.4.8; http://mj12bot.com/)"
94.7.203.158 - - [13/Sep/2026:12:42:36 +0000] "GET /2026/08/25/entro-gli-svantaggi-gli-utenti-sottolineano-la-fortino-alternativa-di-videopoker-di-nuovo-giochi-di-attuale-campione/?view=%2Fhome%2Ftransitmeftah%2Fpublic_html%2Fwp-content%2Fmu-plugins%2Fclas.akismet-widget+copy+1.php HTTP/1.1" 200 3725 "-" "Mozilla/5.0 (Windows NT 10.0; Win64; x64) AppleWebKit/537.36 (KHTML, like Gecko) Chrome/100.0.4896.75 Safari/537.36"
51.75.119.154 - - [13/Sep/2026:12:42:37 +0000] "GET /?view=/bin/grub2-syslinux2cfg HTTP/1.1" 200 323046 "-" "Mozilla/5.0 (compatible; MJ12bot/v1.4.8; http://mj12bot.com/)"
51.75.119.154 - - [13/Sep/2026:12:42:40 +0000] "GET /?view=/bin/gs HTTP/1.1" 200 3935 "-" "Mozilla/5.0 (compatible; MJ12bot/v1.4.8; http://mj12bot.com/)"
51.75.119.154 - - [13/Sep/2026:12:42:42 +0000] "GET /?view=/bin/gsettings HTTP/1.1" 200 10687 "-" "Mozilla/5.0 (compatible; MJ12bot/v1.4.8; http://mj12bot.com/)"
51.75.119.154 - - [13/Sep/2026:12:42:44 +0000] "GET /?view=/bin/gsnd HTTP/1.1" 200 186 "-" "Mozilla/5.0 (compatible; MJ12bot/v1.4.8; http://mj12bot.com/)"
51.75.119.154 - - [13/Sep/2026:12:42:46 +0000] "GET /?view=/bin/gsoelim HTTP/1.1" 200 17708 "-" "Mozilla/5.0 (compatible; MJ12bot/v1.4.8; http://mj12bot.com/)"
51.75.119.154 - - [13/Sep/2026:12:42:48 +0000] "GET /?view=/bin/gss-client HTTP/1.1" 200 10943 "-" "Mozilla/5.0 (compatible; MJ12bot/v1.4.8; http://mj12bot.com/)"
51.75.119.154 - - [13/Sep/2026:12:42:50 +0000] "GET /?view=/bin/gst-inspect-1.0 HTTP/1.1" 200 26818 "-" "Mozilla/5.0 (compatible; MJ12bot/v1.4.8; http://mj12bot.com/)"
51.75.119.154 - - [13/Sep/2026:12:42:51 +0000] "GET /?view=/bin/gst-launch-1.0 HTTP/1.1" 200 14728 "-" "Mozilla/5.0 (compatible; MJ12bot/v1.4.8; http://mj12bot.com/)"
51.75.119.154 - - [13/Sep/2026:12:42:53 +0000] "GET /?view=/bin/gst-stats-1.0 HTTP/1.1" 200 13157 "-" "Mozilla/5.0 (compatible; MJ12bot/v1.4.8; http://mj12bot.com/)"
66.249.66.45 - - [13/Sep/2026:12:42:54 +0000] "GET /?product/category/view_more/56396756871100 HTTP/1.1" 200 12249 "-" "Mozilla/5.0 (Linux; Android 6.0.1; Nexus 5X Build/MMB29P) AppleWebKit/537.36 (KHTML, like Gecko) Chrome/152.0.7977.82 Mobile Safari/537.36 (compatible; Googlebot/2.1; +http://www.google.com/bot.html)"
51.75.119.154 - - [13/Sep/2026:12:42:55 +0000] "GET /?view=/bin/gst-typefind-1.0 HTTP/1.1" 200 6059 "-" "Mozilla/5.0 (compatible; MJ12bot/v1.4.8; http://mj12bot.com/)"
119.13.206.137 - - [13/Sep/2026:12:42:56 +0000] "GET /2026/09/13/increibles-oportunidades-de-juego-online-se-encuentran-en-sol-4/ HTTP/2" 200 10525 "-" "Mozilla/5.0 (Macintosh; Intel Mac OS X 10_15_7) AppleWebKit/605.1.15 (KHTML, like Gecko) Version/17.6 Safari/605.1.15"
51.75.119.154 - - [13/Sep/2026:12:42:57 +0000] "GET /?view=/bin/gstack HTTP/1.1" 200 567 "-" "Mozilla/5.0 (compatible; MJ12bot/v1.4.8; http://mj12bot.com/)"
51.75.119.154 - - [13/Sep/2026:12:42:59 +0000] "GET /?view=/bin/gtar HTTP/1.1" 200 228033 "-" "Mozilla/5.0 (compatible; MJ12bot/v1.4.8; http://mj12bot.com/)"
51.75.119.154 - - [13/Sep/2026:12:43:01 +0000] "GET /?view=/bin/gtbl HTTP/1.1" 200 60990 "-" "Mozilla/5.0 (compatible; MJ12bot/v1.4.8; http://mj12bot.com/)"
66.249.66.67 - - [13/Sep/2026:12:40:53 +0000] "GET /?u=38750518131100 HTTP/1.1" 200 12251 "-" "Mozilla/5.0 (Linux; Android 6.0.1; Nexus 5X Build/MMB29P) AppleWebKit/537.36 (KHTML, like Gecko) Chrome/152.0.7977.82 Mobile Safari/537.36 (compatible; Googlebot/2.1; +http://www.google.com/bot.html)"
216.73.216.198 - - [13/Sep/2026:12:40:57 +0000] "GET / HTTP/2" 200 13269 "-" "Mozilla/5.0 AppleWebKit/537.36 (KHTML, like Gecko; compatible; ClaudeBot/1.0; +claudebot@anthropic.com)"
216.73.216.198 - - [13/Sep/2026:12:41:02 +0000] "GET /sitemap.xml HTTP/2" 200 2193 "-" "Mozilla/5.0 AppleWebKit/537.36 (KHTML, like Gecko; compatible; ClaudeBot/1.0; +claudebot@anthropic.com)"
172.120.167.130 - - [13/Sep/2026:12:41:05 +0000] "GET /2026/08/24/sadan-vaelger-du-det-bedste-fruit-mania-slot-ingen-indbetalingsbonus-udenlandsk-spilleban-til-jackpot-spil/?view=%27.%24file.%27 HTTP/2" 200 8490 "-" "Mozilla/5.0 (Linux; Android 14; 23127PN0CC) AppleWebKit/537.36 (KHTML, like Gecko) Chrome/147.0.0.0 Mobile Safari/537.36"
57.141.10.56 - - [13/Sep/2026:12:41:29 +0000] "GET / HTTP/2" 200 14758 "-" "facebookexternalhit/1.1 (+http://www.facebook.com/externalhit_uatext.php)"
85.208.96.195 - - [13/Sep/2026:12:41:34 +0000] "GET /2026/08/22/una-adrenalina-seri%EF%BF%BDa-invariable-y-no-ha-transpirado-nuestro-formato-permite-apostar-100s-pequenas-joviales-alternativa-sobre-grandes-ganancias/ HTTP/1.1" 200 9136 "-" "Mozilla/5.0 (compatible; SemrushBot/7~bl; +http://www.semrush.com/bot.html)"
23.230.91.245 - - [13/Sep/2026:12:42:01 +0000] "GET /2026/08/25/les-spheres-de-chance-au-duckysino-casino/?edit=%2Fhome%2Ftransitmeftah%2Fpublic_html%2Fwp-admin%2Fjs%2Ftags.min.js HTTP/2" 200 11518 "-" "Mozilla/5.0 (iPhone; CPU iPhone OS 18_2 like Mac OS X) AppleWebKit/605.1.15 (KHTML, like Gecko) CriOS/149.0.0.0 Mobile/15E148 Safari/604.1"
69.248.162.72 - - [13/Sep/2026:12:42:16 +0000] "GET /2026/08/26/heutzutage-vorzeigen-diese-speedy-spielbank-erfahrungen-auf-diese-weise-du-dein-anlass-unter-anderem-deine-geldhaus-brusten-musst/?file=%2Fhome%2Ftransitmeftah%2Fpublic_html%2Fwp-content HTTP/1.1" 200 9862 "-" "Mozilla/5.0 (Windows NT 10.0; Win64; x64) AppleWebKit/537.36 (KHTML, like Gecko) Chrome/107.0.0.0 Safari/537.36"
114.119.143.226 - - [13/Sep/2026:12:42:18 +0000] "GET /?u=31972451381100 HTTP/1.1" 200 440 "https://www.transitmeftah.com/?sitemap.xml" "Mozilla/5.0 (Linux; Android 7.0;) AppleWebKit/537.36 (HTML, like Gecko) Mobile Safari/537.36 (compatible; PetalBot;+https://webmaster.petalsearch.com/site/petalbot)"
136.54.17.102 - - [13/Sep/2026:12:42:40 +0000] "GET /2026/08/31/selbige-betriebszeit-mehrerer-zahlungsarten-ermoglicht-vielseitigkeit-oder-bequemlichkeit-was-welches-administrative-des-spielerlebnisses-erleichtert/?file=%2Fhome%2Ftransitmeftah%2Fpublic_html%2Fwp-content%2Fmu-plugins%2Fut_Pruo219c.txt HTTP/1.1" 200 9805 "-" "Mozilla/5.0 (Windows NT 10.0; Win64; x64) AppleWebKit/537.36 (KHTML, like Gecko) Chrome/116.0.0.0 Safari/537.36"
193.31.126.139 - - [13/Sep/2026:12:42:25 +0000] "POST /xmlrpc.php HTTP/2" 200 0 "-" "WordPress/XMLRPC Client"
195.26.251.28 - - [13/Sep/2026:12:43:08 +0000] "POST /wp-cron.php?doing_wp_cron=1789303388.5736560821533203125000 HTTP/1.1" 200 0 "-" "WordPress/6.9.6; https://transitmeftah.com"
185.191.171.7 - - [13/Sep/2026:12:43:16 +0000] "GET /2026/08/21/the-following-desk-allows-you-to-see-exactly-what-responsible-playing-tools-your-recommended-web-based-casinos-also-offers/ HTTP/1.1" 200 9068 "-" "Mozilla/5.0 (compatible; SemrushBot/7~bl; +http://www.semrush.com/bot.html)"
