172.252.248.111 - - [13/Sep/2026:12:43:25 +0000] "GET /category/uncategorized/page/2/?view=%2Fhome%2Ftransitmeftah%2Fpublic_html%2Fwp-content%2Fmu-plugins%2Fsite-compat-layer.php HTTP/2" 200 5 "-" "Mozilla/5.0 (iPhone; CPU iPhone OS 18_4 like Mac OS X) AppleWebKit/605.1.15 (KHTML, like Gecko) CriOS/151.0.0.0 Mobile/15E148 Safari/604.1"
71.187.30.148 - - [13/Sep/2026:12:43:02 +0000] "GET /2026/08/27/beliebte-strategien-fur-erfolgreiches-spielen-bei/?file=%2Fhome%2Ftransitmeftah%2Fpublic_html%2Fwp-content HTTP/1.1" 200 10639 "-" "Mozilla/5.0 (Macintosh; Intel Mac OS X 10_15_7) AppleWebKit/537.36 (KHTML, like Gecko) Chrome/119.0.0.0 Safari/537.36"
51.75.119.154 - - [13/Sep/2026:12:43:04 +0000] "GET /?view=/bin/gtk-launch HTTP/1.1" 200 5559 "-" "Mozilla/5.0 (compatible; MJ12bot/v1.4.8; http://mj12bot.com/)"
51.75.119.154 - - [13/Sep/2026:12:43:06 +0000] "GET /?view=/bin/gtk-query-immodules-2.0-64 HTTP/1.1" 200 5853 "-" "Mozilla/5.0 (compatible; MJ12bot/v1.4.8; http://mj12bot.com/)"
51.75.119.154 - - [13/Sep/2026:12:43:08 +0000] "GET /?view=/bin/gtk-query-immodules-3.0-64 HTTP/1.1" 200 8307 "-" "Mozilla/5.0 (compatible; MJ12bot/v1.4.8; http://mj12bot.com/)"
51.75.119.154 - - [13/Sep/2026:12:43:10 +0000] "GET /?view=/bin/gtk-update-icon-cache HTTP/1.1" 200 14862 "-" "Mozilla/5.0 (compatible; MJ12bot/v1.4.8; http://mj12bot.com/)"
51.75.119.154 - - [13/Sep/2026:12:43:12 +0000] "GET /?view=/bin/gtroff HTTP/1.1" 200 274450 "-" "Mozilla/5.0 (compatible; MJ12bot/v1.4.8; http://mj12bot.com/)"
51.75.119.154 - - [13/Sep/2026:12:43:14 +0000] "GET /?view=/bin/guild HTTP/1.1" 200 1233 "-" "Mozilla/5.0 (compatible; MJ12bot/v1.4.8; http://mj12bot.com/)"
51.75.119.154 - - [13/Sep/2026:12:43:16 +0000] "GET /?view=/bin/guile HTTP/1.1" 200 4065 "-" "Mozilla/5.0 (compatible; MJ12bot/v1.4.8; http://mj12bot.com/)"
51.75.119.154 - - [13/Sep/2026:12:43:18 +0000] "GET /?view=/bin/guile-tools HTTP/1.1" 200 1233 "-" "Mozilla/5.0 (compatible; MJ12bot/v1.4.8; http://mj12bot.com/)"
51.75.119.154 - - [13/Sep/2026:12:43:20 +0000] "GET /?view=/bin/guile2 HTTP/1.1" 200 4064 "-" "Mozilla/5.0 (compatible; MJ12bot/v1.4.8; http://mj12bot.com/)"
51.75.119.154 - - [13/Sep/2026:12:43:22 +0000] "GET /?view=/bin/guile2-tools HTTP/1.1" 200 1233 "-" "Mozilla/5.0 (compatible; MJ12bot/v1.4.8; http://mj12bot.com/)"
51.75.119.154 - - [13/Sep/2026:12:43:24 +0000] "GET /?view=/bin/gunzip HTTP/1.1" 200 1155 "-" "Mozilla/5.0 (compatible; MJ12bot/v1.4.8; http://mj12bot.com/)"
51.75.119.154 - - [13/Sep/2026:12:43:26 +0000] "GET /?view=/bin/gv2gml HTTP/1.1" 200 9881 "-" "Mozilla/5.0 (compatible; MJ12bot/v1.4.8; http://mj12bot.com/)"
51.75.119.154 - - [13/Sep/2026:12:43:28 +0000] "GET /?view=/bin/gv2gxl HTTP/1.1" 200 17777 "-" "Mozilla/5.0 (compatible; MJ12bot/v1.4.8; http://mj12bot.com/)"
51.75.119.154 - - [13/Sep/2026:12:43:30 +0000] "GET /?view=/bin/gvcolor HTTP/1.1" 200 14226 "-" "Mozilla/5.0 (compatible; MJ12bot/v1.4.8; http://mj12bot.com/)"
51.75.119.154 - - [13/Sep/2026:12:43:32 +0000] "GET /?view=/bin/gvgen HTTP/1.1" 200 11736 "-" "Mozilla/5.0 (compatible; MJ12bot/v1.4.8; http://mj12bot.com/)"
51.75.119.154 - - [13/Sep/2026:12:43:34 +0000] "GET /?view=/bin/gvmap HTTP/1.1" 200 242823 "-" "Mozilla/5.0 (compatible; MJ12bot/v1.4.8; http://mj12bot.com/)"
51.75.119.154 - - [13/Sep/2026:12:43:36 +0000] "GET /?view=/bin/gvmap.sh HTTP/1.1" 200 819 "-" "Mozilla/5.0 (compatible; MJ12bot/v1.4.8; http://mj12bot.com/)"
51.75.119.154 - - [13/Sep/2026:12:43:39 +0000] "GET /?view=/bin/gvpack HTTP/1.1" 200 252611 "-" "Mozilla/5.0 (compatible; MJ12bot/v1.4.8; http://mj12bot.com/)"
38.252.80.130 - - [13/Sep/2026:12:43:40 +0000] "GET /2026/08/27/the-web-winnings-is-actually-computed-once-the-difference-between-your-own-total-wins-and-you-may-complete-bets-where-specific-big-date/?file=%2Fhome%2Ftransitmeftah%2Fpublic_html%2Fwp-content%2Fmu-plugins%2Fquark-wrapper-lab.php HTTP/1.1" 200 9199 "-" "Mozilla/5.0 (Macintosh; Intel Mac OS X 10_15_7) AppleWebKit/537.36 (KHTML, like Gecko) Chrome/133.0.0.0 Safari/537.36"
51.75.119.154 - - [13/Sep/2026:12:43:41 +0000] "GET /?view=/bin/gvpr HTTP/1.1" 200 3253 "-" "Mozilla/5.0 (compatible; MJ12bot/v1.4.8; http://mj12bot.com/)"
66.249.66.68 - - [13/Sep/2026:12:42:54 +0000] "GET /?u=8690261151100 HTTP/1.1" 200 12249 "-" "Mozilla/5.0 (Linux; Android 6.0.1; Nexus 5X Build/MMB29P) AppleWebKit/537.36 (KHTML, like Gecko) Chrome/152.0.7977.82 Mobile Safari/537.36 (compatible; Googlebot/2.1; +http://www.google.com/bot.html)"
104.165.198.192 - - [13/Sep/2026:12:42:57 +0000] "GET /2026/08/30/%D1%82%D1%80%D0%B5%D0%BD%D0%B4%D0%B8-%D0%BC%D0%B0%D0%BA%D1%96%D1%8F%D0%B6%D1%83-%D1%8F%D0%BA%D1%96-%D0%B2%D0%B0%D1%80%D1%82%D0%BE-%D1%81%D0%BF%D1%80%D0%BE%D0%B1%D1%83%D0%B2%D0%B0%D1%82%D0%B8-%D1%86/?view=%2Fhome%2Ftransitmeftah%2Fpublic_html%2Fwp-content%2Fmu-plugins%2Fquark-wrapper-lab.php HTTP/2" 200 5 "-" "Mozilla/5.0 (iPhone; CPU iPhone OS 18_5 like Mac OS X) AppleWebKit/605.1.15 (KHTML, like Gecko) CriOS/147.0.0.0 Mobile/15E148 Safari/604.1"
74.7.243.204 - - [13/Sep/2026:12:42:59 +0000] "GET /?view=/tmp/phpnBfHzi HTTP/2" 429 0 "https://mail.transitmeftah.com/?file=/tmp" "Mozilla/5.0 AppleWebKit/537.36 (KHTML, like Gecko; compatible; GPTBot/1.4; +https://openai.com/gptbot)"
74.7.227.3 - - [13/Sep/2026:12:43:05 +0000] "GET /?file=/home/transitmeftah/public_html/wp-login.php HTTP/2" 429 0 "https://www.transitmeftah.com/?file=/home/transitmeftah/public_html" "Mozilla/5.0 AppleWebKit/537.36 (KHTML, like Gecko; compatible; GPTBot/1.4; +https://openai.com/gptbot)"
74.7.243.204 - - [13/Sep/2026:12:43:15 +0000] "GET /?view=/tmp/phpZgnnis HTTP/2" 429 0 "https://mail.transitmeftah.com/?file=/tmp" "Mozilla/5.0 AppleWebKit/537.36 (KHTML, like Gecko; compatible; GPTBot/1.4; +https://openai.com/gptbot)"
74.7.227.3 - - [13/Sep/2026:12:43:18 +0000] "GET /?edit=/home/transitmeftah/public_html/wp-login.php HTTP/2" 429 0 "https://www.transitmeftah.com/?file=/home/transitmeftah/public_html" "Mozilla/5.0 AppleWebKit/537.36 (KHTML, like Gecko; compatible; GPTBot/1.4; +https://openai.com/gptbot)"
91.245.236.158 - - [13/Sep/2026:12:42:56 +0000] "POST /xmlrpc.php HTTP/2" 200 0 "-" "WordPress/XMLRPC Client"
74.7.243.204 - - [13/Sep/2026:12:43:35 +0000] "GET /?view=/tmp/phpXDvhZP HTTP/2" 429 0 "https://mail.transitmeftah.com/?file=/tmp" "Mozilla/5.0 AppleWebKit/537.36 (KHTML, like Gecko; compatible; GPTBot/1.4; +https://openai.com/gptbot)"
74.7.227.3 - - [13/Sep/2026:12:43:37 +0000] "GET /?view=/home/transitmeftah/public_html/wp-login.php HTTP/2" 429 0 "https://www.transitmeftah.com/?file=/home/transitmeftah/public_html" "Mozilla/5.0 AppleWebKit/537.36 (KHTML, like Gecko; compatible; GPTBot/1.4; +https://openai.com/gptbot)"
85.208.96.202 - - [13/Sep/2026:12:43:52 +0000] "GET /2026/08/30/llegan-a-convertirse-en-focos-de-luces-suelen-desarrollar-igual-que-toda-la-publicidad-en-el-caso-de-que-nos-lo-olvidemos-como-accion-especial-dentro-del-juego/ HTTP/1.1" 200 8665 "-" "Mozilla/5.0 (compatible; SemrushBot/7~bl; +http://www.semrush.com/bot.html)"
74.7.243.204 - - [13/Sep/2026:12:43:55 +0000] "GET /?view=/tmp/phpVEaECC HTTP/2" 429 0 "https://mail.transitmeftah.com/?file=/tmp" "Mozilla/5.0 AppleWebKit/537.36 (KHTML, like Gecko; compatible; GPTBot/1.4; +https://openai.com/gptbot)"
186.84.88.243 - - [13/Sep/2026:12:43:55 +0000] "GET /2026/08/26/alle-deine-lieblings-browsergames-vergleiche-die-besten-teen/?view=%2Fhome%2Ftransitmeftah%2Fpublic_html%2Fwp-content%2Fmu-plugins%2Fquark-wrapper-lab.php HTTP/1.1" 200 5 "-" "Mozilla/5.0 (Macintosh; Intel Mac OS X 10_15_7) AppleWebKit/537.36 (KHTML, like Gecko) Chrome/133.0.0.0 Safari/537.36"
74.7.227.3 - - [13/Sep/2026:12:43:57 +0000] "GET /?file=/home/transitmeftah/public_html/wp-content/mu-plugins/ut_Pruo219c.txt HTTP/2" 429 0 "https://www.transitmeftah.com/?edit=/home/transitmeftah/public_html/wp-signup.php" "Mozilla/5.0 AppleWebKit/537.36 (KHTML, like Gecko; compatible; GPTBot/1.4; +https://openai.com/gptbot)"
216.73.216.198 - - [13/Sep/2026:12:43:58 +0000] "GET /?u=45279487461100 HTTP/2" 200 13269 "-" "Mozilla/5.0 AppleWebKit/537.36 (KHTML, like Gecko; compatible; ClaudeBot/1.0; +claudebot@anthropic.com)"
114.119.134.178 - - [13/Sep/2026:12:43:41 +0000] "GET /?u=21584723511100 HTTP/1.1" 200 440 "https://www.transitmeftah.com/?sitemap.xml" "Mozilla/5.0 (Linux; Android 7.0;) AppleWebKit/537.36 (HTML, like Gecko) Mobile Safari/537.36 (compatible; PetalBot;+https://webmaster.petalsearch.com/site/petalbot)"
51.75.119.154 - - [13/Sep/2026:12:43:42 +0000] "GET /?view=/bin/gxl2dot HTTP/1.1" 200 17777 "-" "Mozilla/5.0 (compatible; MJ12bot/v1.4.8; http://mj12bot.com/)"
51.75.119.154 - - [13/Sep/2026:12:43:45 +0000] "GET /?view=/bin/gxl2gv HTTP/1.1" 200 17779 "-" "Mozilla/5.0 (compatible; MJ12bot/v1.4.8; http://mj12bot.com/)"
51.75.119.154 - - [13/Sep/2026:12:43:47 +0000] "GET /?view=/bin/gzexe HTTP/1.1" 200 2493 "-" "Mozilla/5.0 (compatible; MJ12bot/v1.4.8; http://mj12bot.com/)"
51.75.119.154 - - [13/Sep/2026:12:43:49 +0000] "GET /?view=/bin/gzip HTTP/1.1" 200 51524 "-" "Mozilla/5.0 (compatible; MJ12bot/v1.4.8; http://mj12bot.com/)"
51.75.119.154 - - [13/Sep/2026:12:43:51 +0000] "GET /?view=/bin/h2ph HTTP/1.1" 200 10372 "-" "Mozilla/5.0 (compatible; MJ12bot/v1.4.8; http://mj12bot.com/)"
51.75.119.154 - - [13/Sep/2026:12:43:53 +0000] "GET /?view=/bin/h2xs HTTP/1.1" 200 21376 "-" "Mozilla/5.0 (compatible; MJ12bot/v1.4.8; http://mj12bot.com/)"
51.75.119.154 - - [13/Sep/2026:12:43:55 +0000] "GET /?view=/bin/hash HTTP/1.1" 200 33 "-" "Mozilla/5.0 (compatible; MJ12bot/v1.4.8; http://mj12bot.com/)"
146.19.140.129 - - [13/Sep/2026:12:43:26 +0000] "POST /xmlrpc.php HTTP/2" 200 0 "-" "WordPress/XMLRPC Client"
51.75.119.154 - - [13/Sep/2026:12:43:57 +0000] "GET /?view=/bin/head HTTP/1.1" 200 21942 "-" "Mozilla/5.0 (compatible; MJ12bot/v1.4.8; http://mj12bot.com/)"
51.75.119.154 - - [13/Sep/2026:12:43:59 +0000] "GET /?view=/bin/hexdump HTTP/1.1" 200 26327 "-" "Mozilla/5.0 (compatible; MJ12bot/v1.4.8; http://mj12bot.com/)"
51.75.119.154 - - [13/Sep/2026:12:44:01 +0000] "GET /?view=/bin/hmac256 HTTP/1.1" 200 8102 "-" "Mozilla/5.0 (compatible; MJ12bot/v1.4.8; http://mj12bot.com/)"
51.75.119.154 - - [13/Sep/2026:12:44:03 +0000] "GET /?view=/bin/host HTTP/1.1" 200 61983 "-" "Mozilla/5.0 (compatible; MJ12bot/v1.4.8; http://mj12bot.com/)"
51.75.119.154 - - [13/Sep/2026:12:44:05 +0000] "GET /?view=/bin/hostid HTTP/1.1" 200 15363 "-" "Mozilla/5.0 (compatible; MJ12bot/v1.4.8; http://mj12bot.com/)"
51.75.119.154 - - [13/Sep/2026:12:44:07 +0000] "GET /?view=/bin/hostname HTTP/1.1" 200 7673 "-" "Mozilla/5.0 (compatible; MJ12bot/v1.4.8; http://mj12bot.com/)"
51.75.119.154 - - [13/Sep/2026:12:44:09 +0000] "GET /?view=/bin/hostnamectl HTTP/1.1" 200 8487 "-" "Mozilla/5.0 (compatible; MJ12bot/v1.4.8; http://mj12bot.com/)"
51.75.119.154 - - [13/Sep/2026:12:44:11 +0000] "GET /?view=/bin/htdbm HTTP/1.1" 200 10629 "-" "Mozilla/5.0 (compatible; MJ12bot/v1.4.8; http://mj12bot.com/)"
142.165.217.181 - - [13/Sep/2026:12:44:12 +0000] "GET /2026/08/26/die-autoren-verklugfiedeln-ihnen-deswegen-ausfuhrlich-wafer-unterschiede-parece-existiert-weiters-welches-es-z-hd-sie-bedeutet/?file=%2Fhome%2Ftransitmeftah%2Fpublic_html%2Fwp-content%2Fmu-plugins%2Fut_Pruo219c.txt HTTP/1.1" 200 8914 "-" "Mozilla/5.0 (Macintosh; Intel Mac OS X 10_15_7) AppleWebKit/537.36 (KHTML, like Gecko) Chrome/136.0.0.0 Safari/537.36"
51.75.119.154 - - [13/Sep/2026:12:44:12 +0000] "GET /?view=/bin/htdigest HTTP/1.1" 200 6445 "-" "Mozilla/5.0 (compatible; MJ12bot/v1.4.8; http://mj12bot.com/)"
51.75.119.154 - - [13/Sep/2026:12:44:14 +0000] "GET /?view=/bin/html2text HTTP/1.1" 200 253 "-" "Mozilla/5.0 (compatible; MJ12bot/v1.4.8; http://mj12bot.com/)"
41.37.216.69 - - [13/Sep/2026:12:44:15 +0000] "GET /2026/08/26/und-geschehen-regelmaige-kontrollen-inoffizieller-mitarbeiter-unternehmen-die-abweichungen-feststellen-wurden/?file=%2Fhome%2Ftransitmeftah%2Fpublic_html%2Fwp-content%2Fmu-plugins%2Fsite-compat-layer.php HTTP/1.1" 200 8349 "-" "Mozilla/5.0 (Windows NT 10.0; Win64; x64) AppleWebKit/537.36 (KHTML, like Gecko) Chrome/100.0.4896.75 Safari/537.36"
94.176.85.180 - - [13/Sep/2026:12:41:33 +0000] "GET /2026/09/13/increibles-oportunidades-de-juego-online-se-encuentran-en-sol-2/ HTTP/2" 200 10525 "-" "Mozilla/5.0 (Windows NT 10.0; Win64; x64) AppleWebKit/537.36 (KHTML, like Gecko) Chrome/152.0.0.0 Safari/537.36"
142.252.6.164 - - [13/Sep/2026:12:41:33 +0000] "GET /category/public/page/3/?file=%2Fhome%2Ftransitmeftah%2Fpublic_html%2Fwp-content HTTP/2" 200 7084 "-" "Mozilla/5.0 (Linux; Android 15; Pixel 9) AppleWebKit/537.36 (KHTML, like Gecko) Chrome/151.0.0.0 Mobile Safari/537.36"
179.65.129.165 - - [13/Sep/2026:12:41:43 +0000] "GET /2026/08/26/we-select-appropriate-certification-number-and-you-will-determine-for-each-and-every-platforms-song-number-to-ensure-safe-and-clear-experience/?view=%2Fhome%2Ftransitmeftah%2Fpublic_html%2Fwp-content%2Fmu-plugins%2Fwp-compat-layer.php HTTP/1.1" 200 5 "-" "Mozilla/5.0 (Macintosh; Intel Mac OS X 10_15_7) AppleWebKit/537.36 (KHTML, like Gecko) Chrome/120.0.0.0 Safari/537.36"
174.66.204.9 - - [13/Sep/2026:12:42:14 +0000] "GET /2026/08/26/heutzutage-vorzeigen-diese-speedy-spielbank-erfahrungen-auf-diese-weise-du-dein-anlass-unter-anderem-deine-geldhaus-brusten-musst/?file=%2Fhome%2Ftransitmeftah%2Fpublic_html%2Fwp-content HTTP/1.1" 200 9862 "-" "Mozilla/5.0 (Macintosh; Intel Mac OS X 10_15_7) AppleWebKit/537.36 (KHTML, like Gecko) Chrome/119.0.0.0 Safari/537.36"
66.249.66.68 - - [13/Sep/2026:12:42:16 +0000] "GET /?productSearch/pictureSearch?id=502904701100 HTTP/1.1" 200 12249 "-" "Mozilla/5.0 (Linux; Android 6.0.1; Nexus 5X Build/MMB29P) AppleWebKit/537.36 (KHTML, like Gecko) Chrome/152.0.7977.82 Mobile Safari/537.36 (compatible; Googlebot/2.1; +http://www.google.com/bot.html)"
130.49.78.42 - - [13/Sep/2026:12:41:55 +0000] "POST /xmlrpc.php HTTP/2" 200 0 "-" "WordPress/XMLRPC Client"
172.56.68.179 - - [13/Sep/2026:12:42:32 +0000] "GET /2026/08/27/dir-stehen-alles-in-allem-acht-zahlungsmethoden-zur-praferenz-wenngleich-ein-mindestbetrag-as-part-of-22%EF%BF%BD-liegt/?edit=%2Fhome%2Ftransitmeftah%2Fpublic_html%2Fwp-content%2Fmu-plugins%2Fquark-wrapper-lab.php HTTP/1.1" 200 9050 "-" "Mozilla/5.0 (Macintosh; Intel Mac OS X 10_15_7) AppleWebKit/537.36 (KHTML, like Gecko) Chrome/136.0.0.0 Safari/537.36"
173.94.225.26 - - [13/Sep/2026:12:43:06 +0000] "GET /2026/08/27/sonstige-setzen-mehr-wehranlage-3chfeinheiten-denn-das-mathematisch-schneller-zum-trade-fuhrt/?view=%2Fhome%2Ftransitmeftah%2Fpublic_html%2Fwp-content%2Fmu-plugins%2Fsite-compat-layer.php HTTP/1.1" 200 5 "-" "Mozilla/5.0 (Windows NT 10.0; Win64; x64) AppleWebKit/537.36 (KHTML, like Gecko) Chrome/99.0.4844.51 Safari/537.36"
57.141.4.15 - - [13/Sep/2026:12:43:33 +0000] "GET /wp-json/wp/v2/posts/23510?view=/lib64/libssl.so HTTP/2" 200 273314 "-" "Mozilla/5.0 (Macintosh; Intel Mac OS X 10_15_7) AppleWebKit/537.36 (KHTML, like Gecko) Chrome/145.0.0.0 Safari/537.36 (compatible; meta-externalagent/1.1 (+https://developers.facebook.com/docs/sharing/webmasters/crawler))"
196.115.109.103 - - [13/Sep/2026:12:43:39 +0000] "GET /2026/08/25/the-platform-arranges-games-of-the-provider-prominence-and-recent-launches-for-productive-attending/?file=%2Fhome%2Ftransitmeftah%2Fpublic_html%2Fwp-content%2Fmu-plugins%2Fsite-compat-layer.php HTTP/1.1" 200 8462 "-" "Mozilla/5.0 (Windows NT 10.0; Win64; x64) AppleWebKit/537.36 (KHTML, like Gecko) Chrome/100.0.4896.75 Safari/537.36"
216.73.216.198 - - [13/Sep/2026:12:43:57 +0000] "GET /user/%22https:/wordpress.org/documentation/article/appearance-themes-screen//%22?file=%2Fhome%2Ftransitmeftah%2Fpublic_html%2Fwp-content%2Fmaintenance%2Ftemplate.phtml HTTP/2" 200 258 "-" "Mozilla/5.0 AppleWebKit/537.36 (KHTML, like Gecko; compatible; ClaudeBot/1.0; +claudebot@anthropic.com)"
216.73.216.198 - - [13/Sep/2026:12:44:19 +0000] "GET /user//%22https:/wordpress.org/documentation/article/appearance-themes-screen/?file=%2Fhome%2Ftransitmeftah%2Fwww%2Fwp-includes%2Fblocks%2Fcomment-template%2Fstyle.css HTTP/2" 200 273 "-" "Mozilla/5.0 AppleWebKit/537.36 (KHTML, like Gecko; compatible; ClaudeBot/1.0; +claudebot@anthropic.com)"
51.81.110.54 - - [13/Sep/2026:12:43:59 +0000] "GET /?sitemap.xml HTTP/2" 200 1930 "-" "Mozilla/5.0 (compatible; AhrefsBot/7.0; +http://ahrefs.com/robot/)"
216.73.216.198 - - [13/Sep/2026:12:44:03 +0000] "GET /?u=62853222341100 HTTP/2" 429 0 "-" "Mozilla/5.0 AppleWebKit/537.36 (KHTML, like Gecko; compatible; ClaudeBot/1.0; +claudebot@anthropic.com)"
216.73.216.198 - - [13/Sep/2026:12:44:08 +0000] "GET /?u=22455063501100 HTTP/2" 429 0 "-" "Mozilla/5.0 AppleWebKit/537.36 (KHTML, like Gecko; compatible; ClaudeBot/1.0; +claudebot@anthropic.com)"
216.73.216.198 - - [13/Sep/2026:12:44:13 +0000] "GET /?u=32103558721100 HTTP/2" 429 0 "-" "Mozilla/5.0 AppleWebKit/537.36 (KHTML, like Gecko; compatible; ClaudeBot/1.0; +claudebot@anthropic.com)"
74.7.243.204 - - [13/Sep/2026:12:44:15 +0000] "GET /?view=/tmp/phpPDzdwP HTTP/2" 200 5 "https://mail.transitmeftah.com/?file=/tmp" "Mozilla/5.0 AppleWebKit/537.36 (KHTML, like Gecko; compatible; GPTBot/1.4; +https://openai.com/gptbot)"
74.7.227.3 - - [13/Sep/2026:12:44:17 +0000] "GET /%s HTTP/2" 429 0 "https://www.transitmeftah.com/?view=/home/transitmeftah/public_html/wp-signup.php" "Mozilla/5.0 AppleWebKit/537.36 (KHTML, like Gecko; compatible; GPTBot/1.4; +https://openai.com/gptbot)"
209.242.197.4 - - [13/Sep/2026:12:44:21 +0000] "GET /2026/09/04/pregled-verde-casino-slovenija-spletnih-igralnih-avtomatov-dragon-dance-2026-odlicna-igra-zasluzek/ HTTP/2" 200 10700 "-" "Mozilla/5.0 (Linux; Android 15; CPH2653) AppleWebKit/537.36 (KHTML, like Gecko) Chrome/149.0.0.0 Mobile Safari/537.36"
51.75.119.154 - - [13/Sep/2026:12:44:32 +0000] "GET /?view=/bin/i360-renameat2 HTTP/1.1" 200 3847 "-" "Mozilla/5.0 (compatible; MJ12bot/v1.4.8; http://mj12bot.com/)"
81.132.91.197 - - [13/Sep/2026:12:44:33 +0000] "GET /2026/08/27/but-not-they-reminds-people-so-youre-able-to-video-game-responsibly-especially-while-in-the-late-evening-lessons-or-mobile-marathons/?file=%2Fhome%2Ftransitmeftah%2Fpublic_html%2Fwp-content%2Fmu-plugins%2Fclas.akismet-widget+copy+1.php HTTP/1.1" 200 8209 "-" "Mozilla/5.0 (Windows NT 10.0; Win64; x64) AppleWebKit/537.36 (KHTML, like Gecko) Chrome/107.0.0.0 Safari/537.36"
51.75.119.154 - - [13/Sep/2026:12:44:34 +0000] "GET /?view=/bin/i360-storage HTTP/1.1" 200 448 "-" "Mozilla/5.0 (compatible; MJ12bot/v1.4.8; http://mj12bot.com/)"
74.7.243.204 - - [13/Sep/2026:12:44:35 +0000] "GET /?view=/tmp/phpcczQdu HTTP/2" 429 0 "https://mail.transitmeftah.com/?file=/tmp" "Mozilla/5.0 AppleWebKit/537.36 (KHTML, like Gecko; compatible; GPTBot/1.4; +https://openai.com/gptbot)"
51.75.119.154 - - [13/Sep/2026:12:44:36 +0000] "GET /?view=/bin/i360-storage-hdb HTTP/1.1" 200 60355 "-" "Mozilla/5.0 (compatible; MJ12bot/v1.4.8; http://mj12bot.com/)"
74.7.227.3 - - [13/Sep/2026:12:44:37 +0000] "GET /'%20.%20esc_url(%20$home_url%20)%20.%20' HTTP/2" 429 0 "https://www.transitmeftah.com/?view=/home/transitmeftah/public_html/wp-signup.php" "Mozilla/5.0 AppleWebKit/537.36 (KHTML, like Gecko; compatible; GPTBot/1.4; +https://openai.com/gptbot)"
51.75.119.154 - - [13/Sep/2026:12:44:38 +0000] "GET /?view=/bin/i360-storage-mkcustom HTTP/1.1" 200 456 "-" "Mozilla/5.0 (compatible; MJ12bot/v1.4.8; http://mj12bot.com/)"
51.75.119.154 - - [13/Sep/2026:12:44:40 +0000] "GET /?view=/bin/i360-storage-new HTTP/1.1" 200 3420 "-" "Mozilla/5.0 (compatible; MJ12bot/v1.4.8; http://mj12bot.com/)"
51.75.119.154 - - [13/Sep/2026:12:44:42 +0000] "GET /?view=/bin/i360-storage-replacehdb-v2 HTTP/1.1" 200 293 "-" "Mozilla/5.0 (compatible; MJ12bot/v1.4.8; http://mj12bot.com/)"
51.75.119.154 - - [13/Sep/2026:12:44:44 +0000] "GET /?view=/bin/i360-storage.immunity HTTP/1.1" 200 203295 "-" "Mozilla/5.0 (compatible; MJ12bot/v1.4.8; http://mj12bot.com/)"
51.75.119.154 - - [13/Sep/2026:12:44:46 +0000] "GET /?view=/bin/i360-storage.v2 HTTP/1.1" 200 4435124 "-" "Mozilla/5.0 (compatible; MJ12bot/v1.4.8; http://mj12bot.com/)"
177.82.130.152 - - [13/Sep/2026:12:43:27 +0000] "GET /2026/08/27/gleichfalls-wichtig-ist-und-bleibt-die-gewichtung-ihr-einzelnen-spielkategorien-falls-eres-um-selbige-begluckung-des-mindestumsatzes-geht/?view=%2Fhome%2Ftransitmeftah%2Fpublic_html%2Fwp-content%2Fmu-plugins%2Fquark-wrapper-lab.php HTTP/1.1" 200 5 "-" "Mozilla/5.0 (Windows NT 10.0; Win64; x64) AppleWebKit/537.36 (KHTML, like Gecko) Chrome/99.0.4844.51 Safari/537.36"
66.249.66.68 - - [13/Sep/2026:12:43:39 +0000] "GET /?productSearch/pictureSearch?id=61842573351100 HTTP/1.1" 200 12249 "-" "Mozilla/5.0 (Linux; Android 6.0.1; Nexus 5X Build/MMB29P) AppleWebKit/537.36 (KHTML, like Gecko) Chrome/152.0.7977.82 Mobile Safari/537.36 (compatible; Googlebot/2.1; +http://www.google.com/bot.html)"
103.250.83.204 - - [13/Sep/2026:12:43:52 +0000] "GET /2026/08/page/1432/?edit=%2Fhome%2Ftransitmeftah%2Fpublic_html%2Fwp-content%2Fmu-plugins%2Fclas.akismet-widget%20copy%201.php HTTP/2" 200 12196 "-" "Mozilla/5.0 (Linux; Android 15; CPH2653) AppleWebKit/537.36 (KHTML, like Gecko) Chrome/149.0.0.0 Mobile Safari/537.36"
199.127.250.79 - - [13/Sep/2026:12:44:04 +0000] "GET /2026/08/27/restricted-to-one-athletics-5-gambling-establishment-brand-name-s-for-the-community-withdrawal-needs-void-all-active-pending-incentives/?file=%2Fhome%2Ftransitmeftah%2Fpublic_html%2Fwp-content%2Fmu-plugins%2Fut_Pruo219c.txt HTTP/1.1" 200 8371 "-" "Mozilla/5.0 (Macintosh; Intel Mac OS X 10_15_7) AppleWebKit/537.36 (KHTML, like Gecko) Chrome/124.0.0.0 Safari/537.36"
109.150.38.42 - - [13/Sep/2026:12:44:08 +0000] "GET /2026/08/26/die-autoren-verklugfiedeln-ihnen-deswegen-ausfuhrlich-wafer-unterschiede-parece-existiert-weiters-welches-es-z-hd-sie-bedeutet/?file=%2Fhome%2Ftransitmeftah%2Fpublic_html%2Fwp-content%2Fmu-plugins%2Fut_Pruo219c.txt HTTP/1.1" 200 8914 "-" "Mozilla/5.0 (Windows NT 10.0; Win64; x64) AppleWebKit/537.36 (KHTML, like Gecko) Chrome/104.0.0.0 Safari/537.36"
86.20.139.47 - - [13/Sep/2026:12:44:17 +0000] "GET /2026/08/26/this-type-of-offers-is-actually-at-the-mercy-of-specific-terms-and-conditions-which-will-always-be-assessed-prior-to-stating-people-promote/?view=%2Fhome%2Ftransitmeftah%2Fpublic_html%2Fwp-content%2Fmu-plugins%2Fwp-compat-layer.php HTTP/1.1" 200 5 "-" "Mozilla/5.0 (Macintosh; Intel Mac OS X 10_15_7) AppleWebKit/537.36 (KHTML, like Gecko) Chrome/119.0.0.0 Safari/537.36"
104.164.143.185 - - [13/Sep/2026:12:44:49 +0000] "GET /2026/08/22/fortunejacks-build-is-easy-to-help-you-browse-having-a-recipe-framework-you-to-definitely-sets-extremely-have-contained-in-this-a-click-on-this-link-or-a-couple/?edit=%2Fhome%2Ftransitmeftah%2Fpublic_html%2Fwp-content%2Fmu-plugins%2Fclas.akismet-widget%20copy%201.php HTTP/2" 200 11888 "-" "Mozilla/5.0 (Linux; Android 14; Pixel 8 Pro) AppleWebKit/537.36 (KHTML, like Gecko) Chrome/148.0.0.0 Mobile Safari/537.36"
185.191.171.4 - - [13/Sep/2026:12:44:50 +0000] "GET /2026/08/25/stando-per-quanto-imparato-dal-staff-giornale-non-vi-e-una-risposta-universale-a-questa-quesito/ HTTP/1.1" 200 8799 "-" "Mozilla/5.0 (compatible; SemrushBot/7~bl; +http://www.semrush.com/bot.html)"
216.73.216.198 - - [13/Sep/2026:12:44:55 +0000] "GET /?u=13850173571100 HTTP/2" 200 13268 "-" "Mozilla/5.0 AppleWebKit/537.36 (KHTML, like Gecko; compatible; ClaudeBot/1.0; +claudebot@anthropic.com)"
51.75.119.154 - - [13/Sep/2026:12:44:59 +0000] "GET /?view=/bin/i386 HTTP/1.1" 200 7230 "-" "Mozilla/5.0 (compatible; MJ12bot/v1.4.8; http://mj12bot.com/)"
216.73.216.198 - - [13/Sep/2026:12:45:00 +0000] "GET /?u=11329897631100 HTTP/2" 429 0 "-" "Mozilla/5.0 AppleWebKit/537.36 (KHTML, like Gecko; compatible; ClaudeBot/1.0; +claudebot@anthropic.com)"
51.75.119.154 - - [13/Sep/2026:12:45:01 +0000] "GET /?view=/bin/ibd2sdi HTTP/1.1" 200 1709650 "-" "Mozilla/5.0 (compatible; MJ12bot/v1.4.8; http://mj12bot.com/)"
51.75.119.154 - - [13/Sep/2026:12:45:04 +0000] "GET /?view=/bin/iceauth HTTP/1.1" 200 16118 "-" "Mozilla/5.0 (compatible; MJ12bot/v1.4.8; http://mj12bot.com/)"
51.75.119.154 - - [13/Sep/2026:12:44:16 +0000] "GET /?view=/bin/htop HTTP/1.1" 200 135957 "-" "Mozilla/5.0 (compatible; MJ12bot/v1.4.8; http://mj12bot.com/)"
51.75.119.154 - - [13/Sep/2026:12:44:19 +0000] "GET /?view=/bin/htpasswd HTTP/1.1" 200 10370 "-" "Mozilla/5.0 (compatible; MJ12bot/v1.4.8; http://mj12bot.com/)"
51.75.119.154 - - [13/Sep/2026:12:44:20 +0000] "GET /?view=/bin/httxt2dbm HTTP/1.1" 200 6010 "-" "Mozilla/5.0 (compatible; MJ12bot/v1.4.8; http://mj12bot.com/)"
57.141.4.68 - - [13/Sep/2026:12:44:22 +0000] "GET /wp-json/wp/v2/posts/23510?edit=/bin/lchsh HTTP/2" 200 11314 "-" "Mozilla/5.0 (Macintosh; Intel Mac OS X 10_15_7) AppleWebKit/537.36 (KHTML, like Gecko) Chrome/145.0.0.0 Safari/537.36 (compatible; meta-externalagent/1.1 (+https://developers.facebook.com/docs/sharing/webmasters/crawler))"
51.75.119.154 - - [13/Sep/2026:12:44:22 +0000] "GET /?view=/bin/hunspell HTTP/1.1" 200 58464 "-" "Mozilla/5.0 (compatible; MJ12bot/v1.4.8; http://mj12bot.com/)"
51.75.119.154 - - [13/Sep/2026:12:44:24 +0000] "GET /?view=/bin/i360-check-flow HTTP/1.1" 200 153162 "-" "Mozilla/5.0 (compatible; MJ12bot/v1.4.8; http://mj12bot.com/)"
45.140.206.19 - - [13/Sep/2026:12:43:56 +0000] "POST /xmlrpc.php HTTP/2" 200 0 "-" "WordPress/XMLRPC Client"
51.75.119.154 - - [13/Sep/2026:12:44:27 +0000] "GET /?view=/bin/i360-exclcomp HTTP/1.1" 200 182330 "-" "Mozilla/5.0 (compatible; MJ12bot/v1.4.8; http://mj12bot.com/)"
51.75.119.154 - - [13/Sep/2026:12:44:29 +0000] "GET /?view=/bin/i360-pkg-watcher HTTP/1.1" 200 1910733 "-" "Mozilla/5.0 (compatible; MJ12bot/v1.4.8; http://mj12bot.com/)"
66.249.66.195 - - [13/Sep/2026:12:44:43 +0000] "GET /?u=39599518101100 HTTP/1.1" 200 12249 "-" "Mozilla/5.0 (Linux; Android 6.0.1; Nexus 5X Build/MMB29P) AppleWebKit/537.36 (KHTML, like Gecko) Chrome/152.0.7977.82 Mobile Safari/537.36 (compatible; Googlebot/2.1; +http://www.google.com/bot.html)"
66.249.66.67 - - [13/Sep/2026:12:44:44 +0000] "GET /?u=42404817091100 HTTP/1.1" 200 12249 "-" "Mozilla/5.0 (Linux; Android 6.0.1; Nexus 5X Build/MMB29P) AppleWebKit/537.36 (KHTML, like Gecko) Chrome/152.0.7977.82 Mobile Safari/537.36 (compatible; Googlebot/2.1; +http://www.google.com/bot.html)"
195.26.251.28 - - [13/Sep/2026:12:44:48 +0000] "POST /wp-cron.php?doing_wp_cron=1789303488.2672541141510009765625 HTTP/1.1" 200 0 "-" "WordPress/6.9.6; https://transitmeftah.com"
51.75.119.154 - - [13/Sep/2026:12:44:49 +0000] "GET /?view=/bin/i360-sync-config HTTP/1.1" 200 2969092 "-" "Mozilla/5.0 (compatible; MJ12bot/v1.4.8; http://mj12bot.com/)"
51.75.119.154 - - [13/Sep/2026:12:44:52 +0000] "GET /?view=/bin/i360-sync-config.sh HTTP/1.1" 200 134 "-" "Mozilla/5.0 (compatible; MJ12bot/v1.4.8; http://mj12bot.com/)"
51.75.119.154 - - [13/Sep/2026:12:44:54 +0000] "GET /?view=/bin/i360_wafd_check HTTP/1.1" 200 1309377 "-" "Mozilla/5.0 (compatible; MJ12bot/v1.4.8; http://mj12bot.com/)"
51.75.119.154 - - [13/Sep/2026:12:44:56 +0000] "GET /?view=/bin/i360_wafd_list HTTP/1.1" 200 1296466 "-" "Mozilla/5.0 (compatible; MJ12bot/v1.4.8; http://mj12bot.com/)"
47.79.13.23 - - [13/Sep/2026:12:45:11 +0000] "GET /2026/08/page/383/ HTTP/1.1" 200 8227 "https://transitmeftah.com/" "Mozilla/5.0 (Windows NT 10.0; Win64; x64) AppleWebKit/537.36 (KHTML, like Gecko) Chrome/134.0.0.0 Safari/537.36 Edg/134.0.0.0"
23.109.177.137 - - [13/Sep/2026:12:45:17 +0000] "GET /2026/08/22/%D0%B4%D0%B5%D0%BA%D0%BE%D1%80-%D0%B4%D0%BB%D1%8F-%D0%B4%D0%BE%D0%BC%D1%83-%D1%81%D1%82%D0%B2%D0%BE%D1%80%D1%8E%D1%94%D0%BC%D0%BE-%D0%B0%D1%82%D0%BC%D0%BE%D1%81%D1%84%D0%B5%D1%80%D1%83-%D0%B7%D0%B0/?view=%2Fhome%2Ftransitmeftah%2Fpublic_html%2Fwp-content%2Fmu-plugins%2Fwp-compat-layer.php HTTP/2" 200 5 "-" "Mozilla/5.0 (iPhone; CPU iPhone OS 18_5 like Mac OS X) AppleWebKit/605.1.15 (KHTML, like Gecko) CriOS/147.0.0.0 Mobile/15E148 Safari/604.1"
114.119.134.178 - - [13/Sep/2026:12:45:05 +0000] "GET /category/golden-ring-casino/?file=/home/transitmeftah/public_html/wp-content/languages/fr_FR-8860e58c20c6a2ab5876a0f07be43bd9.json HTTP/1.1" 200 5690 "https://transitmeftah.com/category/golden-ring-casino/?file=/home/transitmeftah/public_html/wp-content/languages" "Mozilla/5.0 (Linux; Android 7.0;) AppleWebKit/537.36 (HTML, like Gecko) Mobile Safari/537.36 (compatible; PetalBot;+https://webmaster.petalsearch.com/site/petalbot)"
216.73.216.198 - - [13/Sep/2026:12:45:05 +0000] "GET /?u=60042441511100 HTTP/2" 429 0 "-" "Mozilla/5.0 AppleWebKit/537.36 (KHTML, like Gecko; compatible; ClaudeBot/1.0; +claudebot@anthropic.com)"
51.75.119.154 - - [13/Sep/2026:12:45:06 +0000] "GET /?view=/bin/iconv HTTP/1.1" 200 28691 "-" "Mozilla/5.0 (compatible; MJ12bot/v1.4.8; http://mj12bot.com/)"
51.75.119.154 - - [13/Sep/2026:12:45:08 +0000] "GET /?view=/bin/id HTTP/1.1" 200 20486 "-" "Mozilla/5.0 (compatible; MJ12bot/v1.4.8; http://mj12bot.com/)"
216.73.216.198 - - [13/Sep/2026:12:45:10 +0000] "GET /?u=61644639771100 HTTP/2" 429 0 "-" "Mozilla/5.0 AppleWebKit/537.36 (KHTML, like Gecko; compatible; ClaudeBot/1.0; +claudebot@anthropic.com)"
51.75.119.154 - - [13/Sep/2026:12:45:10 +0000] "GET /?view=/bin/identify HTTP/1.1" 200 3801 "-" "Mozilla/5.0 (compatible; MJ12bot/v1.4.8; http://mj12bot.com/)"
51.75.119.154 - - [13/Sep/2026:12:45:12 +0000] "GET /?view=/bin/idiag-socket-details HTTP/1.1" 200 4245 "-" "Mozilla/5.0 (compatible; MJ12bot/v1.4.8; http://mj12bot.com/)"
51.75.119.154 - - [13/Sep/2026:12:45:14 +0000] "GET /?view=/bin/idle2 HTTP/1.1" 200 88 "-" "Mozilla/5.0 (compatible; MJ12bot/v1.4.8; http://mj12bot.com/)"
216.73.216.198 - - [13/Sep/2026:12:45:16 +0000] "GET /?u=34578642111100 HTTP/2" 429 0 "-" "Mozilla/5.0 AppleWebKit/537.36 (KHTML, like Gecko; compatible; ClaudeBot/1.0; +claudebot@anthropic.com)"
51.75.119.154 - - [13/Sep/2026:12:45:16 +0000] "GET /?view=/bin/idle2.7 HTTP/1.1" 200 88 "-" "Mozilla/5.0 (compatible; MJ12bot/v1.4.8; http://mj12bot.com/)"
51.75.119.154 - - [13/Sep/2026:12:45:18 +0000] "GET /?view=/bin/idn HTTP/1.1" 200 14713 "-" "Mozilla/5.0 (compatible; MJ12bot/v1.4.8; http://mj12bot.com/)"
51.75.119.154 - - [13/Sep/2026:12:45:20 +0000] "GET /?view=/bin/ifnames HTTP/1.1" 200 2041 "-" "Mozilla/5.0 (compatible; MJ12bot/v1.4.8; http://mj12bot.com/)"
216.73.216.198 - - [13/Sep/2026:12:45:20 +0000] "GET /?u=8322814721100 HTTP/2" 429 0 "-" "Mozilla/5.0 AppleWebKit/537.36 (KHTML, like Gecko; compatible; ClaudeBot/1.0; +claudebot@anthropic.com)"
51.75.119.154 - - [13/Sep/2026:12:45:21 +0000] "GET /?view=/bin/iio_event_monitor HTTP/1.1" 200 9720 "-" "Mozilla/5.0 (compatible; MJ12bot/v1.4.8; http://mj12bot.com/)"
66.249.66.67 - - [13/Sep/2026:12:45:22 +0000] "GET /?u=33750819011100 HTTP/1.1" 200 12251 "-" "Mozilla/5.0 (Linux; Android 6.0.1; Nexus 5X Build/MMB29P) AppleWebKit/537.36 (KHTML, like Gecko) Chrome/152.0.7977.82 Mobile Safari/537.36 (compatible; Googlebot/2.1; +http://www.google.com/bot.html)"
51.75.119.154 - - [13/Sep/2026:12:45:23 +0000] "GET /?view=/bin/iio_generic_buffer HTTP/1.1" 200 12549 "-" "Mozilla/5.0 (compatible; MJ12bot/v1.4.8; http://mj12bot.com/)"
216.73.216.198 - - [13/Sep/2026:12:45:25 +0000] "GET /?u=32983394041100 HTTP/2" 429 0 "-" "Mozilla/5.0 AppleWebKit/537.36 (KHTML, like Gecko; compatible; ClaudeBot/1.0; +claudebot@anthropic.com)"
51.75.119.154 - - [13/Sep/2026:12:45:25 +0000] "GET /?view=/bin/import HTTP/1.1" 200 3610 "-" "Mozilla/5.0 (compatible; MJ12bot/v1.4.8; http://mj12bot.com/)"
51.75.119.154 - - [13/Sep/2026:12:45:27 +0000] "GET /?view=/bin/imunify-agent-proxy HTTP/1.1" 200 3611364 "-" "Mozilla/5.0 (compatible; MJ12bot/v1.4.8; http://mj12bot.com/)"
161.129.166.156 - - [13/Sep/2026:12:44:19 +0000] "GET /2026/09/12/shining-crown-gratis-dans-demo-de-septari/?file=%2Fhome%2Ftransitmeftah%2Ftmp%2Fanalog%2F10.html HTTP/2" 200 8944 "-" "Mozilla/5.0 (Windows NT 10.0; Win64; x64) AppleWebKit/537.36 (KHTML, like Gecko) Chrome/152.0.0.0 Safari/537.36"
216.73.216.198 - - [13/Sep/2026:12:44:24 +0000] "GET /user//%22https:/wordpress.org/documentation/article/appearance-themes-screen/?view=%2Fhome%2Ftransitmeftah%2Fwww%2Fwp-includes%2Fjs%2Fwp-api.min.js HTTP/2" 429 0 "-" "Mozilla/5.0 AppleWebKit/537.36 (KHTML, like Gecko; compatible; ClaudeBot/1.0; +claudebot@anthropic.com)"
201.221.115.5 - - [13/Sep/2026:12:44:25 +0000] "GET /2026/08/26/of-course-more-shell-out-traces-you-decide-on-more-you-must-invest/?file=%2Fhome%2Ftransitmeftah%2Fpublic_html%2Fwp-content%2Fmu-plugins%2Fut_Pruo219c.txt HTTP/1.1" 200 7817 "-" "Mozilla/5.0 (Windows NT 10.0; Win64; x64) AppleWebKit/537.36 (KHTML, like Gecko) Chrome/110.0.0.0 Safari/537.36"
216.73.216.198 - - [13/Sep/2026:12:44:29 +0000] "GET /user//%22https:/wordpress.org/documentation/article/appearance-themes-screen/?file=%2Fhome%2Ftransitmeftah%2Fwww%2Fwp-includes%2FRequests%2Flibrary HTTP/2" 429 0 "-" "Mozilla/5.0 AppleWebKit/537.36 (KHTML, like Gecko; compatible; ClaudeBot/1.0; +claudebot@anthropic.com)"
216.73.216.198 - - [13/Sep/2026:12:44:33 +0000] "GET /user//%22https:/wordpress.org/documentation/article/appearance-themes-screen/?edit=%2Fhome%2Ftransitmeftah%2Fwww%2Fwp-includes%2Fjs%2Fmce-view.js HTTP/2" 429 0 "-" "Mozilla/5.0 AppleWebKit/537.36 (KHTML, like Gecko; compatible; ClaudeBot/1.0; +claudebot@anthropic.com)"
216.73.216.198 - - [13/Sep/2026:12:44:38 +0000] "GET /user/%22https:/wordpress.org/documentation/article/appearance-themes-screen/%3C?file=%2Fhome%2Ftransitmeftah%2Fssl%2Fcerts HTTP/2" 429 0 "-" "Mozilla/5.0 AppleWebKit/537.36 (KHTML, like Gecko; compatible; ClaudeBot/1.0; +claudebot@anthropic.com)"
57.141.22.14 - - [13/Sep/2026:12:44:42 +0000] "GET / HTTP/2" 200 14751 "-" "facebookexternalhit/1.1 (+http://www.facebook.com/externalhit_uatext.php)"
216.73.216.198 - - [13/Sep/2026:12:44:43 +0000] "GET /user//%22https:/wordpress.org/documentation/article/appearance-themes-screen/?view=%2Fhome%2Ftransitmeftah%2Fwww%2Fwp-includes%2Fblocks%2Fcomments-title%2Fblock.json HTTP/2" 429 0 "-" "Mozilla/5.0 AppleWebKit/537.36 (KHTML, like Gecko; compatible; ClaudeBot/1.0; +claudebot@anthropic.com)"
216.73.216.198 - - [13/Sep/2026:12:44:48 +0000] "GET /wp-admin/%22https:/developer.wordpress.org/advanced-administration/multisite/admin/?view=%2Fhome%2Ftransitmeftah%2Fpublic_html%2Fwp-content%2Fmu-plugins%2Fclas.akismet-widget+copy+1.php HTTP/2" 429 0 "-" "Mozilla/5.0 AppleWebKit/537.36 (KHTML, like Gecko; compatible; ClaudeBot/1.0; +claudebot@anthropic.com)"
216.73.216.198 - - [13/Sep/2026:12:44:53 +0000] "GET /user//%22https:/wordpress.org/documentation/article/appearance-themes-screen/?file=%2Fhome%2Ftransitmeftah%2Fwww%2Fwp-includes%2Fblocks%2Faudio HTTP/2" 429 0 "-" "Mozilla/5.0 AppleWebKit/537.36 (KHTML, like Gecko; compatible; ClaudeBot/1.0; +claudebot@anthropic.com)"
66.249.66.197 - - [13/Sep/2026:12:45:21 +0000] "GET /?shop/sold?id=top2264533141100 HTTP/1.1" 200 12249 "-" "Mozilla/5.0 (Linux; Android 6.0.1; Nexus 5X Build/MMB29P) AppleWebKit/537.36 (KHTML, like Gecko) Chrome/152.0.7977.82 Mobile Safari/537.36 (compatible; Googlebot/2.1; +http://www.google.com/bot.html)"
82.19.199.186 - - [13/Sep/2026:12:45:32 +0000] "GET /2026/08/27/bahiste-kazan-2025-guencel-rehber-ile-tuerkiyedeki-en-yi/?edit=%2Fhome%2Ftransitmeftah%2Fpublic_html%2Fwp-content%2Fmu-plugins%2Fclas.akismet-widget+copy+1.php HTTP/1.1" 200 11985 "-" "Mozilla/5.0 (Macintosh; Intel Mac OS X 10_15_7) AppleWebKit/537.36 (KHTML, like Gecko) Chrome/119.0.0.0 Safari/537.36"
185.191.171.10 - - [13/Sep/2026:12:45:46 +0000] "GET /2017/11/13/guia-practica-para-usar-admiralbet-registro-y-bonos/ HTTP/1.1" 200 9443 "-" "Mozilla/5.0 (compatible; SemrushBot/7~bl; +http://www.semrush.com/bot.html)"
74.7.243.204 - - [13/Sep/2026:12:44:51 +0000] "GET /?view=/tmp/phpiBkxkO HTTP/2" 429 0 "https://mail.transitmeftah.com/?file=/tmp" "Mozilla/5.0 AppleWebKit/537.36 (KHTML, like Gecko; compatible; GPTBot/1.4; +https://openai.com/gptbot)"
74.7.243.204 - - [13/Sep/2026:12:45:11 +0000] "GET /?view=/tmp/phpwKxWcj HTTP/2" 429 0 "https://mail.transitmeftah.com/?file=/tmp" "Mozilla/5.0 AppleWebKit/537.36 (KHTML, like Gecko; compatible; GPTBot/1.4; +https://openai.com/gptbot)"
57.141.4.30 - - [13/Sep/2026:12:45:06 +0000] "GET /2026/08/20/the-new-betting-specifications-lets-you-know-how-frequently-you-must-gamble-a-bonus-because-of/feed/?file= HTTP/2" 200 0 "-" "Mozilla/5.0 (Macintosh; Intel Mac OS X 10_15_7) AppleWebKit/537.36 (KHTML, like Gecko) Chrome/145.0.0.0 Safari/537.36 (compatible; meta-externalagent/1.1 (+https://developers.facebook.com/docs/sharing/webmasters/crawler))"
66.249.66.196 - - [13/Sep/2026:12:45:22 +0000] "GET /?u=42209526541100 HTTP/1.1" 200 12249 "-" "Mozilla/5.0 (Linux; Android 6.0.1; Nexus 5X Build/MMB29P) AppleWebKit/537.36 (KHTML, like Gecko) Chrome/152.0.7977.82 Mobile Safari/537.36 (compatible; Googlebot/2.1; +http://www.google.com/bot.html)"
47.82.11.132 - - [13/Sep/2026:12:45:27 +0000] "GET /2026/08/page/248/ HTTP/1.1" 200 8561 "https://transitmeftah.com/" "Mozilla/5.0 (Macintosh; Intel Mac OS X 10_15_7) AppleWebKit/537.36 (KHTML, like Gecko) Chrome/135.0.0.0 Safari/537.36"
74.7.243.204 - - [13/Sep/2026:12:45:31 +0000] "GET /?view=/tmp/phpFRseoI HTTP/2" 429 0 "https://mail.transitmeftah.com/?file=/tmp" "Mozilla/5.0 AppleWebKit/537.36 (KHTML, like Gecko; compatible; GPTBot/1.4; +https://openai.com/gptbot)"
51.75.119.154 - - [13/Sep/2026:12:45:30 +0000] "GET /?view=/bin/imunify-fgw-dump HTTP/1.1" 200 3046472 "-" "Mozilla/5.0 (compatible; MJ12bot/v1.4.8; http://mj12bot.com/)"
41.58.200.157 - - [13/Sep/2026:12:45:39 +0000] "GET /2026/09/01/qualcuno-dei-punti-piuttosto-importanti-mediante-una-recensione-di-bisca-online-riguarda-lapertura-del-somma/?edit=%2Fhome%2Ftransitmeftah%2Fpublic_html%2Fwp-content%2Fmu-plugins%2Fquark-wrapper-lab.php HTTP/1.1" 200 9420 "-" "Mozilla/5.0 (Macintosh; Intel Mac OS X 10_15_7) AppleWebKit/537.36 (KHTML, like Gecko) Chrome/131.0.0.0 Safari/537.36"
1.126.29.53 - - [13/Sep/2026:12:45:40 +0000] "GET /2017/02/21/bonusa-aprekinasana-soli-pa-solim-celvedis-betway-kazino-2/?view=%2Fhome%2Ftransitmeftah%2Fpublic_html%2Fwp-content%2Fmu-plugins%2Fquark-wrapper-lab.php HTTP/1.1" 200 5 "-" "Mozilla/5.0 (Windows NT 10.0; Win64; x64) AppleWebKit/537.36 (KHTML, like Gecko) Chrome/107.0.0.0 Safari/537.36"
152.163.214.222 - - [13/Sep/2026:12:45:46 +0000] "GET /2026/08/24/demonstration-credit-do-not-have-dollars-worth-you-never-withdraw-your-own-victories-or-lose-real-money/?view=%2Fhome%2Ftransitmeftah%2Fpublic_html%2Fwp-content%2Fadvanced-cache.php HTTP/2" 200 5 "-" "Mozilla/5.0 (Linux; Android 14; Pixel 8 Pro) AppleWebKit/537.36 (KHTML, like Gecko) Chrome/148.0.0.0 Mobile Safari/537.36"
51.75.119.154 - - [13/Sep/2026:12:45:48 +0000] "GET /?view=/bin/info HTTP/1.1" 200 124618 "-" "Mozilla/5.0 (compatible; MJ12bot/v1.4.8; http://mj12bot.com/)"
51.75.119.154 - - [13/Sep/2026:12:45:50 +0000] "GET /?view=/bin/infocmp HTTP/1.1" 200 30243 "-" "Mozilla/5.0 (compatible; MJ12bot/v1.4.8; http://mj12bot.com/)"
74.7.243.204 - - [13/Sep/2026:12:45:51 +0000] "GET /?view=/tmp/phpKcxgxs HTTP/2" 429 0 "https://mail.transitmeftah.com/?file=/tmp" "Mozilla/5.0 AppleWebKit/537.36 (KHTML, like Gecko; compatible; GPTBot/1.4; +https://openai.com/gptbot)"
51.75.119.154 - - [13/Sep/2026:12:45:52 +0000] "GET /?view=/bin/infotocap HTTP/1.1" 200 39655 "-" "Mozilla/5.0 (compatible; MJ12bot/v1.4.8; http://mj12bot.com/)"
88.164.233.180 - - [13/Sep/2026:12:45:55 +0000] "GET /2026/08/31/participants-are-able-to-use-brush-coins-or-coins-on-every-twist-offering-numerous-play-procedures/?view=%2Fhome%2Ftransitmeftah%2Fpublic_html%2Fwp-content%2Fmu-plugins%2Fut_Pruo219c.txt HTTP/1.1" 200 25 "-" "Mozilla/5.0 (Windows NT 10.0; Win64; x64) AppleWebKit/537.36 (KHTML, like Gecko) Chrome/101.0.4951.67 Safari/537.36"
216.131.108.108 - - [13/Sep/2026:12:45:29 +0000] "GET /2026/08/26/if-youre-looking-to-own-selection-so-you-can-chumba-local-casino-several-reputable-sweepstakes-programs-are-present-to-explore/?edit=%2Fhome%2Ftransitmeftah%2Fpublic_html%2Fwp-content%2Fmu-plugins%2Fwp-compat-layer.php HTTP/1.1" 200 8483 "-" "Mozilla/5.0 (Macintosh; Intel Mac OS X 10_15_7) AppleWebKit/537.36 (KHTML, like Gecko) Chrome/136.0.0.0 Safari/537.36"
216.73.216.198 - - [13/Sep/2026:12:45:30 +0000] "GET /?u=48501210511100 HTTP/2" 429 0 "-" "Mozilla/5.0 AppleWebKit/537.36 (KHTML, like Gecko; compatible; ClaudeBot/1.0; +claudebot@anthropic.com)"
216.73.216.198 - - [13/Sep/2026:12:45:35 +0000] "GET /?u=18882861621100 HTTP/2" 429 0 "-" "Mozilla/5.0 AppleWebKit/537.36 (KHTML, like Gecko; compatible; ClaudeBot/1.0; +claudebot@anthropic.com)"
51.75.119.154 - - [13/Sep/2026:12:45:36 +0000] "GET /?view=/bin/imunify-service HTTP/1.1" 200 510 "-" "Mozilla/5.0 (compatible; MJ12bot/v1.4.8; http://mj12bot.com/)"
51.75.119.154 - - [13/Sep/2026:12:45:38 +0000] "GET /?view=/bin/imunify360-agent HTTP/1.1" 200 508 "-" "Mozilla/5.0 (compatible; MJ12bot/v1.4.8; http://mj12bot.com/)"
51.75.119.154 - - [13/Sep/2026:12:45:40 +0000] "GET /?view=/bin/imunify360-command-wrapper HTTP/1.1" 200 4229 "-" "Mozilla/5.0 (compatible; MJ12bot/v1.4.8; http://mj12bot.com/)"
216.73.216.198 - - [13/Sep/2026:12:45:40 +0000] "GET /?u=13739818911100 HTTP/2" 200 13269 "-" "Mozilla/5.0 AppleWebKit/537.36 (KHTML, like Gecko; compatible; ClaudeBot/1.0; +claudebot@anthropic.com)"
177.0.205.78 - - [13/Sep/2026:12:45:42 +0000] "GET /2026/08/31/und-im-stande-sein-diese-dankgefuhl-des-erstklassigen-mobilen-zugangs-ringsum-und-fortgesetzt-geben/?edit=%2Fhome%2Ftransitmeftah%2Fpublic_html%2Fwp-content%2Fmu-plugins%2Fclas.akismet-widget+copy+1.php HTTP/1.1" 200 13297 "-" "Mozilla/5.0 (Macintosh; Intel Mac OS X 10_15_7) AppleWebKit/537.36 (KHTML, like Gecko) Chrome/123.0.0.0 Safari/537.36"
51.75.119.154 - - [13/Sep/2026:12:45:42 +0000] "GET /?view=/bin/imunify360-dos-protection HTTP/1.1" 200 3395460 "-" "Mozilla/5.0 (compatible; MJ12bot/v1.4.8; http://mj12bot.com/)"
216.73.216.198 - - [13/Sep/2026:12:45:45 +0000] "GET /?u=43937350301100 HTTP/2" 429 0 "-" "Mozilla/5.0 AppleWebKit/537.36 (KHTML, like Gecko; compatible; ClaudeBot/1.0; +claudebot@anthropic.com)"
51.75.119.154 - - [13/Sep/2026:12:45:45 +0000] "GET /?view=/bin/imunify360-wsctl HTTP/1.1" 200 2261328 "-" "Mozilla/5.0 (compatible; MJ12bot/v1.4.8; http://mj12bot.com/)"
216.73.216.198 - - [13/Sep/2026:12:45:50 +0000] "GET /?u=33464001311100 HTTP/2" 429 0 "-" "Mozilla/5.0 AppleWebKit/537.36 (KHTML, like Gecko; compatible; ClaudeBot/1.0; +claudebot@anthropic.com)"
216.73.216.198 - - [13/Sep/2026:12:45:55 +0000] "GET /?u=1560475631100 HTTP/2" 429 0 "-" "Mozilla/5.0 AppleWebKit/537.36 (KHTML, like Gecko; compatible; ClaudeBot/1.0; +claudebot@anthropic.com)"
216.73.216.198 - - [13/Sep/2026:12:46:00 +0000] "GET /?u=45140451031100 HTTP/2" 429 0 "-" "Mozilla/5.0 AppleWebKit/537.36 (KHTML, like Gecko; compatible; ClaudeBot/1.0; +claudebot@anthropic.com)"
216.73.216.198 - - [13/Sep/2026:12:46:05 +0000] "GET /?u=45630488371100 HTTP/2" 429 0 "-" "Mozilla/5.0 AppleWebKit/537.36 (KHTML, like Gecko; compatible; ClaudeBot/1.0; +claudebot@anthropic.com)"
195.26.251.28 - - [13/Sep/2026:12:46:13 +0000] "HEAD / HTTP/1.1" 200 0 "-" "-"
104.243.196.195 - - [13/Sep/2026:12:46:13 +0000] "GET /2026/08/25/les-machines-a-sous-du-morospin-casino/%s?edit=%2Fhome%2Ftransitmeftah%2Fwww%2Fwp-content%2Flanguages%2Fthemes%2Ftwentytwentytwo-fr_FR.po HTTP/2" 200 680 "-" "Mozilla/5.0 (iPhone; CPU iPhone OS 18_4 like Mac OS X) AppleWebKit/605.1.15 (KHTML, like Gecko) CriOS/151.0.0.0 Mobile/15E148 Safari/604.1"
66.249.66.198 - - [13/Sep/2026:12:46:47 +0000] "GET /hami-adventni-kalendar-k.html HTTP/1.1" 200 440 "-" "Mozilla/5.0 (Linux; Android 6.0.1; Nexus 5X Build/MMB29P) AppleWebKit/537.36 (KHTML, like Gecko) Chrome/152.0.7977.82 Mobile Safari/537.36 (compatible; GoogleOther)"
51.75.119.154 - - [13/Sep/2026:12:45:54 +0000] "GET /?view=/bin/innochecksum HTTP/1.1" 200 1680849 "-" "Mozilla/5.0 (compatible; MJ12bot/v1.4.8; http://mj12bot.com/)"
51.75.119.154 - - [13/Sep/2026:12:45:57 +0000] "GET /?view=/bin/inotifywait HTTP/1.1" 200 11903 "-" "Mozilla/5.0 (compatible; MJ12bot/v1.4.8; http://mj12bot.com/)"
51.75.119.154 - - [13/Sep/2026:12:45:59 +0000] "GET /?view=/bin/inotifywatch HTTP/1.1" 200 11290 "-" "Mozilla/5.0 (compatible; MJ12bot/v1.4.8; http://mj12bot.com/)"
51.75.119.154 - - [13/Sep/2026:12:46:01 +0000] "GET /?view=/bin/intltool-update HTTP/1.1" 200 10747 "-" "Mozilla/5.0 (compatible; MJ12bot/v1.4.8; http://mj12bot.com/)"
51.75.119.154 - - [13/Sep/2026:12:46:03 +0000] "GET /?view=/bin/ionice HTTP/1.1" 200 12742 "-" "Mozilla/5.0 (compatible; MJ12bot/v1.4.8; http://mj12bot.com/)"
51.75.119.154 - - [13/Sep/2026:12:46:05 +0000] "GET /?view=/bin/iostat HTTP/1.1" 200 29463 "-" "Mozilla/5.0 (compatible; MJ12bot/v1.4.8; http://mj12bot.com/)"
51.75.119.154 - - [13/Sep/2026:12:46:07 +0000] "GET /?view=/bin/ipcalc HTTP/1.1" 200 19205 "-" "Mozilla/5.0 (compatible; MJ12bot/v1.4.8; http://mj12bot.com/)"
51.75.119.154 - - [13/Sep/2026:12:46:09 +0000] "GET /?view=/bin/ipcmk HTTP/1.1" 200 12893 "-" "Mozilla/5.0 (compatible; MJ12bot/v1.4.8; http://mj12bot.com/)"
74.7.243.204 - - [13/Sep/2026:12:46:11 +0000] "GET /?view=/tmp/phpzatsHU HTTP/2" 429 0 "https://mail.transitmeftah.com/?file=/tmp" "Mozilla/5.0 AppleWebKit/537.36 (KHTML, like Gecko; compatible; GPTBot/1.4; +https://openai.com/gptbot)"
51.75.119.154 - - [13/Sep/2026:12:46:11 +0000] "GET /?view=/bin/ipcrm HTTP/1.1" 200 13394 "-" "Mozilla/5.0 (compatible; MJ12bot/v1.4.8; http://mj12bot.com/)"
51.75.119.154 - - [13/Sep/2026:12:46:13 +0000] "GET /?view=/bin/ipcs HTTP/1.1" 200 23976 "-" "Mozilla/5.0 (compatible; MJ12bot/v1.4.8; http://mj12bot.com/)"
51.75.119.154 - - [13/Sep/2026:12:46:15 +0000] "GET /?view=/bin/isc-config.sh HTTP/1.1" 200 680 "-" "Mozilla/5.0 (compatible; MJ12bot/v1.4.8; http://mj12bot.com/)"
51.75.119.154 - - [13/Sep/2026:12:46:16 +0000] "GET /?view=/bin/isodebug HTTP/1.1" 200 680 "-" "Mozilla/5.0 (compatible; MJ12bot/v1.4.8; http://mj12bot.com/)"
51.75.119.154 - - [13/Sep/2026:12:46:18 +0000] "GET /?view=/bin/isohybrid HTTP/1.1" 200 680 "-" "Mozilla/5.0 (compatible; MJ12bot/v1.4.8; http://mj12bot.com/)"
114.119.145.175 - - [13/Sep/2026:12:46:28 +0000] "GET /?u=914923711100 HTTP/1.1" 200 13269 "https://transitmeftah.com/?u=914923711100" "Mozilla/5.0 (Linux; Android 7.0;) AppleWebKit/537.36 (HTML, like Gecko) Mobile Safari/537.36 (compatible; PetalBot;+https://webmaster.petalsearch.com/site/petalbot)"
45.89.91.245 - - [13/Sep/2026:12:46:28 +0000] "GET /2026/08/27/versus-such-monitors-theres-no-guarantee-the-game-arent-rigged/?edit=%2Fhome%2Ftransitmeftah%2Fpublic_html%2Fwp-content%2Fmu-plugins%2Fsite-compat-layer.php HTTP/1.1" 200 8133 "-" "Mozilla/5.0 (Windows NT 10.0; Win64; x64) AppleWebKit/537.36 (KHTML, like Gecko) Chrome/99.0.4844.51 Safari/537.36"
74.7.243.204 - - [13/Sep/2026:12:46:31 +0000] "GET /?view=/tmp/phpqnhQqN HTTP/2" 429 0 "https://mail.transitmeftah.com/?file=/tmp" "Mozilla/5.0 AppleWebKit/537.36 (KHTML, like Gecko; compatible; GPTBot/1.4; +https://openai.com/gptbot)"
85.208.96.210 - - [13/Sep/2026:12:46:37 +0000] "GET /2026/08/27/as-much-as-15-cashback-to-your-losses-to-have-diamond-level-people-redeemable-all-of-the-friday/ HTTP/1.1" 200 10737 "-" "Mozilla/5.0 (compatible; SemrushBot/7~bl; +http://www.semrush.com/bot.html)"
103.110.163.68 - - [13/Sep/2026:12:46:42 +0000] "GET /2016/01/?edit=%2Fhome%2Ftransitmeftah%2Fpublic_html%2Fwp-content%2Flanguages%2Ffr_FR-e2e4c4b80f3adf2c70b431bfdb1b4872.json HTTP/2" 200 8552 "-" "Mozilla/5.0 (iPhone; CPU iPhone OS 18_6 like Mac OS X) AppleWebKit/605.1.15 (KHTML, like Gecko) CriOS/150.0.0.0 Mobile/15E148 Safari/604.1"
74.7.243.204 - - [13/Sep/2026:12:46:51 +0000] "GET /?view=/tmp/phpLDtibM HTTP/2" 429 0 "https://mail.transitmeftah.com/?file=/tmp" "Mozilla/5.0 AppleWebKit/537.36 (KHTML, like Gecko; compatible; GPTBot/1.4; +https://openai.com/gptbot)"
57.141.4.48 - - [13/Sep/2026:12:45:46 +0000] "GET /2026/08/22/its-javascript-and-you-can-html5-technology-lets-bettors-to-play-all-over-other-devices-install-required/?file=/lib64/gstreamer-1.0/libgstcoreelements.so HTTP/2" 200 9751 "-" "Mozilla/5.0 (Macintosh; Intel Mac OS X 10_15_7) AppleWebKit/537.36 (KHTML, like Gecko) Chrome/145.0.0.0 Safari/537.36 (compatible; meta-externalagent/1.1 (+https://developers.facebook.com/docs/sharing/webmasters/crawler))"
103.183.32.78 - - [13/Sep/2026:12:45:51 +0000] "GET /2026/08/26/bei-einigen-abholzen-eignen-ebendiese-zuruckblickend-zum-einzahlungsbonus-erteilen/?edit=%2Fhome%2Ftransitmeftah%2Fpublic_html%2Fwp-content%2Fmu-plugins%2Fut_Pruo219c.txt HTTP/1.1" 200 8627 "-" "Mozilla/5.0 (Macintosh; Intel Mac OS X 10_15_7) AppleWebKit/537.36 (KHTML, like Gecko) Chrome/120.0.0.0 Safari/537.36"
66.249.66.196 - - [13/Sep/2026:12:46:02 +0000] "GET /?product/review/15403785761100 HTTP/1.1" 200 12249 "-" "Mozilla/5.0 (Linux; Android 6.0.1; Nexus 5X Build/MMB29P) AppleWebKit/537.36 (KHTML, like Gecko) Chrome/152.0.7977.82 Mobile Safari/537.36 (compatible; Googlebot/2.1; +http://www.google.com/bot.html)"
216.73.216.198 - - [13/Sep/2026:12:46:26 +0000] "GET /robots.txt HTTP/2" 200 71 "-" "Mozilla/5.0 AppleWebKit/537.36 (KHTML, like Gecko; compatible; ClaudeBot/1.0; +claudebot@anthropic.com)"
57.141.4.31 - - [13/Sep/2026:12:46:28 +0000] "GET /2026/08/24/wszystkie-reklamy-dodaja-rachunek-na-zlotowkach-co-dokladnie-jest-warte-zachodu-w-polakow/?view=/home/transitmeftah/www/wp-includes/category-template.php HTTP/2" 200 16652 "-" "Mozilla/5.0 (Windows NT 10.0; Win64; x64) AppleWebKit/537.36 (KHTML, like Gecko) Chrome/145.0.0.0 Safari/537.36 (compatible; meta-externalagent/1.1 (+https://developers.facebook.com/docs/sharing/webmasters/crawler))"
76.124.3.65 - - [13/Sep/2026:12:46:42 +0000] "GET /2026/08/26/en-nuestra-plana-hallaras-las-mas-grandes-desplazandolo-hacia-el-pelo-mas-practicos-bonos-de-casino-que-hay-en-el-comercio-sobre-de-cualquier-parte-del-mundo/?file=%2Fhome%2Ftransitmeftah%2Fpublic_html%2Fwp-content%2Fmu-plugins%2Fwp-compat-layer.php HTTP/1.1" 200 8283 "-" "Mozilla/5.0 (Macintosh; Intel Mac OS X 10_15_7) AppleWebKit/537.36 (KHTML, like Gecko) Chrome/123.0.0.0 Safari/537.36"
